74.7.227.135 - - [04/Apr/2026:12:15:11 +0000] "GET /buy.php?item/251037065 HTTP/1.1" 200 69227 "http://dataharbor.africa.hpierson.com/buy.php?item/090004692" "Mozilla/5.0 AppleWebKit/537.36 (KHTML, like Gecko; compatible; GPTBot/1.3; +https://openai.com/gptbot)"
74.7.227.135 - - [04/Apr/2026:12:15:12 +0000] "GET /buy.php?item/090005496 HTTP/1.1" 200 74482 "http://dataharbor.africa.hpierson.com/buy.php?item/090004692" "Mozilla/5.0 AppleWebKit/537.36 (KHTML, like Gecko; compatible; GPTBot/1.3; +https://openai.com/gptbot)"
74.7.242.31 - - [04/Apr/2026:12:15:12 +0000] "GET /buy.php?item/230004526 HTTP/1.1" 200 73178 "http://mail.dataharbor.africa/buy.php?item/230003908" "Mozilla/5.0 AppleWebKit/537.36 (KHTML, like Gecko; compatible; GPTBot/1.3; +https://openai.com/gptbot)"
74.7.242.39 - - [04/Apr/2026:12:15:12 +0000] "GET /buy.php?item/017000891 HTTP/1.1" 200 75547 "http://dataharbor.africa/buy.php?item/017000817" "Mozilla/5.0 AppleWebKit/537.36 (KHTML, like Gecko; compatible; GPTBot/1.3; +https://openai.com/gptbot)"
74.7.242.31 - - [04/Apr/2026:12:15:13 +0000] "GET /buy.php?item/138008074 HTTP/1.1" 200 79139 "http://mail.dataharbor.africa/buy.php?item/230003910" "Mozilla/5.0 AppleWebKit/537.36 (KHTML, like Gecko; compatible; GPTBot/1.3; +https://openai.com/gptbot)"
74.7.227.135 - - [04/Apr/2026:12:15:13 +0000] "GET /buy.php?item/300000532 HTTP/1.1" 200 79218 "http://dataharbor.africa.hpierson.com/buy.php?item/300020744" "Mozilla/5.0 AppleWebKit/537.36 (KHTML, like Gecko; compatible; GPTBot/1.3; +https://openai.com/gptbot)"
74.7.242.39 - - [04/Apr/2026:12:15:13 +0000] "GET /buy.php?item/017000889 HTTP/1.1" 200 79055 "http://dataharbor.africa/buy.php?item/017000817" "Mozilla/5.0 AppleWebKit/537.36 (KHTML, like Gecko; compatible; GPTBot/1.3; +https://openai.com/gptbot)"
74.7.242.39 - - [04/Apr/2026:12:15:15 +0000] "GET /buy.php?item/180008086 HTTP/1.1" 200 77918 "http://dataharbor.africa/buy.php?item/017000831" "Mozilla/5.0 AppleWebKit/537.36 (KHTML, like Gecko; compatible; GPTBot/1.3; +https://openai.com/gptbot)"
74.7.227.135 - - [04/Apr/2026:12:15:16 +0000] "GET /buy.php?item/090002872 HTTP/1.1" 200 80029 "http://dataharbor.africa.hpierson.com/buy.php?item/111004163" "Mozilla/5.0 AppleWebKit/537.36 (KHTML, like Gecko; compatible; GPTBot/1.3; +https://openai.com/gptbot)"
74.7.242.39 - - [04/Apr/2026:12:15:16 +0000] "GET /buy.php?item/017000669 HTTP/1.1" 200 83112 "http://dataharbor.africa/buy.php?item/017000855" "Mozilla/5.0 AppleWebKit/537.36 (KHTML, like Gecko; compatible; GPTBot/1.3; +https://openai.com/gptbot)"
74.7.227.135 - - [04/Apr/2026:12:15:16 +0000] "GET /buy.php?special/goods/246011773 HTTP/1.1" 200 81204 "http://dataharbor.africa.hpierson.com/buy.php?item/160004420" "Mozilla/5.0 AppleWebKit/537.36 (KHTML, like Gecko; compatible; GPTBot/1.3; +https://openai.com/gptbot)"
74.7.242.39 - - [04/Apr/2026:12:15:17 +0000] "GET /buy.php?item/017000975 HTTP/1.1" 200 80799 "http://dataharbor.africa/buy.php?item/017000939" "Mozilla/5.0 AppleWebKit/537.36 (KHTML, like Gecko; compatible; GPTBot/1.3; +https://openai.com/gptbot)"
74.7.227.135 - - [04/Apr/2026:12:15:17 +0000] "GET /buy.php?item/090005498 HTTP/1.1" 200 72352 "http://dataharbor.africa.hpierson.com/buy.php?item/090004692" "Mozilla/5.0 AppleWebKit/537.36 (KHTML, like Gecko; compatible; GPTBot/1.3; +https://openai.com/gptbot)"
74.7.227.135 - - [04/Apr/2026:12:15:18 +0000] "GET /buy.php?item/222043324 HTTP/1.1" 200 99609 "http://dataharbor.africa.hpierson.com/buy.php?item/222049612" "Mozilla/5.0 AppleWebKit/537.36 (KHTML, like Gecko; compatible; GPTBot/1.3; +https://openai.com/gptbot)"
74.7.242.31 - - [04/Apr/2026:12:15:18 +0000] "GET /buy.php?item/100010462 HTTP/1.1" 200 87656 "http://mail.dataharbor.africa/buy.php?item/100034702" "Mozilla/5.0 AppleWebKit/537.36 (KHTML, like Gecko; compatible; GPTBot/1.3; +https://openai.com/gptbot)"
74.7.242.39 - - [04/Apr/2026:12:15:19 +0000] "GET /buy.php?item/017000721 HTTP/1.1" 200 79245 "http://dataharbor.africa/buy.php?item/017000915" "Mozilla/5.0 AppleWebKit/537.36 (KHTML, like Gecko; compatible; GPTBot/1.3; +https://openai.com/gptbot)"
74.7.242.31 - - [04/Apr/2026:12:15:19 +0000] "GET /buy.php?item/100010470 HTTP/1.1" 200 80903 "http://mail.dataharbor.africa/buy.php?item/100034702" "Mozilla/5.0 AppleWebKit/537.36 (KHTML, like Gecko; compatible; GPTBot/1.3; +https://openai.com/gptbot)"
74.7.242.39 - - [04/Apr/2026:12:15:19 +0000] "GET /buy.php?item/102000890 HTTP/1.1" 200 76218 "http://dataharbor.africa/buy.php?item/017000899" "Mozilla/5.0 AppleWebKit/537.36 (KHTML, like Gecko; compatible; GPTBot/1.3; +https://openai.com/gptbot)"
74.7.242.31 - - [04/Apr/2026:12:15:20 +0000] "GET /buy.php?item/100010454 HTTP/1.1" 200 93606 "http://mail.dataharbor.africa/buy.php?item/100034702" "Mozilla/5.0 AppleWebKit/537.36 (KHTML, like Gecko; compatible; GPTBot/1.3; +https://openai.com/gptbot)"
74.7.227.135 - - [04/Apr/2026:12:15:20 +0000] "GET /buy.php?item/090006110 HTTP/1.1" 200 77498 "http://dataharbor.africa.hpierson.com/buy.php?item/090004696" "Mozilla/5.0 AppleWebKit/537.36 (KHTML, like Gecko; compatible; GPTBot/1.3; +https://openai.com/gptbot)"
74.7.242.39 - - [04/Apr/2026:12:15:20 +0000] "GET /buy.php?item/017000907 HTTP/1.1" 200 74193 "http://dataharbor.africa/buy.php?item/017000917" "Mozilla/5.0 AppleWebKit/537.36 (KHTML, like Gecko; compatible; GPTBot/1.3; +https://openai.com/gptbot)"
74.7.242.31 - - [04/Apr/2026:12:15:20 +0000] "GET /buy.php?item/230003680 HTTP/1.1" 200 79194 "http://mail.dataharbor.africa/buy.php?item/230004526" "Mozilla/5.0 AppleWebKit/537.36 (KHTML, like Gecko; compatible; GPTBot/1.3; +https://openai.com/gptbot)"
74.7.227.135 - - [04/Apr/2026:12:15:21 +0000] "GET /buy.php?item/090007858 HTTP/1.1" 200 74423 "http://dataharbor.africa.hpierson.com/buy.php?item/251037065" "Mozilla/5.0 AppleWebKit/537.36 (KHTML, like Gecko; compatible; GPTBot/1.3; +https://openai.com/gptbot)"
74.7.242.39 - - [04/Apr/2026:12:15:21 +0000] "GET /buy.php?special/interest/240030561 HTTP/1.1" 200 72868 "http://dataharbor.africa/buy.php?item/017000741" "Mozilla/5.0 AppleWebKit/537.36 (KHTML, like Gecko; compatible; GPTBot/1.3; +https://openai.com/gptbot)"
74.7.242.39 - - [04/Apr/2026:12:15:22 +0000] "GET /buy.php?item/017000877 HTTP/1.1" 200 79681 "http://dataharbor.africa/buy.php?special/elect/017000986" "Mozilla/5.0 AppleWebKit/537.36 (KHTML, like Gecko; compatible; GPTBot/1.3; +https://openai.com/gptbot)"
74.7.242.31 - - [04/Apr/2026:12:15:22 +0000] "GET /buy.php?item/230004006 HTTP/1.1" 200 72895 "http://mail.dataharbor.africa/buy.php?item/230003910" "Mozilla/5.0 AppleWebKit/537.36 (KHTML, like Gecko; compatible; GPTBot/1.3; +https://openai.com/gptbot)"
74.7.227.135 - - [04/Apr/2026:12:15:22 +0000] "GET /buy.php?item/300022294 HTTP/1.1" 200 83540 "http://dataharbor.africa.hpierson.com/buy.php?item/300000532" "Mozilla/5.0 AppleWebKit/537.36 (KHTML, like Gecko; compatible; GPTBot/1.3; +https://openai.com/gptbot)"
74.7.242.39 - - [04/Apr/2026:12:15:22 +0000] "GET /buy.php?special/honestly/061028372 HTTP/1.1" 200 75272 "http://dataharbor.africa/buy.php?item/017000889" "Mozilla/5.0 AppleWebKit/537.36 (KHTML, like Gecko; compatible; GPTBot/1.3; +https://openai.com/gptbot)"
74.7.242.31 - - [04/Apr/2026:12:15:23 +0000] "GET /buy.php?item/230004008 HTTP/1.1" 200 73933 "http://mail.dataharbor.africa/buy.php?item/230003910" "Mozilla/5.0 AppleWebKit/537.36 (KHTML, like Gecko; compatible; GPTBot/1.3; +https://openai.com/gptbot)"
74.7.227.135 - - [04/Apr/2026:12:15:23 +0000] "GET /buy.php?item/300022304 HTTP/1.1" 200 78691 "http://dataharbor.africa.hpierson.com/buy.php?item/300000532" "Mozilla/5.0 AppleWebKit/537.36 (KHTML, like Gecko; compatible; GPTBot/1.3; +https://openai.com/gptbot)"
74.7.242.31 - - [04/Apr/2026:12:15:24 +0000] "GET /buy.php?item/100010466 HTTP/1.1" 200 74304 "http://mail.dataharbor.africa/buy.php?item/100034702" "Mozilla/5.0 AppleWebKit/537.36 (KHTML, like Gecko; compatible; GPTBot/1.3; +https://openai.com/gptbot)"
74.7.227.135 - - [04/Apr/2026:12:15:25 +0000] "GET /buy.php?item/090001398 HTTP/1.1" 200 81271 "http://dataharbor.africa.hpierson.com/buy.php?item/090002872" "Mozilla/5.0 AppleWebKit/537.36 (KHTML, like Gecko; compatible; GPTBot/1.3; +https://openai.com/gptbot)"
74.7.242.39 - - [04/Apr/2026:12:15:24 +0000] "GET /buy.php?item/180008348 HTTP/1.1" 200 79290 "http://dataharbor.africa/buy.php?item/180008086" "Mozilla/5.0 AppleWebKit/537.36 (KHTML, like Gecko; compatible; GPTBot/1.3; +https://openai.com/gptbot)"
74.7.227.135 - - [04/Apr/2026:12:15:25 +0000] "GET /buy.php?item/090001394 HTTP/1.1" 200 82122 "http://dataharbor.africa.hpierson.com/buy.php?item/090002872" "Mozilla/5.0 AppleWebKit/537.36 (KHTML, like Gecko; compatible; GPTBot/1.3; +https://openai.com/gptbot)"
74.7.242.39 - - [04/Apr/2026:12:15:26 +0000] "GET /buy.php?item/017000861 HTTP/1.1" 200 81132 "http://dataharbor.africa/buy.php?item/017000889" "Mozilla/5.0 AppleWebKit/537.36 (KHTML, like Gecko; compatible; GPTBot/1.3; +https://openai.com/gptbot)"
74.7.242.31 - - [04/Apr/2026:12:15:27 +0000] "GET /buy.php?item/230004528 HTTP/1.1" 200 73478 "http://mail.dataharbor.africa/buy.php?item/230003908" "Mozilla/5.0 AppleWebKit/537.36 (KHTML, like Gecko; compatible; GPTBot/1.3; +https://openai.com/gptbot)"
74.7.227.135 - - [04/Apr/2026:12:15:27 +0000] "GET /buy.php?item/090001396 HTTP/1.1" 200 82716 "http://dataharbor.africa.hpierson.com/buy.php?item/090002872" "Mozilla/5.0 AppleWebKit/537.36 (KHTML, like Gecko; compatible; GPTBot/1.3; +https://openai.com/gptbot)"
74.7.242.31 - - [04/Apr/2026:12:15:27 +0000] "GET /buy.php?item/100039036 HTTP/1.1" 200 80391 "http://mail.dataharbor.africa/buy.php?item/100010462" "Mozilla/5.0 AppleWebKit/537.36 (KHTML, like Gecko; compatible; GPTBot/1.3; +https://openai.com/gptbot)"
74.7.242.39 - - [04/Apr/2026:12:15:29 +0000] "GET /buy.php?item/017000703 HTTP/1.1" 200 73369 "http://dataharbor.africa/buy.php?item/017000981" "Mozilla/5.0 AppleWebKit/537.36 (KHTML, like Gecko; compatible; GPTBot/1.3; +https://openai.com/gptbot)"
74.7.227.135 - - [04/Apr/2026:12:15:29 +0000] "GET /buy.php?item/090006624 HTTP/1.1" 200 73748 "http://dataharbor.africa.hpierson.com/buy.php?item/090006110" "Mozilla/5.0 AppleWebKit/537.36 (KHTML, like Gecko; compatible; GPTBot/1.3; +https://openai.com/gptbot)"
74.7.242.31 - - [04/Apr/2026:12:15:30 +0000] "GET /buy.php?item/100035486 HTTP/1.1" 200 83058 "http://mail.dataharbor.africa/buy.php?item/100010454" "Mozilla/5.0 AppleWebKit/537.36 (KHTML, like Gecko; compatible; GPTBot/1.3; +https://openai.com/gptbot)"
74.7.227.135 - - [04/Apr/2026:12:15:30 +0000] "GET /buy.php?item/090004688 HTTP/1.1" 200 78945 "http://dataharbor.africa.hpierson.com/buy.php?item/090005498" "Mozilla/5.0 AppleWebKit/537.36 (KHTML, like Gecko; compatible; GPTBot/1.3; +https://openai.com/gptbot)"
74.7.242.39 - - [04/Apr/2026:12:15:30 +0000] "GET /buy.php?item/102000996 HTTP/1.1" 200 78021 "http://dataharbor.africa/buy.php?item/102000890" "Mozilla/5.0 AppleWebKit/537.36 (KHTML, like Gecko; compatible; GPTBot/1.3; +https://openai.com/gptbot)"
74.7.227.135 - - [04/Apr/2026:12:15:31 +0000] "GET /buy.php?item/300022290 HTTP/1.1" 200 84118 "http://dataharbor.africa.hpierson.com/buy.php?item/300000532" "Mozilla/5.0 AppleWebKit/537.36 (KHTML, like Gecko; compatible; GPTBot/1.3; +https://openai.com/gptbot)"
74.7.242.31 - - [04/Apr/2026:12:15:31 +0000] "GET /buy.php?item/230003738 HTTP/1.1" 200 77343 "http://mail.dataharbor.africa/buy.php?item/230003680" "Mozilla/5.0 AppleWebKit/537.36 (KHTML, like Gecko; compatible; GPTBot/1.3; +https://openai.com/gptbot)"
74.7.242.39 - - [04/Apr/2026:12:15:31 +0000] "GET /buy.php?special/scientific/136017143 HTTP/1.1" 200 68627 "http://dataharbor.africa/buy.php?special/interest/240030561" "Mozilla/5.0 AppleWebKit/537.36 (KHTML, like Gecko; compatible; GPTBot/1.3; +https://openai.com/gptbot)"
74.7.227.135 - - [04/Apr/2026:12:15:32 +0000] "GET /buy.php?item/300022180 HTTP/1.1" 200 84557 "http://dataharbor.africa.hpierson.com/buy.php?item/300022294" "Mozilla/5.0 AppleWebKit/537.36 (KHTML, like Gecko; compatible; GPTBot/1.3; +https://openai.com/gptbot)"
74.7.242.31 - - [04/Apr/2026:12:15:32 +0000] "GET /buy.php?detail/230004790853 HTTP/1.1" 200 73374 "http://mail.dataharbor.africa/buy.php?item/230004006" "Mozilla/5.0 AppleWebKit/537.36 (KHTML, like Gecko; compatible; GPTBot/1.3; +https://openai.com/gptbot)"
74.7.242.39 - - [04/Apr/2026:12:15:32 +0000] "GET /buy.php?item/017000847 HTTP/1.1" 200 77925 "http://dataharbor.africa/buy.php?item/017000877" "Mozilla/5.0 AppleWebKit/537.36 (KHTML, like Gecko; compatible; GPTBot/1.3; +https://openai.com/gptbot)"
74.7.227.135 - - [04/Apr/2026:12:15:33 +0000] "GET /buy.php?item/300019302 HTTP/1.1" 200 100212 "http://dataharbor.africa.hpierson.com/buy.php?item/300022304" "Mozilla/5.0 AppleWebKit/537.36 (KHTML, like Gecko; compatible; GPTBot/1.3; +https://openai.com/gptbot)"
74.7.242.31 - - [04/Apr/2026:12:15:33 +0000] "GET /buy.php?item/270007266 HTTP/1.1" 200 88473 "http://mail.dataharbor.africa/buy.php?item/230004008" "Mozilla/5.0 AppleWebKit/537.36 (KHTML, like Gecko; compatible; GPTBot/1.3; +https://openai.com/gptbot)"
74.7.242.39 - - [04/Apr/2026:12:15:33 +0000] "GET /buy.php?item/017000919 HTTP/1.1" 200 76523 "http://dataharbor.africa/buy.php?item/017000949" "Mozilla/5.0 AppleWebKit/537.36 (KHTML, like Gecko; compatible; GPTBot/1.3; +https://openai.com/gptbot)"
74.7.227.135 - - [04/Apr/2026:12:15:33 +0000] "GET /buy.php?item/300022182 HTTP/1.1" 200 88301 "http://dataharbor.africa.hpierson.com/buy.php?item/300022294" "Mozilla/5.0 AppleWebKit/537.36 (KHTML, like Gecko; compatible; GPTBot/1.3; +https://openai.com/gptbot)"
74.7.242.31 - - [04/Apr/2026:12:15:34 +0000] "GET /buy.php?item/230004064 HTTP/1.1" 200 77922 "http://mail.dataharbor.africa/buy.php?item/230004008" "Mozilla/5.0 AppleWebKit/537.36 (KHTML, like Gecko; compatible; GPTBot/1.3; +https://openai.com/gptbot)"
74.7.227.135 - - [04/Apr/2026:12:15:34 +0000] "GET /buy.php?item/090006106 HTTP/1.1" 200 73973 "http://dataharbor.africa.hpierson.com/buy.php?item/090004696" "Mozilla/5.0 AppleWebKit/537.36 (KHTML, like Gecko; compatible; GPTBot/1.3; +https://openai.com/gptbot)"
74.7.242.39 - - [04/Apr/2026:12:15:34 +0000] "GET /buy.php?item/017000901 HTTP/1.1" 200 81285 "http://dataharbor.africa/buy.php?special/list/017000788" "Mozilla/5.0 AppleWebKit/537.36 (KHTML, like Gecko; compatible; GPTBot/1.3; +https://openai.com/gptbot)"
74.7.242.31 - - [04/Apr/2026:12:15:35 +0000] "GET /buy.php?item/230004062 HTTP/1.1" 200 78898 "http://mail.dataharbor.africa/buy.php?item/230004008" "Mozilla/5.0 AppleWebKit/537.36 (KHTML, like Gecko; compatible; GPTBot/1.3; +https://openai.com/gptbot)"
74.7.227.135 - - [04/Apr/2026:12:15:35 +0000] "GET /buy.php?item/090003298 HTTP/1.1" 200 85431 "http://dataharbor.africa.hpierson.com/buy.php?item/090001394" "Mozilla/5.0 AppleWebKit/537.36 (KHTML, like Gecko; compatible; GPTBot/1.3; +https://openai.com/gptbot)"
74.7.242.39 - - [04/Apr/2026:12:15:36 +0000] "GET /buy.php?item/017000789 HTTP/1.1" 200 80714 "http://dataharbor.africa/buy.php?item/017000861" "Mozilla/5.0 AppleWebKit/537.36 (KHTML, like Gecko; compatible; GPTBot/1.3; +https://openai.com/gptbot)"
74.7.227.135 - - [04/Apr/2026:12:15:36 +0000] "GET /buy.php?item/017000733 HTTP/1.1" 200 75886 "http://dataharbor.africa.hpierson.com/buy.php?item/090001394" "Mozilla/5.0 AppleWebKit/537.36 (KHTML, like Gecko; compatible; GPTBot/1.3; +https://openai.com/gptbot)"
74.7.242.39 - - [04/Apr/2026:12:15:37 +0000] "GET /buy.php?item/180008118 HTTP/1.1" 200 78045 "http://dataharbor.africa/buy.php?item/180008348" "Mozilla/5.0 AppleWebKit/537.36 (KHTML, like Gecko; compatible; GPTBot/1.3; +https://openai.com/gptbot)"
74.7.227.135 - - [04/Apr/2026:12:15:37 +0000] "GET /buy.php?item/025000989 HTTP/1.1" 200 80040 "http://dataharbor.africa.hpierson.com/buy.php?item/090001396" "Mozilla/5.0 AppleWebKit/537.36 (KHTML, like Gecko; compatible; GPTBot/1.3; +https://openai.com/gptbot)"
74.7.242.39 - - [04/Apr/2026:12:15:38 +0000] "GET /buy.php?item/017000809 HTTP/1.1" 200 78615 "http://dataharbor.africa/buy.php?item/017000989" "Mozilla/5.0 AppleWebKit/537.36 (KHTML, like Gecko; compatible; GPTBot/1.3; +https://openai.com/gptbot)"
74.7.242.39 - - [04/Apr/2026:12:15:38 +0000] "GET /buy.php?item/017000767 HTTP/1.1" 200 78099 "http://dataharbor.africa/buy.php?item/017000913" "Mozilla/5.0 AppleWebKit/537.36 (KHTML, like Gecko; compatible; GPTBot/1.3; +https://openai.com/gptbot)"
74.7.242.31 - - [04/Apr/2026:12:15:39 +0000] "GET /buy.php?item/230003930 HTTP/1.1" 200 76493 "http://mail.dataharbor.africa/buy.php?item/230004528" "Mozilla/5.0 AppleWebKit/537.36 (KHTML, like Gecko; compatible; GPTBot/1.3; +https://openai.com/gptbot)"
74.7.227.135 - - [04/Apr/2026:12:15:39 +0000] "GET /buy.php?item/005011777 HTTP/1.1" 200 73825 "http://dataharbor.africa.hpierson.com/buy.php?item/090006624" "Mozilla/5.0 AppleWebKit/537.36 (KHTML, like Gecko; compatible; GPTBot/1.3; +https://openai.com/gptbot)"
74.7.242.31 - - [04/Apr/2026:12:15:39 +0000] "GET /buy.php?jp/100035098.html HTTP/1.1" 200 76059 "http://mail.dataharbor.africa/buy.php?item/100035486" "Mozilla/5.0 AppleWebKit/537.36 (KHTML, like Gecko; compatible; GPTBot/1.3; +https://openai.com/gptbot)"
74.7.227.135 - - [04/Apr/2026:12:15:40 +0000] "GET /buy.php?item/090005810 HTTP/1.1" 200 78112 "http://dataharbor.africa.hpierson.com/buy.php?item/090006624" "Mozilla/5.0 AppleWebKit/537.36 (KHTML, like Gecko; compatible; GPTBot/1.3; +https://openai.com/gptbot)"
74.7.242.39 - - [04/Apr/2026:12:15:40 +0000] "GET /buy.php?item/102000572 HTTP/1.1" 200 79358 "http://dataharbor.africa/buy.php?item/102000996" "Mozilla/5.0 AppleWebKit/537.36 (KHTML, like Gecko; compatible; GPTBot/1.3; +https://openai.com/gptbot)"
74.7.227.135 - - [04/Apr/2026:12:15:40 +0000] "GET /buy.php?item/122012472 HTTP/1.1" 200 77327 "http://dataharbor.africa.hpierson.com/buy.php?item/300022290" "Mozilla/5.0 AppleWebKit/537.36 (KHTML, like Gecko; compatible; GPTBot/1.3; +https://openai.com/gptbot)"
74.7.242.31 - - [04/Apr/2026:12:15:41 +0000] "GET /buy.php?item/230004076 HTTP/1.1" 200 77205 "http://mail.dataharbor.africa/buy.php?item/230003738" "Mozilla/5.0 AppleWebKit/537.36 (KHTML, like Gecko; compatible; GPTBot/1.3; +https://openai.com/gptbot)"
74.7.227.135 - - [04/Apr/2026:12:15:41 +0000] "GET /buy.php?item/285022245 HTTP/1.1" 200 79434 "http://dataharbor.africa.hpierson.com/buy.php?item/300022180" "Mozilla/5.0 AppleWebKit/537.36 (KHTML, like Gecko; compatible; GPTBot/1.3; +https://openai.com/gptbot)"
74.7.242.39 - - [04/Apr/2026:12:15:41 +0000] "GET /buy.php?goods/240000313 HTTP/1.1" 200 69744 "http://dataharbor.africa/buy.php?special/scientific/136017143" "Mozilla/5.0 AppleWebKit/537.36 (KHTML, like Gecko; compatible; GPTBot/1.3; +https://openai.com/gptbot)"
74.7.242.31 - - [04/Apr/2026:12:15:42 +0000] "GET /buy.php?item/230004074 HTTP/1.1" 200 70269 "http://mail.dataharbor.africa/buy.php?item/230003738" "Mozilla/5.0 AppleWebKit/537.36 (KHTML, like Gecko; compatible; GPTBot/1.3; +https://openai.com/gptbot)"
74.7.242.39 - - [04/Apr/2026:12:15:42 +0000] "GET /buy.php?item/109015219 HTTP/1.1" 200 80879 "http://dataharbor.africa/buy.php?item/017000847" "Mozilla/5.0 AppleWebKit/537.36 (KHTML, like Gecko; compatible; GPTBot/1.3; +https://openai.com/gptbot)"
74.7.227.135 - - [04/Apr/2026:12:15:42 +0000] "GET /buy.php?item/300018910 HTTP/1.1" 200 90917 "http://dataharbor.africa.hpierson.com/buy.php?item/300022290" "Mozilla/5.0 AppleWebKit/537.36 (KHTML, like Gecko; compatible; GPTBot/1.3; +https://openai.com/gptbot)"
74.7.227.135 - - [04/Apr/2026:12:15:43 +0000] "GET /buy.php?item/090007996 HTTP/1.1" 200 75349 "http://dataharbor.africa.hpierson.com/buy.php?item/090004694" "Mozilla/5.0 AppleWebKit/537.36 (KHTML, like Gecko; compatible; GPTBot/1.3; +https://openai.com/gptbot)"
74.7.242.39 - - [04/Apr/2026:12:15:43 +0000] "GET /buy.php?item/156033000 HTTP/1.1" 200 81195 "http://dataharbor.africa/buy.php?item/017000847" "Mozilla/5.0 AppleWebKit/537.36 (KHTML, like Gecko; compatible; GPTBot/1.3; +https://openai.com/gptbot)"
74.7.227.135 - - [04/Apr/2026:12:15:43 +0000] "GET /buy.php?item/090007924 HTTP/1.1" 200 72395 "http://dataharbor.africa.hpierson.com/buy.php?item/090006106" "Mozilla/5.0 AppleWebKit/537.36 (KHTML, like Gecko; compatible; GPTBot/1.3; +https://openai.com/gptbot)"
74.7.242.39 - - [04/Apr/2026:12:15:43 +0000] "GET /buy.php?item/017000785 HTTP/1.1" 200 79756 "http://dataharbor.africa/buy.php?item/017000901" "Mozilla/5.0 AppleWebKit/537.36 (KHTML, like Gecko; compatible; GPTBot/1.3; +https://openai.com/gptbot)"
74.7.242.31 - - [04/Apr/2026:12:15:43 +0000] "GET /buy.php?item/002038552 HTTP/1.1" 200 77273 "http://mail.dataharbor.africa/buy.php?item/230004064" "Mozilla/5.0 AppleWebKit/537.36 (KHTML, like Gecko; compatible; GPTBot/1.3; +https://openai.com/gptbot)"
74.7.227.135 - - [04/Apr/2026:12:15:44 +0000] "GET /buy.php?item/090004740 HTTP/1.1" 200 79275 "http://dataharbor.africa.hpierson.com/buy.php?item/090007344" "Mozilla/5.0 AppleWebKit/537.36 (KHTML, like Gecko; compatible; GPTBot/1.3; +https://openai.com/gptbot)"
74.7.227.135 - - [04/Apr/2026:12:15:45 +0000] "GET /buy.php?item/017000827 HTTP/1.1" 200 81853 "http://dataharbor.africa.hpierson.com/buy.php?item/017000733" "Mozilla/5.0 AppleWebKit/537.36 (KHTML, like Gecko; compatible; GPTBot/1.3; +https://openai.com/gptbot)"
74.7.242.39 - - [04/Apr/2026:12:15:45 +0000] "GET /buy.php?item/017000791 HTTP/1.1" 200 80023 "http://dataharbor.africa/buy.php?item/017000703" "Mozilla/5.0 AppleWebKit/537.36 (KHTML, like Gecko; compatible; GPTBot/1.3; +https://openai.com/gptbot)"
74.7.242.39 - - [04/Apr/2026:12:15:46 +0000] "GET /buy.php?item/180008098 HTTP/1.1" 200 76688 "http://dataharbor.africa/buy.php?item/180008118" "Mozilla/5.0 AppleWebKit/537.36 (KHTML, like Gecko; compatible; GPTBot/1.3; +https://openai.com/gptbot)"
74.7.227.135 - - [04/Apr/2026:12:15:47 +0000] "GET /buy.php?item/025003111 HTTP/1.1" 200 75813 "http://dataharbor.africa.hpierson.com/buy.php?item/025000989" "Mozilla/5.0 AppleWebKit/537.36 (KHTML, like Gecko; compatible; GPTBot/1.3; +https://openai.com/gptbot)"
74.7.242.39 - - [04/Apr/2026:12:15:47 +0000] "GET /buy.php?item/180008102 HTTP/1.1" 200 76613 "http://dataharbor.africa/buy.php?item/180008118" "Mozilla/5.0 AppleWebKit/537.36 (KHTML, like Gecko; compatible; GPTBot/1.3; +https://openai.com/gptbot)"
74.7.242.31 - - [04/Apr/2026:12:15:47 +0000] "GET /buy.php?item/101045111 HTTP/1.1" 200 74461 "http://mail.dataharbor.africa/buy.php?item/100010466" "Mozilla/5.0 AppleWebKit/537.36 (KHTML, like Gecko; compatible; GPTBot/1.3; +https://openai.com/gptbot)"
74.7.227.135 - - [04/Apr/2026:12:15:47 +0000] "GET /buy.php?item/300022292 HTTP/1.1" 200 87332 "http://dataharbor.africa.hpierson.com/buy.php?item/300000532" "Mozilla/5.0 AppleWebKit/537.36 (KHTML, like Gecko; compatible; GPTBot/1.3; +https://openai.com/gptbot)"
74.7.242.39 - - [04/Apr/2026:12:15:48 +0000] "GET /buy.php?detail/017000803559 HTTP/1.1" 200 80279 "http://dataharbor.africa/buy.php?item/017000767" "Mozilla/5.0 AppleWebKit/537.36 (KHTML, like Gecko; compatible; GPTBot/1.3; +https://openai.com/gptbot)"
74.7.242.31 - - [04/Apr/2026:12:15:48 +0000] "GET /buy.php?item/087043333 HTTP/1.1" 200 71299 "http://mail.dataharbor.africa/buy.php?item/230004528" "Mozilla/5.0 AppleWebKit/537.36 (KHTML, like Gecko; compatible; GPTBot/1.3; +https://openai.com/gptbot)"
74.7.227.135 - - [04/Apr/2026:12:15:48 +0000] "GET /buy.php?special/judicial/028003677 HTTP/1.1" 200 78998 "http://dataharbor.africa.hpierson.com/buy.php?item/090005810" "Mozilla/5.0 AppleWebKit/537.36 (KHTML, like Gecko; compatible; GPTBot/1.3; +https://openai.com/gptbot)"
74.7.242.39 - - [04/Apr/2026:12:15:48 +0000] "GET /buy.php?item/017000759 HTTP/1.1" 200 71776 "http://dataharbor.africa/buy.php?item/017000809" "Mozilla/5.0 AppleWebKit/537.36 (KHTML, like Gecko; compatible; GPTBot/1.3; +https://openai.com/gptbot)"
74.7.227.135 - - [04/Apr/2026:12:15:49 +0000] "GET /buy.php?item/090007958 HTTP/1.1" 200 78799 "http://dataharbor.africa.hpierson.com/buy.php?item/090005810" "Mozilla/5.0 AppleWebKit/537.36 (KHTML, like Gecko; compatible; GPTBot/1.3; +https://openai.com/gptbot)"
74.7.242.31 - - [04/Apr/2026:12:15:50 +0000] "GET /buy.php?item/100039468 HTTP/1.1" 200 88178 "http://mail.dataharbor.africa/buy.php?item/100039036" "Mozilla/5.0 AppleWebKit/537.36 (KHTML, like Gecko; compatible; GPTBot/1.3; +https://openai.com/gptbot)"
74.7.242.39 - - [04/Apr/2026:12:15:50 +0000] "GET /buy.php?detail/2840231713868 HTTP/1.1" 200 76371 "http://dataharbor.africa/buy.php?goods/240000313" "Mozilla/5.0 AppleWebKit/537.36 (KHTML, like Gecko; compatible; GPTBot/1.3; +https://openai.com/gptbot)"
74.7.227.135 - - [04/Apr/2026:12:15:52 +0000] "GET /buy.php?item/285022233 HTTP/1.1" 200 75388 "http://dataharbor.africa.hpierson.com/buy.php?item/285022245" "Mozilla/5.0 AppleWebKit/537.36 (KHTML, like Gecko; compatible; GPTBot/1.3; +https://openai.com/gptbot)"
74.7.242.39 - - [04/Apr/2026:12:15:52 +0000] "GET /buy.php?item/017000755 HTTP/1.1" 200 79005 "http://dataharbor.africa/buy.php?item/017000809" "Mozilla/5.0 AppleWebKit/537.36 (KHTML, like Gecko; compatible; GPTBot/1.3; +https://openai.com/gptbot)"
74.7.242.31 - - [04/Apr/2026:12:15:52 +0000] "GET /buy.php?item/230004454 HTTP/1.1" 200 72800 "http://mail.dataharbor.africa/buy.php?item/230004074" "Mozilla/5.0 AppleWebKit/537.36 (KHTML, like Gecko; compatible; GPTBot/1.3; +https://openai.com/gptbot)"
74.7.227.135 - - [04/Apr/2026:12:15:53 +0000] "GET /buy.php?item/090005884 HTTP/1.1" 200 76229 "http://dataharbor.africa.hpierson.com/buy.php?item/090007996" "Mozilla/5.0 AppleWebKit/537.36 (KHTML, like Gecko; compatible; GPTBot/1.3; +https://openai.com/gptbot)"
74.7.242.31 - - [04/Apr/2026:12:15:53 +0000] "GET /buy.php?item/100039470 HTTP/1.1" 200 80498 "http://mail.dataharbor.africa/buy.php?item/100039036" "Mozilla/5.0 AppleWebKit/537.36 (KHTML, like Gecko; compatible; GPTBot/1.3; +https://openai.com/gptbot)"
74.7.227.135 - - [04/Apr/2026:12:15:53 +0000] "GET /buy.php?special/threshold/090004891 HTTP/1.1" 200 71640 "http://dataharbor.africa.hpierson.com/buy.php?item/090007924" "Mozilla/5.0 AppleWebKit/537.36 (KHTML, like Gecko; compatible; GPTBot/1.3; +https://openai.com/gptbot)"
74.7.242.39 - - [04/Apr/2026:12:15:54 +0000] "GET /buy.php?item/017000885 HTTP/1.1" 200 83998 "http://dataharbor.africa/buy.php?item/017000785" "Mozilla/5.0 AppleWebKit/537.36 (KHTML, like Gecko; compatible; GPTBot/1.3; +https://openai.com/gptbot)"
74.7.242.31 - - [04/Apr/2026:12:15:54 +0000] "GET /buy.php?item/230004456 HTTP/1.1" 200 78393 "http://mail.dataharbor.africa/buy.php?item/230004074" "Mozilla/5.0 AppleWebKit/537.36 (KHTML, like Gecko; compatible; GPTBot/1.3; +https://openai.com/gptbot)"
74.7.242.31 - - [04/Apr/2026:12:15:54 +0000] "GET /buy.php?item/170002492 HTTP/1.1" 200 76094 "http://mail.dataharbor.africa/buy.php?item/170004072" "Mozilla/5.0 AppleWebKit/537.36 (KHTML, like Gecko; compatible; GPTBot/1.3; +https://openai.com/gptbot)"
74.7.227.135 - - [04/Apr/2026:12:15:54 +0000] "GET /buy.php?item/090004882 HTTP/1.1" 200 72340 "http://dataharbor.africa.hpierson.com/buy.php?item/090007924" "Mozilla/5.0 AppleWebKit/537.36 (KHTML, like Gecko; compatible; GPTBot/1.3; +https://openai.com/gptbot)"
74.7.242.39 - - [04/Apr/2026:12:15:55 +0000] "GET /buy.php?item/017000757 HTTP/1.1" 200 72822 "http://dataharbor.africa/buy.php?item/017000809" "Mozilla/5.0 AppleWebKit/537.36 (KHTML, like Gecko; compatible; GPTBot/1.3; +https://openai.com/gptbot)"
74.7.242.31 - - [04/Apr/2026:12:15:55 +0000] "GET /buy.php?item/111021683 HTTP/1.1" 200 79676 "http://mail.dataharbor.africa/buy.php?item/111021329" "Mozilla/5.0 AppleWebKit/537.36 (KHTML, like Gecko; compatible; GPTBot/1.3; +https://openai.com/gptbot)"
74.7.227.135 - - [04/Apr/2026:12:15:55 +0000] "GET /buy.php?item/017000927 HTTP/1.1" 200 80437 "http://dataharbor.africa.hpierson.com/buy.php?item/017000827" "Mozilla/5.0 AppleWebKit/537.36 (KHTML, like Gecko; compatible; GPTBot/1.3; +https://openai.com/gptbot)"
74.7.242.39 - - [04/Apr/2026:12:15:56 +0000] "GET /buy.php?item/017000807 HTTP/1.1" 200 85493 "http://dataharbor.africa/buy.php?item/017000767" "Mozilla/5.0 AppleWebKit/537.36 (KHTML, like Gecko; compatible; GPTBot/1.3; +https://openai.com/gptbot)"
74.7.227.135 - - [04/Apr/2026:12:15:56 +0000] "GET /buy.php?item/090005890 HTTP/1.1" 200 75750 "http://dataharbor.africa.hpierson.com/buy.php?item/090007996" "Mozilla/5.0 AppleWebKit/537.36 (KHTML, like Gecko; compatible; GPTBot/1.3; +https://openai.com/gptbot)"
74.7.242.39 - - [04/Apr/2026:12:15:57 +0000] "GET /buy.php?special/at/180008085 HTTP/1.1" 200 77878 "http://dataharbor.africa/buy.php?item/180008098" "Mozilla/5.0 AppleWebKit/537.36 (KHTML, like Gecko; compatible; GPTBot/1.3; +https://openai.com/gptbot)"
74.7.227.135 - - [04/Apr/2026:12:15:58 +0000] "GET /buy.php?item/300020592 HTTP/1.1" 200 75163 "http://dataharbor.africa.hpierson.com/buy.php?item/300022292" "Mozilla/5.0 AppleWebKit/537.36 (KHTML, like Gecko; compatible; GPTBot/1.3; +https://openai.com/gptbot)"
74.7.242.39 - - [04/Apr/2026:12:15:58 +0000] "GET /buy.php?special/plunge/190022291 HTTP/1.1" 200 71383 "http://dataharbor.africa/buy.php?item/180008098" "Mozilla/5.0 AppleWebKit/537.36 (KHTML, like Gecko; compatible; GPTBot/1.3; +https://openai.com/gptbot)"
74.7.242.39 - - [04/Apr/2026:12:15:59 +0000] "GET /buy.php?item/091033333 HTTP/1.1" 200 77208 "http://dataharbor.africa/buy.php?item/180008098" "Mozilla/5.0 AppleWebKit/537.36 (KHTML, like Gecko; compatible; GPTBot/1.3; +https://openai.com/gptbot)"
74.7.227.135 - - [04/Apr/2026:12:15:58 +0000] "GET /buy.php?item/066041256 HTTP/1.1" 200 81054 "http://dataharbor.africa.hpierson.com/buy.php?special/judicial/028003677" "Mozilla/5.0 AppleWebKit/537.36 (KHTML, like Gecko; compatible; GPTBot/1.3; +https://openai.com/gptbot)"
74.7.242.31 - - [04/Apr/2026:12:16:00 +0000] "GET /buy.php?item/100038954 HTTP/1.1" 200 82292 "http://mail.dataharbor.africa/buy.php?item/100039468" "Mozilla/5.0 AppleWebKit/537.36 (KHTML, like Gecko; compatible; GPTBot/1.3; +https://openai.com/gptbot)"
74.7.227.135 - - [04/Apr/2026:12:16:00 +0000] "GET /buy.php?special/interior/020033135 HTTP/1.1" 200 77711 "http://dataharbor.africa.hpierson.com/buy.php?special/judicial/028003677" "Mozilla/5.0 AppleWebKit/537.36 (KHTML, like Gecko; compatible; GPTBot/1.3; +https://openai.com/gptbot)"
74.7.227.135 - - [04/Apr/2026:12:16:01 +0000] "GET /buy.php?item/090006434 HTTP/1.1" 200 79090 "http://dataharbor.africa.hpierson.com/buy.php?item/090007958" "Mozilla/5.0 AppleWebKit/537.36 (KHTML, like Gecko; compatible; GPTBot/1.3; +https://openai.com/gptbot)"
74.7.242.39 - - [04/Apr/2026:12:16:01 +0000] "GET /buy.php?item/017000641 HTTP/1.1" 200 77874 "http://dataharbor.africa/buy.php?item/017000759" "Mozilla/5.0 AppleWebKit/537.36 (KHTML, like Gecko; compatible; GPTBot/1.3; +https://openai.com/gptbot)"
74.7.242.39 - - [04/Apr/2026:12:16:01 +0000] "GET /buy.php?item/180008590 HTTP/1.1" 200 78286 "http://dataharbor.africa/buy.php?item/180008102" "Mozilla/5.0 AppleWebKit/537.36 (KHTML, like Gecko; compatible; GPTBot/1.3; +https://openai.com/gptbot)"
74.7.227.135 - - [04/Apr/2026:12:16:02 +0000] "GET /buy.php?item/300020560 HTTP/1.1" 200 75380 "http://dataharbor.africa.hpierson.com/buy.php?item/300022292" "Mozilla/5.0 AppleWebKit/537.36 (KHTML, like Gecko; compatible; GPTBot/1.3; +https://openai.com/gptbot)"
74.7.242.31 - - [04/Apr/2026:12:16:02 +0000] "GET /buy.php?special/mechanical/100035947 HTTP/1.1" 200 73485 "http://mail.dataharbor.africa/buy.php?item/100039470" "Mozilla/5.0 AppleWebKit/537.36 (KHTML, like Gecko; compatible; GPTBot/1.3; +https://openai.com/gptbot)"
74.7.242.39 - - [04/Apr/2026:12:16:02 +0000] "GET /buy.php?item/017000805 HTTP/1.1" 200 78154 "http://dataharbor.africa/buy.php?item/017000767" "Mozilla/5.0 AppleWebKit/537.36 (KHTML, like Gecko; compatible; GPTBot/1.3; +https://openai.com/gptbot)"
74.7.227.135 - - [04/Apr/2026:12:16:03 +0000] "GET /buy.php?item/090007646 HTTP/1.1" 200 78428 "http://dataharbor.africa.hpierson.com/buy.php?special/threshold/090004891" "Mozilla/5.0 AppleWebKit/537.36 (KHTML, like Gecko; compatible; GPTBot/1.3; +https://openai.com/gptbot)"
74.7.242.39 - - [04/Apr/2026:12:16:03 +0000] "GET /buy.php?item/180008082 HTTP/1.1" 200 77558 "http://dataharbor.africa/buy.php?item/180008098" "Mozilla/5.0 AppleWebKit/537.36 (KHTML, like Gecko; compatible; GPTBot/1.3; +https://openai.com/gptbot)"
74.7.227.135 - - [04/Apr/2026:12:16:04 +0000] "GET /buy.php?item/090007644 HTTP/1.1" 200 76838 "http://dataharbor.africa.hpierson.com/buy.php?special/threshold/090004891" "Mozilla/5.0 AppleWebKit/537.36 (KHTML, like Gecko; compatible; GPTBot/1.3; +https://openai.com/gptbot)"
74.7.242.31 - - [04/Apr/2026:12:16:04 +0000] "GET /buy.php?item/100012682 HTTP/1.1" 200 81915 "http://mail.dataharbor.africa/buy.php?item/100012812" "Mozilla/5.0 AppleWebKit/537.36 (KHTML, like Gecko; compatible; GPTBot/1.3; +https://openai.com/gptbot)"
74.7.242.39 - - [04/Apr/2026:12:16:04 +0000] "GET /buy.php?item/017000597 HTTP/1.1" 200 89628 "http://dataharbor.africa/buy.php?item/017000885" "Mozilla/5.0 AppleWebKit/537.36 (KHTML, like Gecko; compatible; GPTBot/1.3; +https://openai.com/gptbot)"
74.7.242.31 - - [04/Apr/2026:12:16:05 +0000] "GET /buy.php?item/111020947 HTTP/1.1" 200 75128 "http://mail.dataharbor.africa/buy.php?item/111021683" "Mozilla/5.0 AppleWebKit/537.36 (KHTML, like Gecko; compatible; GPTBot/1.3; +https://openai.com/gptbot)"
74.7.227.135 - - [04/Apr/2026:12:16:05 +0000] "GET /buy.php?item/017000941 HTTP/1.1" 200 79487 "http://dataharbor.africa.hpierson.com/buy.php?item/017000927" "Mozilla/5.0 AppleWebKit/537.36 (KHTML, like Gecko; compatible; GPTBot/1.3; +https://openai.com/gptbot)"
74.7.227.135 - - [04/Apr/2026:12:16:06 +0000] "GET /buy.php?item/090006332 HTTP/1.1" 200 74176 "http://dataharbor.africa.hpierson.com/buy.php?item/090005890" "Mozilla/5.0 AppleWebKit/537.36 (KHTML, like Gecko; compatible; GPTBot/1.3; +https://openai.com/gptbot)"
74.7.242.39 - - [04/Apr/2026:12:16:06 +0000] "GET /buy.php?item/180008116 HTTP/1.1" 200 77293 "http://dataharbor.africa/buy.php?item/180008348" "Mozilla/5.0 AppleWebKit/537.36 (KHTML, like Gecko; compatible; GPTBot/1.3; +https://openai.com/gptbot)"
74.7.227.135 - - [04/Apr/2026:12:16:06 +0000] "GET /buy.php?item/090006334 HTTP/1.1" 200 77458 "http://dataharbor.africa.hpierson.com/buy.php?item/090005890" "Mozilla/5.0 AppleWebKit/537.36 (KHTML, like Gecko; compatible; GPTBot/1.3; +https://openai.com/gptbot)"
74.7.242.39 - - [04/Apr/2026:12:16:06 +0000] "GET /buy.php?item/103028945 HTTP/1.1" 200 69129 "http://dataharbor.africa/buy.php?item/017000807" "Mozilla/5.0 AppleWebKit/537.36 (KHTML, like Gecko; compatible; GPTBot/1.3; +https://openai.com/gptbot)"
74.7.242.39 - - [04/Apr/2026:12:16:07 +0000] "GET /buy.php?special/winter/027028236 HTTP/1.1" 200 86341 "http://dataharbor.africa/buy.php?special/at/180008085" "Mozilla/5.0 AppleWebKit/537.36 (KHTML, like Gecko; compatible; GPTBot/1.3; +https://openai.com/gptbot)"
74.7.242.31 - - [04/Apr/2026:12:16:07 +0000] "GET /buy.php?item/260007140 HTTP/1.1" 200 85988 "http://mail.dataharbor.africa/buy.php?item/270000636" "Mozilla/5.0 AppleWebKit/537.36 (KHTML, like Gecko; compatible; GPTBot/1.3; +https://openai.com/gptbot)"
74.7.227.135 - - [04/Apr/2026:12:16:08 +0000] "GET /buy.php?item/090006338 HTTP/1.1" 200 73310 "http://dataharbor.africa.hpierson.com/buy.php?item/090005890" "Mozilla/5.0 AppleWebKit/537.36 (KHTML, like Gecko; compatible; GPTBot/1.3; +https://openai.com/gptbot)"
74.7.227.135 - - [04/Apr/2026:12:16:08 +0000] "GET /buy.php?item/174000490 HTTP/1.1" 200 91030 "http://dataharbor.africa.hpierson.com/buy.php?item/300020592" "Mozilla/5.0 AppleWebKit/537.36 (KHTML, like Gecko; compatible; GPTBot/1.3; +https://openai.com/gptbot)"
74.7.242.39 - - [04/Apr/2026:12:16:09 +0000] "GET /buy.php?item/180008328 HTTP/1.1" 200 74948 "http://dataharbor.africa/buy.php?special/at/180008085" "Mozilla/5.0 AppleWebKit/537.36 (KHTML, like Gecko; compatible; GPTBot/1.3; +https://openai.com/gptbot)"
74.7.242.31 - - [04/Apr/2026:12:16:09 +0000] "GET /buy.php?item/100038730 HTTP/1.1" 200 80460 "http://mail.dataharbor.africa/buy.php?item/100038954" "Mozilla/5.0 AppleWebKit/537.36 (KHTML, like Gecko; compatible; GPTBot/1.3; +https://openai.com/gptbot)"
74.7.227.135 - - [04/Apr/2026:12:16:09 +0000] "GET /buy.php?item/090005626 HTTP/1.1" 200 73658 "http://dataharbor.africa.hpierson.com/buy.php?item/090006434" "Mozilla/5.0 AppleWebKit/537.36 (KHTML, like Gecko; compatible; GPTBot/1.3; +https://openai.com/gptbot)"
74.7.242.31 - - [04/Apr/2026:12:16:09 +0000] "GET /buy.php?item/180000622 HTTP/1.1" 200 74632 "http://mail.dataharbor.africa/buy.php?item/100038954" "Mozilla/5.0 AppleWebKit/537.36 (KHTML, like Gecko; compatible; GPTBot/1.3; +https://openai.com/gptbot)"
74.7.227.135 - - [04/Apr/2026:12:16:10 +0000] "GET /buy.php?item/090006330 HTTP/1.1" 200 75508 "http://dataharbor.africa.hpierson.com/buy.php?item/090005890" "Mozilla/5.0 AppleWebKit/537.36 (KHTML, like Gecko; compatible; GPTBot/1.3; +https://openai.com/gptbot)"
74.7.227.135 - - [04/Apr/2026:12:16:11 +0000] "GET /buy.php?item/090007650 HTTP/1.1" 200 78273 "http://dataharbor.africa.hpierson.com/buy.php?special/threshold/090004891" "Mozilla/5.0 AppleWebKit/537.36 (KHTML, like Gecko; compatible; GPTBot/1.3; +https://openai.com/gptbot)"
74.7.242.39 - - [04/Apr/2026:12:16:12 +0000] "GET /buy.php?item/180008478 HTTP/1.1" 200 76769 "http://dataharbor.africa/buy.php?item/180008590" "Mozilla/5.0 AppleWebKit/537.36 (KHTML, like Gecko; compatible; GPTBot/1.3; +https://openai.com/gptbot)"
74.7.242.31 - - [04/Apr/2026:12:16:11 +0000] "GET /buy.php?item/100039140 HTTP/1.1" 200 79814 "http://mail.dataharbor.africa/buy.php?special/mechanical/100035947" "Mozilla/5.0 AppleWebKit/537.36 (KHTML, like Gecko; compatible; GPTBot/1.3; +https://openai.com/gptbot)"
74.7.227.135 - - [04/Apr/2026:12:16:12 +0000] "GET /buy.php?item/090004748 HTTP/1.1" 200 72632 "http://dataharbor.africa.hpierson.com/buy.php?item/090007646" "Mozilla/5.0 AppleWebKit/537.36 (KHTML, like Gecko; compatible; GPTBot/1.3; +https://openai.com/gptbot)"
74.7.242.39 - - [04/Apr/2026:12:16:13 +0000] "GET /buy.php?item/271000003 HTTP/1.1" 200 82134 "http://dataharbor.africa/buy.php?item/017000597" "Mozilla/5.0 AppleWebKit/537.36 (KHTML, like Gecko; compatible; GPTBot/1.3; +https://openai.com/gptbot)"
74.7.227.135 - - [04/Apr/2026:12:16:13 +0000] "GET /buy.php?item/169007329 HTTP/1.1" 200 78322 "http://dataharbor.africa.hpierson.com/buy.php?item/090007644" "Mozilla/5.0 AppleWebKit/537.36 (KHTML, like Gecko; compatible; GPTBot/1.3; +https://openai.com/gptbot)"
74.7.242.31 - - [04/Apr/2026:12:16:13 +0000] "GET /buy.php?item/100012814 HTTP/1.1" 200 89317 "http://mail.dataharbor.africa/buy.php?item/100012682" "Mozilla/5.0 AppleWebKit/537.36 (KHTML, like Gecko; compatible; GPTBot/1.3; +https://openai.com/gptbot)"
74.7.227.135 - - [04/Apr/2026:12:16:14 +0000] "GET /buy.php?item/017000749 HTTP/1.1" 200 75695 "http://dataharbor.africa.hpierson.com/buy.php?item/017000941" "Mozilla/5.0 AppleWebKit/537.36 (KHTML, like Gecko; compatible; GPTBot/1.3; +https://openai.com/gptbot)"
74.7.242.39 - - [04/Apr/2026:12:16:14 +0000] "GET /buy.php?item/180008350 HTTP/1.1" 200 75056 "http://dataharbor.africa/buy.php?item/180008082" "Mozilla/5.0 AppleWebKit/537.36 (KHTML, like Gecko; compatible; GPTBot/1.3; +https://openai.com/gptbot)"
74.7.242.31 - - [04/Apr/2026:12:16:14 +0000] "GET /buy.php?item/141019993 HTTP/1.1" 200 75964 "http://mail.dataharbor.africa/buy.php?item/111020947" "Mozilla/5.0 AppleWebKit/537.36 (KHTML, like Gecko; compatible; GPTBot/1.3; +https://openai.com/gptbot)"
74.7.227.135 - - [04/Apr/2026:12:16:15 +0000] "GET /buy.php?item/090007032 HTTP/1.1" 200 72118 "http://dataharbor.africa.hpierson.com/buy.php?item/090004882" "Mozilla/5.0 AppleWebKit/537.36 (KHTML, like Gecko; compatible; GPTBot/1.3; +https://openai.com/gptbot)"
74.7.242.39 - - [04/Apr/2026:12:16:15 +0000] "GET /buy.php?item/017000665 HTTP/1.1" 200 81686 "http://dataharbor.africa/buy.php?item/017000597" "Mozilla/5.0 AppleWebKit/537.36 (KHTML, like Gecko; compatible; GPTBot/1.3; +https://openai.com/gptbot)"
74.7.242.39 - - [04/Apr/2026:12:16:15 +0000] "GET /buy.php?item/017000999 HTTP/1.1" 200 76495 "http://dataharbor.africa/buy.php?item/017000805" "Mozilla/5.0 AppleWebKit/537.36 (KHTML, like Gecko; compatible; GPTBot/1.3; +https://openai.com/gptbot)"
74.7.227.135 - - [04/Apr/2026:12:16:15 +0000] "GET /buy.php?item/090007022 HTTP/1.1" 200 74166 "http://dataharbor.africa.hpierson.com/buy.php?item/090004882" "Mozilla/5.0 AppleWebKit/537.36 (KHTML, like Gecko; compatible; GPTBot/1.3; +https://openai.com/gptbot)"
74.7.227.135 - - [04/Apr/2026:12:16:16 +0000] "GET /buy.php?item/090004888 HTTP/1.1" 200 79008 "http://dataharbor.africa.hpierson.com/buy.php?item/090007924" "Mozilla/5.0 AppleWebKit/537.36 (KHTML, like Gecko; compatible; GPTBot/1.3; +https://openai.com/gptbot)"
74.7.242.39 - - [04/Apr/2026:12:16:17 +0000] "GET /buy.php?special/great/116024947 HTTP/1.1" 200 71736 "http://dataharbor.africa/buy.php?item/103028945" "Mozilla/5.0 AppleWebKit/537.36 (KHTML, like Gecko; compatible; GPTBot/1.3; +https://openai.com/gptbot)"
74.7.227.135 - - [04/Apr/2026:12:16:17 +0000] "GET /buy.php?item/090007140 HTTP/1.1" 200 74798 "http://dataharbor.africa.hpierson.com/buy.php?item/090006338" "Mozilla/5.0 AppleWebKit/537.36 (KHTML, like Gecko; compatible; GPTBot/1.3; +https://openai.com/gptbot)"
74.7.242.39 - - [04/Apr/2026:12:16:18 +0000] "GET /buy.php?item/048025330 HTTP/1.1" 200 80391 "http://dataharbor.africa/buy.php?special/winter/027028236" "Mozilla/5.0 AppleWebKit/537.36 (KHTML, like Gecko; compatible; GPTBot/1.3; +https://openai.com/gptbot)"
74.7.227.135 - - [04/Apr/2026:12:16:18 +0000] "GET /buy.php?item/174000450 HTTP/1.1" 200 75688 "http://dataharbor.africa.hpierson.com/buy.php?item/174000490" "Mozilla/5.0 AppleWebKit/537.36 (KHTML, like Gecko; compatible; GPTBot/1.3; +https://openai.com/gptbot)"
74.7.242.31 - - [04/Apr/2026:12:16:18 +0000] "GET /buy.php?special/wheel/100039317 HTTP/1.1" 200 87021 "http://mail.dataharbor.africa/buy.php?item/100038730" "Mozilla/5.0 AppleWebKit/537.36 (KHTML, like Gecko; compatible; GPTBot/1.3; +https://openai.com/gptbot)"
74.7.227.135 - - [04/Apr/2026:12:16:19 +0000] "GET /buy.php?item/174000454 HTTP/1.1" 200 82505 "http://dataharbor.africa.hpierson.com/buy.php?item/174000490" "Mozilla/5.0 AppleWebKit/537.36 (KHTML, like Gecko; compatible; GPTBot/1.3; +https://openai.com/gptbot)"
74.7.242.31 - - [04/Apr/2026:12:16:19 +0000] "GET /buy.php?item/180001134 HTTP/1.1" 200 73551 "http://mail.dataharbor.africa/buy.php?item/180000622" "Mozilla/5.0 AppleWebKit/537.36 (KHTML, like Gecko; compatible; GPTBot/1.3; +https://openai.com/gptbot)"
74.7.242.39 - - [04/Apr/2026:12:16:19 +0000] "GET /buy.php?item/180008330 HTTP/1.1" 200 73371 "http://dataharbor.africa/buy.php?item/180008328" "Mozilla/5.0 AppleWebKit/537.36 (KHTML, like Gecko; compatible; GPTBot/1.3; +https://openai.com/gptbot)"
74.7.227.135 - - [04/Apr/2026:12:16:20 +0000] "GET /buy.php?item/090004890 HTTP/1.1" 200 75975 "http://dataharbor.africa.hpierson.com/buy.php?item/090007924" "Mozilla/5.0 AppleWebKit/537.36 (KHTML, like Gecko; compatible; GPTBot/1.3; +https://openai.com/gptbot)"
74.7.227.135 - - [04/Apr/2026:12:16:20 +0000] "GET /buy.php?item/090007748 HTTP/1.1" 200 72820 "http://dataharbor.africa.hpierson.com/buy.php?item/090007650" "Mozilla/5.0 AppleWebKit/537.36 (KHTML, like Gecko; compatible; GPTBot/1.3; +https://openai.com/gptbot)"
74.7.242.31 - - [04/Apr/2026:12:16:21 +0000] "GET /buy.php?item/100035688 HTTP/1.1" 200 80381 "http://mail.dataharbor.africa/buy.php?item/100039140" "Mozilla/5.0 AppleWebKit/537.36 (KHTML, like Gecko; compatible; GPTBot/1.3; +https://openai.com/gptbot)"
74.7.242.39 - - [04/Apr/2026:12:16:21 +0000] "GET /buy.php?item/069010469 HTTP/1.1" 200 71826 "http://dataharbor.africa/buy.php?item/180008478" "Mozilla/5.0 AppleWebKit/537.36 (KHTML, like Gecko; compatible; GPTBot/1.3; +https://openai.com/gptbot)"
74.7.227.135 - - [04/Apr/2026:12:16:22 +0000] "GET /buy.php?item/090006474 HTTP/1.1" 200 75867 "http://dataharbor.africa.hpierson.com/buy.php?item/090004748" "Mozilla/5.0 AppleWebKit/537.36 (KHTML, like Gecko; compatible; GPTBot/1.3; +https://openai.com/gptbot)"
74.7.242.39 - - [04/Apr/2026:12:16:22 +0000] "GET /buy.php?item/017000601 HTTP/1.1" 200 77432 "http://dataharbor.africa/buy.php?item/017000885" "Mozilla/5.0 AppleWebKit/537.36 (KHTML, like Gecko; compatible; GPTBot/1.3; +https://openai.com/gptbot)"
74.7.227.135 - - [04/Apr/2026:12:16:22 +0000] "GET /buy.php?item/090006476 HTTP/1.1" 200 76996 "http://dataharbor.africa.hpierson.com/buy.php?item/090004748" "Mozilla/5.0 AppleWebKit/537.36 (KHTML, like Gecko; compatible; GPTBot/1.3; +https://openai.com/gptbot)"
74.7.242.31 - - [04/Apr/2026:12:16:23 +0000] "GET /buy.php?item/100012706 HTTP/1.1" 200 80186 "http://mail.dataharbor.africa/buy.php?item/100012814" "Mozilla/5.0 AppleWebKit/537.36 (KHTML, like Gecko; compatible; GPTBot/1.3; +https://openai.com/gptbot)"
74.7.227.135 - - [04/Apr/2026:12:16:23 +0000] "GET /buy.php?item/017000955 HTTP/1.1" 200 81583 "http://dataharbor.africa.hpierson.com/buy.php?item/017000749" "Mozilla/5.0 AppleWebKit/537.36 (KHTML, like Gecko; compatible; GPTBot/1.3; +https://openai.com/gptbot)"
74.7.242.39 - - [04/Apr/2026:12:16:23 +0000] "GET /buy.php?item/180008258 HTTP/1.1" 200 77399 "http://dataharbor.africa/buy.php?item/180008350" "Mozilla/5.0 AppleWebKit/537.36 (KHTML, like Gecko; compatible; GPTBot/1.3; +https://openai.com/gptbot)"
74.7.227.135 - - [04/Apr/2026:12:16:24 +0000] "GET /buy.php?item/090007746 HTTP/1.1" 200 75583 "http://dataharbor.africa.hpierson.com/buy.php?item/090007650" "Mozilla/5.0 AppleWebKit/537.36 (KHTML, like Gecko; compatible; GPTBot/1.3; +https://openai.com/gptbot)"
74.7.242.31 - - [04/Apr/2026:12:16:24 +0000] "GET /buy.php?item/100012702 HTTP/1.1" 200 81846 "http://mail.dataharbor.africa/buy.php?item/100012814" "Mozilla/5.0 AppleWebKit/537.36 (KHTML, like Gecko; compatible; GPTBot/1.3; +https://openai.com/gptbot)"
74.7.227.135 - - [04/Apr/2026:12:16:25 +0000] "GET /buy.php?item/017000957 HTTP/1.1" 200 87491 "http://dataharbor.africa.hpierson.com/buy.php?item/017000749" "Mozilla/5.0 AppleWebKit/537.36 (KHTML, like Gecko; compatible; GPTBot/1.3; +https://openai.com/gptbot)"
74.7.242.39 - - [04/Apr/2026:12:16:25 +0000] "GET /buy.php?item/017000715 HTTP/1.1" 200 78246 "http://dataharbor.africa/buy.php?item/017000999" "Mozilla/5.0 AppleWebKit/537.36 (KHTML, like Gecko; compatible; GPTBot/1.3; +https://openai.com/gptbot)"
74.7.227.135 - - [04/Apr/2026:12:16:26 +0000] "GET /buy.php?item/090006798 HTTP/1.1" 200 73969 "http://dataharbor.africa.hpierson.com/buy.php?item/090007032" "Mozilla/5.0 AppleWebKit/537.36 (KHTML, like Gecko; compatible; GPTBot/1.3; +https://openai.com/gptbot)"
74.7.227.135 - - [04/Apr/2026:12:16:26 +0000] "GET /buy.php?item/090006804 HTTP/1.1" 200 78752 "http://dataharbor.africa.hpierson.com/buy.php?item/090007032" "Mozilla/5.0 AppleWebKit/537.36 (KHTML, like Gecko; compatible; GPTBot/1.3; +https://openai.com/gptbot)"
74.7.242.39 - - [04/Apr/2026:12:16:27 +0000] "GET /buy.php?item/017000677 HTTP/1.1" 200 75655 "http://dataharbor.africa/buy.php?item/017000821" "Mozilla/5.0 AppleWebKit/537.36 (KHTML, like Gecko; compatible; GPTBot/1.3; +https://openai.com/gptbot)"
74.7.227.135 - - [04/Apr/2026:12:16:27 +0000] "GET /buy.php?item/174000510 HTTP/1.1" 200 74390 "http://dataharbor.africa.hpierson.com/buy.php?item/174000450" "Mozilla/5.0 AppleWebKit/537.36 (KHTML, like Gecko; compatible; GPTBot/1.3; +https://openai.com/gptbot)"
74.7.242.31 - - [04/Apr/2026:12:16:28 +0000] "GET /buy.php?item/100039290 HTTP/1.1" 200 82990 "http://mail.dataharbor.africa/buy.php?special/wheel/100039317" "Mozilla/5.0 AppleWebKit/537.36 (KHTML, like Gecko; compatible; GPTBot/1.3; +https://openai.com/gptbot)"
74.7.242.39 - - [04/Apr/2026:12:16:28 +0000] "GET /buy.php?item/017000997 HTTP/1.1" 200 81510 "http://dataharbor.africa/buy.php?item/017000665" "Mozilla/5.0 AppleWebKit/537.36 (KHTML, like Gecko; compatible; GPTBot/1.3; +https://openai.com/gptbot)"
74.7.227.135 - - [04/Apr/2026:12:16:28 +0000] "GET /buy.php?item/174000550 HTTP/1.1" 200 81670 "http://dataharbor.africa.hpierson.com/buy.php?item/174000454" "Mozilla/5.0 AppleWebKit/537.36 (KHTML, like Gecko; compatible; GPTBot/1.3; +https://openai.com/gptbot)"
74.7.242.31 - - [04/Apr/2026:12:16:29 +0000] "GET /buy.php?item/222015770 HTTP/1.1" 200 97492 "http://mail.dataharbor.africa/buy.php?item/222027142" "Mozilla/5.0 AppleWebKit/537.36 (KHTML, like Gecko; compatible; GPTBot/1.3; +https://openai.com/gptbot)"
74.7.242.39 - - [04/Apr/2026:12:16:29 +0000] "GET /buy.php?item/111013015 HTTP/1.1" 200 74967 "http://dataharbor.africa/buy.php?item/111011967" "Mozilla/5.0 AppleWebKit/537.36 (KHTML, like Gecko; compatible; GPTBot/1.3; +https://openai.com/gptbot)"
74.7.227.135 - - [04/Apr/2026:12:16:29 +0000] "GET /buy.php?item/090006188 HTTP/1.1" 200 75440 "http://dataharbor.africa.hpierson.com/buy.php?item/090004890" "Mozilla/5.0 AppleWebKit/537.36 (KHTML, like Gecko; compatible; GPTBot/1.3; +https://openai.com/gptbot)"
74.7.227.135 - - [04/Apr/2026:12:16:30 +0000] "GET /buy.php?item/090006186 HTTP/1.1" 200 76787 "http://dataharbor.africa.hpierson.com/buy.php?item/090004890" "Mozilla/5.0 AppleWebKit/537.36 (KHTML, like Gecko; compatible; GPTBot/1.3; +https://openai.com/gptbot)"
74.7.242.31 - - [04/Apr/2026:12:16:30 +0000] "GET /buy.php?item/100038688 HTTP/1.1" 200 95965 "http://mail.dataharbor.africa/buy.php?item/100035688" "Mozilla/5.0 AppleWebKit/537.36 (KHTML, like Gecko; compatible; GPTBot/1.3; +https://openai.com/gptbot)"
74.7.242.39 - - [04/Apr/2026:12:16:30 +0000] "GET /buy.php?item/017000727 HTTP/1.1" 200 79561 "http://dataharbor.africa/buy.php?item/017000831" "Mozilla/5.0 AppleWebKit/537.36 (KHTML, like Gecko; compatible; GPTBot/1.3; +https://openai.com/gptbot)"
