74.7.242.39 - - [04/Apr/2026:12:24:04 +0000] "GET /buy.php?item/085000499 HTTP/1.1" 200 76862 "http://dataharbor.africa/buy.php?item/085000481" "Mozilla/5.0 AppleWebKit/537.36 (KHTML, like Gecko; compatible; GPTBot/1.3; +https://openai.com/gptbot)"
74.7.227.135 - - [04/Apr/2026:12:24:04 +0000] "GET /buy.php?item/084000838 HTTP/1.1" 200 86820 "http://dataharbor.africa.hpierson.com/buy.php?item/084000638" "Mozilla/5.0 AppleWebKit/537.36 (KHTML, like Gecko; compatible; GPTBot/1.3; +https://openai.com/gptbot)"
74.7.242.39 - - [04/Apr/2026:12:24:05 +0000] "GET /buy.php?item/085000699 HTTP/1.1" 200 73316 "http://dataharbor.africa/buy.php?item/085000513" "Mozilla/5.0 AppleWebKit/537.36 (KHTML, like Gecko; compatible; GPTBot/1.3; +https://openai.com/gptbot)"
74.7.242.31 - - [04/Apr/2026:12:24:06 +0000] "GET /buy.php?item/226000820 HTTP/1.1" 200 76358 "http://mail.dataharbor.africa/buy.php?item/226000580" "Mozilla/5.0 AppleWebKit/537.36 (KHTML, like Gecko; compatible; GPTBot/1.3; +https://openai.com/gptbot)"
74.7.227.135 - - [04/Apr/2026:12:24:06 +0000] "GET /buy.php?item/084000698 HTTP/1.1" 200 93151 "http://dataharbor.africa.hpierson.com/buy.php?item/084000924" "Mozilla/5.0 AppleWebKit/537.36 (KHTML, like Gecko; compatible; GPTBot/1.3; +https://openai.com/gptbot)"
74.7.227.135 - - [04/Apr/2026:12:24:07 +0000] "GET /buy.php?item/084000696 HTTP/1.1" 200 87987 "http://dataharbor.africa.hpierson.com/buy.php?item/084000924" "Mozilla/5.0 AppleWebKit/537.36 (KHTML, like Gecko; compatible; GPTBot/1.3; +https://openai.com/gptbot)"
74.7.242.39 - - [04/Apr/2026:12:24:07 +0000] "GET /buy.php?item/085000717 HTTP/1.1" 200 76876 "http://dataharbor.africa/buy.php?item/085000659" "Mozilla/5.0 AppleWebKit/537.36 (KHTML, like Gecko; compatible; GPTBot/1.3; +https://openai.com/gptbot)"
74.7.242.39 - - [04/Apr/2026:12:24:07 +0000] "GET /buy.php?item/085000557 HTTP/1.1" 200 76392 "http://dataharbor.africa/buy.php?special/stick/085000456" "Mozilla/5.0 AppleWebKit/537.36 (KHTML, like Gecko; compatible; GPTBot/1.3; +https://openai.com/gptbot)"
74.7.227.135 - - [04/Apr/2026:12:24:08 +0000] "GET /buy.php?item/053000739 HTTP/1.1" 200 77168 "http://dataharbor.africa.hpierson.com/buy.php?item/084000922" "Mozilla/5.0 AppleWebKit/537.36 (KHTML, like Gecko; compatible; GPTBot/1.3; +https://openai.com/gptbot)"
74.7.242.39 - - [04/Apr/2026:12:24:08 +0000] "GET /buy.php?item/085000465 HTTP/1.1" 200 77909 "http://dataharbor.africa/buy.php?item/085000457" "Mozilla/5.0 AppleWebKit/537.36 (KHTML, like Gecko; compatible; GPTBot/1.3; +https://openai.com/gptbot)"
74.7.242.31 - - [04/Apr/2026:12:24:09 +0000] "GET /buy.php?item/270001796 HTTP/1.1" 200 77067 "http://mail.dataharbor.africa/buy.php?item/270004052" "Mozilla/5.0 AppleWebKit/537.36 (KHTML, like Gecko; compatible; GPTBot/1.3; +https://openai.com/gptbot)"
74.7.227.135 - - [04/Apr/2026:12:24:09 +0000] "GET /buy.php?item/190005580 HTTP/1.1" 200 80461 "http://dataharbor.africa.hpierson.com/buy.php?item/190005502" "Mozilla/5.0 AppleWebKit/537.36 (KHTML, like Gecko; compatible; GPTBot/1.3; +https://openai.com/gptbot)"
74.7.242.39 - - [04/Apr/2026:12:24:09 +0000] "GET /buy.php?item/070015556 HTTP/1.1" 200 65950 "http://dataharbor.africa/buy.php?item/085000659" "Mozilla/5.0 AppleWebKit/537.36 (KHTML, like Gecko; compatible; GPTBot/1.3; +https://openai.com/gptbot)"
74.7.242.39 - - [04/Apr/2026:12:24:10 +0000] "GET /buy.php?item/085000593 HTTP/1.1" 200 77274 "http://dataharbor.africa/buy.php?item/085000539" "Mozilla/5.0 AppleWebKit/537.36 (KHTML, like Gecko; compatible; GPTBot/1.3; +https://openai.com/gptbot)"
74.7.227.135 - - [04/Apr/2026:12:24:09 +0000] "GET /buy.php?item/300022046 HTTP/1.1" 200 78183 "http://dataharbor.africa.hpierson.com/buy.php?item/190005502" "Mozilla/5.0 AppleWebKit/537.36 (KHTML, like Gecko; compatible; GPTBot/1.3; +https://openai.com/gptbot)"
74.7.242.31 - - [04/Apr/2026:12:24:10 +0000] "GET /buy.php?item/258000288 HTTP/1.1" 200 81282 "http://mail.dataharbor.africa/buy.php?item/258000402" "Mozilla/5.0 AppleWebKit/537.36 (KHTML, like Gecko; compatible; GPTBot/1.3; +https://openai.com/gptbot)"
74.7.242.39 - - [04/Apr/2026:12:24:11 +0000] "GET /buy.php?item/085000751 HTTP/1.1" 200 72981 "http://dataharbor.africa/buy.php?item/085000653" "Mozilla/5.0 AppleWebKit/537.36 (KHTML, like Gecko; compatible; GPTBot/1.3; +https://openai.com/gptbot)"
74.7.227.135 - - [04/Apr/2026:12:24:11 +0000] "GET /buy.php?item/069000459 HTTP/1.1" 200 81038 "http://dataharbor.africa.hpierson.com/buy.php?item/084000922" "Mozilla/5.0 AppleWebKit/537.36 (KHTML, like Gecko; compatible; GPTBot/1.3; +https://openai.com/gptbot)"
74.7.227.135 - - [04/Apr/2026:12:24:12 +0000] "GET /buy.php?item/084000294 HTTP/1.1" 200 84527 "http://dataharbor.africa.hpierson.com/buy.php?item/084000274" "Mozilla/5.0 AppleWebKit/537.36 (KHTML, like Gecko; compatible; GPTBot/1.3; +https://openai.com/gptbot)"
74.7.227.135 - - [04/Apr/2026:12:24:13 +0000] "GET /buy.php?item/084000958 HTTP/1.1" 200 86971 "http://dataharbor.africa.hpierson.com/buy.php?item/084000272" "Mozilla/5.0 AppleWebKit/537.36 (KHTML, like Gecko; compatible; GPTBot/1.3; +https://openai.com/gptbot)"
74.7.242.31 - - [04/Apr/2026:12:24:14 +0000] "GET /buy.php?item/200043728 HTTP/1.1" 200 75279 "http://mail.dataharbor.africa/buy.php?item/200043064" "Mozilla/5.0 AppleWebKit/537.36 (KHTML, like Gecko; compatible; GPTBot/1.3; +https://openai.com/gptbot)"
74.7.242.39 - - [04/Apr/2026:12:24:14 +0000] "GET /buy.php?item/085000683 HTTP/1.1" 200 75080 "http://dataharbor.africa/buy.php?item/085000699" "Mozilla/5.0 AppleWebKit/537.36 (KHTML, like Gecko; compatible; GPTBot/1.3; +https://openai.com/gptbot)"
74.7.227.135 - - [04/Apr/2026:12:24:14 +0000] "GET /buy.php?item/084000934 HTTP/1.1" 200 91449 "http://dataharbor.africa.hpierson.com/buy.php?item/084000838" "Mozilla/5.0 AppleWebKit/537.36 (KHTML, like Gecko; compatible; GPTBot/1.3; +https://openai.com/gptbot)"
74.7.242.31 - - [04/Apr/2026:12:24:14 +0000] "GET /buy.php?item/226000728 HTTP/1.1" 200 72002 "http://mail.dataharbor.africa/buy.php?item/226000820" "Mozilla/5.0 AppleWebKit/537.36 (KHTML, like Gecko; compatible; GPTBot/1.3; +https://openai.com/gptbot)"
74.7.242.39 - - [04/Apr/2026:12:24:15 +0000] "GET /buy.php?item/085000681 HTTP/1.1" 200 84529 "http://dataharbor.africa/buy.php?item/085000699" "Mozilla/5.0 AppleWebKit/537.36 (KHTML, like Gecko; compatible; GPTBot/1.3; +https://openai.com/gptbot)"
74.7.227.135 - - [04/Apr/2026:12:24:15 +0000] "GET /buy.php?item/084000292 HTTP/1.1" 200 86343 "http://dataharbor.africa.hpierson.com/buy.php?item/084000274" "Mozilla/5.0 AppleWebKit/537.36 (KHTML, like Gecko; compatible; GPTBot/1.3; +https://openai.com/gptbot)"
74.7.227.135 - - [04/Apr/2026:12:24:16 +0000] "GET /buy.php?item/084000694 HTTP/1.1" 200 84528 "http://dataharbor.africa.hpierson.com/buy.php?item/084000698" "Mozilla/5.0 AppleWebKit/537.36 (KHTML, like Gecko; compatible; GPTBot/1.3; +https://openai.com/gptbot)"
74.7.227.135 - - [04/Apr/2026:12:24:16 +0000] "GET /buy.php?item/084000286 HTTP/1.1" 200 88498 "http://dataharbor.africa.hpierson.com/buy.php?item/084000696" "Mozilla/5.0 AppleWebKit/537.36 (KHTML, like Gecko; compatible; GPTBot/1.3; +https://openai.com/gptbot)"
74.7.242.39 - - [04/Apr/2026:12:24:17 +0000] "GET /buy.php?item/085000689 HTTP/1.1" 200 76008 "http://dataharbor.africa/buy.php?item/085000717" "Mozilla/5.0 AppleWebKit/537.36 (KHTML, like Gecko; compatible; GPTBot/1.3; +https://openai.com/gptbot)"
74.7.227.135 - - [04/Apr/2026:12:24:17 +0000] "GET /buy.php?item/084000690 HTTP/1.1" 200 87811 "http://dataharbor.africa.hpierson.com/buy.php?item/084000698" "Mozilla/5.0 AppleWebKit/537.36 (KHTML, like Gecko; compatible; GPTBot/1.3; +https://openai.com/gptbot)"
74.7.242.31 - - [04/Apr/2026:12:24:17 +0000] "GET /buy.php?item/270004212 HTTP/1.1" 200 79008 "http://mail.dataharbor.africa/buy.php?item/270001796" "Mozilla/5.0 AppleWebKit/537.36 (KHTML, like Gecko; compatible; GPTBot/1.3; +https://openai.com/gptbot)"
74.7.242.39 - - [04/Apr/2026:12:24:18 +0000] "GET /buy.php?item/055008411 HTTP/1.1" 200 88889 "http://dataharbor.africa/buy.php?item/085000557" "Mozilla/5.0 AppleWebKit/537.36 (KHTML, like Gecko; compatible; GPTBot/1.3; +https://openai.com/gptbot)"
74.7.242.39 - - [04/Apr/2026:12:24:19 +0000] "GET /buy.php?item/240005850 HTTP/1.1" 200 65805 "http://dataharbor.africa/buy.php?item/085000557" "Mozilla/5.0 AppleWebKit/537.36 (KHTML, like Gecko; compatible; GPTBot/1.3; +https://openai.com/gptbot)"
74.7.242.31 - - [04/Apr/2026:12:24:19 +0000] "GET /buy.php?special/pad/169045458 HTTP/1.1" 200 85638 "http://mail.dataharbor.africa/buy.php?item/258000288" "Mozilla/5.0 AppleWebKit/537.36 (KHTML, like Gecko; compatible; GPTBot/1.3; +https://openai.com/gptbot)"
74.7.227.135 - - [04/Apr/2026:12:24:19 +0000] "GET /buy.php?item/096000110 HTTP/1.1" 200 73517 "http://dataharbor.africa.hpierson.com/buy.php?item/096000264" "Mozilla/5.0 AppleWebKit/537.36 (KHTML, like Gecko; compatible; GPTBot/1.3; +https://openai.com/gptbot)"
74.7.242.31 - - [04/Apr/2026:12:24:20 +0000] "GET /buy.php?item/226000726 HTTP/1.1" 200 75443 "http://mail.dataharbor.africa/buy.php?item/226000820" "Mozilla/5.0 AppleWebKit/537.36 (KHTML, like Gecko; compatible; GPTBot/1.3; +https://openai.com/gptbot)"
74.7.242.39 - - [04/Apr/2026:12:24:20 +0000] "GET /buy.php?item/085000687 HTTP/1.1" 200 76060 "http://dataharbor.africa/buy.php?item/085000717" "Mozilla/5.0 AppleWebKit/537.36 (KHTML, like Gecko; compatible; GPTBot/1.3; +https://openai.com/gptbot)"
74.7.227.135 - - [04/Apr/2026:12:24:20 +0000] "GET /buy.php?item/090006336 HTTP/1.1" 200 78995 "http://dataharbor.africa.hpierson.com/buy.php?item/090006948" "Mozilla/5.0 AppleWebKit/537.36 (KHTML, like Gecko; compatible; GPTBot/1.3; +https://openai.com/gptbot)"
74.7.242.39 - - [04/Apr/2026:12:24:21 +0000] "GET /buy.php?item/085000645 HTTP/1.1" 200 74120 "http://dataharbor.africa/buy.php?item/085000751" "Mozilla/5.0 AppleWebKit/537.36 (KHTML, like Gecko; compatible; GPTBot/1.3; +https://openai.com/gptbot)"
74.7.227.135 - - [04/Apr/2026:12:24:21 +0000] "GET /buy.php?item/084000498 HTTP/1.1" 200 82770 "http://dataharbor.africa.hpierson.com/buy.php?item/084000548" "Mozilla/5.0 AppleWebKit/537.36 (KHTML, like Gecko; compatible; GPTBot/1.3; +https://openai.com/gptbot)"
74.7.227.135 - - [04/Apr/2026:12:24:22 +0000] "GET /buy.php?item/084000246 HTTP/1.1" 200 84108 "http://dataharbor.africa.hpierson.com/buy.php?item/084000294" "Mozilla/5.0 AppleWebKit/537.36 (KHTML, like Gecko; compatible; GPTBot/1.3; +https://openai.com/gptbot)"
74.7.242.39 - - [04/Apr/2026:12:24:23 +0000] "GET /buy.php?item/085000757 HTTP/1.1" 200 71966 "http://dataharbor.africa/buy.php?item/085000829" "Mozilla/5.0 AppleWebKit/537.36 (KHTML, like Gecko; compatible; GPTBot/1.3; +https://openai.com/gptbot)"
74.7.227.135 - - [04/Apr/2026:12:24:23 +0000] "GET /buy.php?item/097000357 HTTP/1.1" 200 72271 "http://dataharbor.africa.hpierson.com/buy.php?item/084000294" "Mozilla/5.0 AppleWebKit/537.36 (KHTML, like Gecko; compatible; GPTBot/1.3; +https://openai.com/gptbot)"
74.7.242.31 - - [04/Apr/2026:12:24:23 +0000] "GET /buy.php?item/200001502 HTTP/1.1" 200 76119 "http://mail.dataharbor.africa/buy.php?item/200043728" "Mozilla/5.0 AppleWebKit/537.36 (KHTML, like Gecko; compatible; GPTBot/1.3; +https://openai.com/gptbot)"
74.7.227.135 - - [04/Apr/2026:12:24:24 +0000] "GET /buy.php?item/084000812 HTTP/1.1" 200 82934 "http://dataharbor.africa.hpierson.com/buy.php?item/084000958" "Mozilla/5.0 AppleWebKit/537.36 (KHTML, like Gecko; compatible; GPTBot/1.3; +https://openai.com/gptbot)"
74.7.242.39 - - [04/Apr/2026:12:24:24 +0000] "GET /buy.php?item/210008030 HTTP/1.1" 200 73361 "http://dataharbor.africa/buy.php?item/210008122" "Mozilla/5.0 AppleWebKit/537.36 (KHTML, like Gecko; compatible; GPTBot/1.3; +https://openai.com/gptbot)"
74.7.242.31 - - [04/Apr/2026:12:24:24 +0000] "GET /buy.php?item/200001504 HTTP/1.1" 200 77082 "http://mail.dataharbor.africa/buy.php?item/200043728" "Mozilla/5.0 AppleWebKit/537.36 (KHTML, like Gecko; compatible; GPTBot/1.3; +https://openai.com/gptbot)"
74.7.242.39 - - [04/Apr/2026:12:24:25 +0000] "GET /buy.php?item/085000577 HTTP/1.1" 200 73914 "http://dataharbor.africa/buy.php?item/085000477" "Mozilla/5.0 AppleWebKit/537.36 (KHTML, like Gecko; compatible; GPTBot/1.3; +https://openai.com/gptbot)"
74.7.242.31 - - [04/Apr/2026:12:24:25 +0000] "GET /buy.php?item/100048538 HTTP/1.1" 200 66684 "http://mail.dataharbor.africa/buy.php?item/300003554" "Mozilla/5.0 AppleWebKit/537.36 (KHTML, like Gecko; compatible; GPTBot/1.3; +https://openai.com/gptbot)"
74.7.227.135 - - [04/Apr/2026:12:24:26 +0000] "GET /buy.php?item/084000794 HTTP/1.1" 200 90998 "http://dataharbor.africa.hpierson.com/buy.php?item/084000694" "Mozilla/5.0 AppleWebKit/537.36 (KHTML, like Gecko; compatible; GPTBot/1.3; +https://openai.com/gptbot)"
74.7.242.39 - - [04/Apr/2026:12:24:27 +0000] "GET /buy.php?item/085000675 HTTP/1.1" 200 75749 "http://dataharbor.africa/buy.php?item/085000689" "Mozilla/5.0 AppleWebKit/537.36 (KHTML, like Gecko; compatible; GPTBot/1.3; +https://openai.com/gptbot)"
74.7.227.135 - - [04/Apr/2026:12:24:27 +0000] "GET /buy.php?item/084000996 HTTP/1.1" 200 87787 "http://dataharbor.africa.hpierson.com/buy.php?item/084000292" "Mozilla/5.0 AppleWebKit/537.36 (KHTML, like Gecko; compatible; GPTBot/1.3; +https://openai.com/gptbot)"
74.7.242.39 - - [04/Apr/2026:12:24:27 +0000] "GET /buy.php?item/085000677 HTTP/1.1" 200 70801 "http://dataharbor.africa/buy.php?item/085000689" "Mozilla/5.0 AppleWebKit/537.36 (KHTML, like Gecko; compatible; GPTBot/1.3; +https://openai.com/gptbot)"
74.7.227.135 - - [04/Apr/2026:12:24:28 +0000] "GET /buy.php?item/084000992 HTTP/1.1" 200 83608 "http://dataharbor.africa.hpierson.com/buy.php?item/084000292" "Mozilla/5.0 AppleWebKit/537.36 (KHTML, like Gecko; compatible; GPTBot/1.3; +https://openai.com/gptbot)"
74.7.242.39 - - [04/Apr/2026:12:24:28 +0000] "GET /buy.php?item/085000575 HTTP/1.1" 200 72853 "http://dataharbor.africa/buy.php?item/085000477" "Mozilla/5.0 AppleWebKit/537.36 (KHTML, like Gecko; compatible; GPTBot/1.3; +https://openai.com/gptbot)"
74.7.227.135 - - [04/Apr/2026:12:24:29 +0000] "GET /buy.php?item/084000816 HTTP/1.1" 200 88619 "http://dataharbor.africa.hpierson.com/buy.php?item/084000958" "Mozilla/5.0 AppleWebKit/537.36 (KHTML, like Gecko; compatible; GPTBot/1.3; +https://openai.com/gptbot)"
74.7.242.31 - - [04/Apr/2026:12:24:30 +0000] "GET /buy.php?item/226000754 HTTP/1.1" 200 77034 "http://mail.dataharbor.africa/buy.php?item/226000726" "Mozilla/5.0 AppleWebKit/537.36 (KHTML, like Gecko; compatible; GPTBot/1.3; +https://openai.com/gptbot)"
74.7.242.39 - - [04/Apr/2026:12:24:30 +0000] "GET /buy.php?special/hide/083039218 HTTP/1.1" 200 81889 "http://dataharbor.africa/buy.php?item/240005850" "Mozilla/5.0 AppleWebKit/537.36 (KHTML, like Gecko; compatible; GPTBot/1.3; +https://openai.com/gptbot)"
74.7.227.135 - - [04/Apr/2026:12:24:30 +0000] "GET /buy.php?item/282000844 HTTP/1.1" 200 81528 "http://dataharbor.africa.hpierson.com/buy.php?item/096000110" "Mozilla/5.0 AppleWebKit/537.36 (KHTML, like Gecko; compatible; GPTBot/1.3; +https://openai.com/gptbot)"
74.7.242.31 - - [04/Apr/2026:12:24:31 +0000] "GET /buy.php?item/226000752 HTTP/1.1" 200 76410 "http://mail.dataharbor.africa/buy.php?item/226000726" "Mozilla/5.0 AppleWebKit/537.36 (KHTML, like Gecko; compatible; GPTBot/1.3; +https://openai.com/gptbot)"
74.7.227.135 - - [04/Apr/2026:12:24:31 +0000] "GET /buy.php?jp/120034237.html HTTP/1.1" 200 74598 "http://dataharbor.africa.hpierson.com/buy.php?item/084000498" "Mozilla/5.0 AppleWebKit/537.36 (KHTML, like Gecko; compatible; GPTBot/1.3; +https://openai.com/gptbot)"
74.7.242.39 - - [04/Apr/2026:12:24:31 +0000] "GET /buy.php?special/nod/161005570 HTTP/1.1" 200 77753 "http://dataharbor.africa/buy.php?item/085000687" "Mozilla/5.0 AppleWebKit/537.36 (KHTML, like Gecko; compatible; GPTBot/1.3; +https://openai.com/gptbot)"
74.7.242.39 - - [04/Apr/2026:12:24:31 +0000] "GET /buy.php?item/046042226 HTTP/1.1" 200 78873 "http://dataharbor.africa/buy.php?item/085000645" "Mozilla/5.0 AppleWebKit/537.36 (KHTML, like Gecko; compatible; GPTBot/1.3; +https://openai.com/gptbot)"
74.7.227.135 - - [04/Apr/2026:12:24:31 +0000] "GET /buy.php?item/084000914 HTTP/1.1" 200 82344 "http://dataharbor.africa.hpierson.com/buy.php?item/084000246" "Mozilla/5.0 AppleWebKit/537.36 (KHTML, like Gecko; compatible; GPTBot/1.3; +https://openai.com/gptbot)"
74.7.242.31 - - [04/Apr/2026:12:24:33 +0000] "GET /buy.php?item/163002501 HTTP/1.1" 200 72573 "http://mail.dataharbor.africa/buy.php?item/200001502" "Mozilla/5.0 AppleWebKit/537.36 (KHTML, like Gecko; compatible; GPTBot/1.3; +https://openai.com/gptbot)"
74.7.242.39 - - [04/Apr/2026:12:24:33 +0000] "GET /buy.php?item/085000811 HTTP/1.1" 200 73820 "http://dataharbor.africa/buy.php?item/085000645" "Mozilla/5.0 AppleWebKit/537.36 (KHTML, like Gecko; compatible; GPTBot/1.3; +https://openai.com/gptbot)"
74.7.227.135 - - [04/Apr/2026:12:24:34 +0000] "GET /buy.php?item/084000918 HTTP/1.1" 200 89140 "http://dataharbor.africa.hpierson.com/buy.php?item/084000246" "Mozilla/5.0 AppleWebKit/537.36 (KHTML, like Gecko; compatible; GPTBot/1.3; +https://openai.com/gptbot)"
74.7.242.31 - - [04/Apr/2026:12:24:33 +0000] "GET /buy.php?item/200042910 HTTP/1.1" 200 79773 "http://mail.dataharbor.africa/buy.php?item/200001504" "Mozilla/5.0 AppleWebKit/537.36 (KHTML, like Gecko; compatible; GPTBot/1.3; +https://openai.com/gptbot)"
74.7.227.135 - - [04/Apr/2026:12:24:34 +0000] "GET /buy.php?item/084000896 HTTP/1.1" 200 90547 "http://dataharbor.africa.hpierson.com/buy.php?item/084000498" "Mozilla/5.0 AppleWebKit/537.36 (KHTML, like Gecko; compatible; GPTBot/1.3; +https://openai.com/gptbot)"
74.7.242.39 - - [04/Apr/2026:12:24:34 +0000] "GET /buy.php?item/210008024 HTTP/1.1" 200 74468 "http://dataharbor.africa/buy.php?item/210008030" "Mozilla/5.0 AppleWebKit/537.36 (KHTML, like Gecko; compatible; GPTBot/1.3; +https://openai.com/gptbot)"
74.7.242.31 - - [04/Apr/2026:12:24:34 +0000] "GET /buy.php?item/200042912 HTTP/1.1" 200 79592 "http://mail.dataharbor.africa/buy.php?item/200001504" "Mozilla/5.0 AppleWebKit/537.36 (KHTML, like Gecko; compatible; GPTBot/1.3; +https://openai.com/gptbot)"
74.7.242.39 - - [04/Apr/2026:12:24:35 +0000] "GET /buy.php?item/111015945 HTTP/1.1" 200 76504 "http://dataharbor.africa/buy.php?item/210008030" "Mozilla/5.0 AppleWebKit/537.36 (KHTML, like Gecko; compatible; GPTBot/1.3; +https://openai.com/gptbot)"
74.7.242.31 - - [04/Apr/2026:12:24:35 +0000] "GET /buy.php?item/200042914 HTTP/1.1" 200 75210 "http://mail.dataharbor.africa/buy.php?item/200001504" "Mozilla/5.0 AppleWebKit/537.36 (KHTML, like Gecko; compatible; GPTBot/1.3; +https://openai.com/gptbot)"
74.7.227.135 - - [04/Apr/2026:12:24:35 +0000] "GET /buy.php?item/084000898 HTTP/1.1" 200 85238 "http://dataharbor.africa.hpierson.com/buy.php?item/084000498" "Mozilla/5.0 AppleWebKit/537.36 (KHTML, like Gecko; compatible; GPTBot/1.3; +https://openai.com/gptbot)"
74.7.242.39 - - [04/Apr/2026:12:24:36 +0000] "GET /buy.php?item/210008026 HTTP/1.1" 200 78721 "http://dataharbor.africa/buy.php?item/210008030" "Mozilla/5.0 AppleWebKit/537.36 (KHTML, like Gecko; compatible; GPTBot/1.3; +https://openai.com/gptbot)"
74.7.227.135 - - [04/Apr/2026:12:24:36 +0000] "GET /buy.php?item/084000218 HTTP/1.1" 200 95003 "http://dataharbor.africa.hpierson.com/buy.php?item/084000996" "Mozilla/5.0 AppleWebKit/537.36 (KHTML, like Gecko; compatible; GPTBot/1.3; +https://openai.com/gptbot)"
74.7.227.135 - - [04/Apr/2026:12:24:37 +0000] "GET /buy.php?item/084000106 HTTP/1.1" 200 78813 "http://dataharbor.africa.hpierson.com/buy.php?item/084000286" "Mozilla/5.0 AppleWebKit/537.36 (KHTML, like Gecko; compatible; GPTBot/1.3; +https://openai.com/gptbot)"
74.7.242.39 - - [04/Apr/2026:12:24:37 +0000] "GET /buy.php?item/085000453 HTTP/1.1" 200 72047 "http://dataharbor.africa/buy.php?item/085000575" "Mozilla/5.0 AppleWebKit/537.36 (KHTML, like Gecko; compatible; GPTBot/1.3; +https://openai.com/gptbot)"
74.7.227.135 - - [04/Apr/2026:12:24:38 +0000] "GET /buy.php?item/084000318 HTTP/1.1" 200 80205 "http://dataharbor.africa.hpierson.com/buy.php?item/084000992" "Mozilla/5.0 AppleWebKit/537.36 (KHTML, like Gecko; compatible; GPTBot/1.3; +https://openai.com/gptbot)"
74.7.242.39 - - [04/Apr/2026:12:24:38 +0000] "GET /buy.php?item/085000451 HTTP/1.1" 200 74834 "http://dataharbor.africa/buy.php?item/085000575" "Mozilla/5.0 AppleWebKit/537.36 (KHTML, like Gecko; compatible; GPTBot/1.3; +https://openai.com/gptbot)"
74.7.242.31 - - [04/Apr/2026:12:24:38 +0000] "GET /buy.php?item/226000814 HTTP/1.1" 200 78323 "http://mail.dataharbor.africa/buy.php?item/226000754" "Mozilla/5.0 AppleWebKit/537.36 (KHTML, like Gecko; compatible; GPTBot/1.3; +https://openai.com/gptbot)"
74.7.227.135 - - [04/Apr/2026:12:24:39 +0000] "GET /buy.php?item/084000664 HTTP/1.1" 200 90194 "http://dataharbor.africa.hpierson.com/buy.php?item/084000816" "Mozilla/5.0 AppleWebKit/537.36 (KHTML, like Gecko; compatible; GPTBot/1.3; +https://openai.com/gptbot)"
74.7.242.39 - - [04/Apr/2026:12:24:39 +0000] "GET /buy.php?item/085000485 HTTP/1.1" 200 75898 "http://dataharbor.africa/buy.php?item/085000683" "Mozilla/5.0 AppleWebKit/537.36 (KHTML, like Gecko; compatible; GPTBot/1.3; +https://openai.com/gptbot)"
74.7.242.31 - - [04/Apr/2026:12:24:39 +0000] "GET /buy.php?item/226000540 HTTP/1.1" 200 79194 "http://mail.dataharbor.africa/buy.php?item/226000752" "Mozilla/5.0 AppleWebKit/537.36 (KHTML, like Gecko; compatible; GPTBot/1.3; +https://openai.com/gptbot)"
74.7.227.135 - - [04/Apr/2026:12:24:39 +0000] "GET /buy.php?item/282000310 HTTP/1.1" 200 81663 "http://dataharbor.africa.hpierson.com/buy.php?item/282000844" "Mozilla/5.0 AppleWebKit/537.36 (KHTML, like Gecko; compatible; GPTBot/1.3; +https://openai.com/gptbot)"
74.7.242.39 - - [04/Apr/2026:12:24:40 +0000] "GET /buy.php?item/085000455 HTTP/1.1" 200 71459 "http://dataharbor.africa/buy.php?item/085000483" "Mozilla/5.0 AppleWebKit/537.36 (KHTML, like Gecko; compatible; GPTBot/1.3; +https://openai.com/gptbot)"
74.7.242.31 - - [04/Apr/2026:12:24:40 +0000] "GET /buy.php?item/282000508 HTTP/1.1" 200 82836 "http://mail.dataharbor.africa/buy.php?item/226000752" "Mozilla/5.0 AppleWebKit/537.36 (KHTML, like Gecko; compatible; GPTBot/1.3; +https://openai.com/gptbot)"
74.7.227.135 - - [04/Apr/2026:12:24:40 +0000] "GET /buy.php?goods/036009817 HTTP/1.1" 200 88013 "http://dataharbor.africa.hpierson.com/buy.php?jp/120034237.html" "Mozilla/5.0 AppleWebKit/537.36 (KHTML, like Gecko; compatible; GPTBot/1.3; +https://openai.com/gptbot)"
74.7.242.31 - - [04/Apr/2026:12:24:41 +0000] "GET /buy.php?item/200046870 HTTP/1.1" 200 76746 "http://mail.dataharbor.africa/buy.php?item/200047032" "Mozilla/5.0 AppleWebKit/537.36 (KHTML, like Gecko; compatible; GPTBot/1.3; +https://openai.com/gptbot)"
74.7.242.39 - - [04/Apr/2026:12:24:42 +0000] "GET /buy.php?item/085000503 HTTP/1.1" 200 71486 "http://dataharbor.africa/buy.php?item/085000591" "Mozilla/5.0 AppleWebKit/537.36 (KHTML, like Gecko; compatible; GPTBot/1.3; +https://openai.com/gptbot)"
74.7.227.135 - - [04/Apr/2026:12:24:41 +0000] "GET /buy.php?item/282000312 HTTP/1.1" 200 81369 "http://dataharbor.africa.hpierson.com/buy.php?item/282000844" "Mozilla/5.0 AppleWebKit/537.36 (KHTML, like Gecko; compatible; GPTBot/1.3; +https://openai.com/gptbot)"
74.7.242.39 - - [04/Apr/2026:12:24:42 +0000] "GET /buy.php?item/085000589 HTTP/1.1" 200 71902 "http://dataharbor.africa/buy.php?item/085000495" "Mozilla/5.0 AppleWebKit/537.36 (KHTML, like Gecko; compatible; GPTBot/1.3; +https://openai.com/gptbot)"
74.7.227.135 - - [04/Apr/2026:12:24:43 +0000] "GET /buy.php?item/084000262 HTTP/1.1" 200 82484 "http://dataharbor.africa.hpierson.com/buy.php?item/084000918" "Mozilla/5.0 AppleWebKit/537.36 (KHTML, like Gecko; compatible; GPTBot/1.3; +https://openai.com/gptbot)"
74.7.242.31 - - [04/Apr/2026:12:24:43 +0000] "GET /buy.php?special/bounce/200042949 HTTP/1.1" 200 81115 "http://mail.dataharbor.africa/buy.php?item/200042912" "Mozilla/5.0 AppleWebKit/537.36 (KHTML, like Gecko; compatible; GPTBot/1.3; +https://openai.com/gptbot)"
74.7.227.135 - - [04/Apr/2026:12:24:44 +0000] "GET /buy.php?item/084000264 HTTP/1.1" 200 87308 "http://dataharbor.africa.hpierson.com/buy.php?item/084000918" "Mozilla/5.0 AppleWebKit/537.36 (KHTML, like Gecko; compatible; GPTBot/1.3; +https://openai.com/gptbot)"
74.7.242.39 - - [04/Apr/2026:12:24:44 +0000] "GET /buy.php?item/210008086 HTTP/1.1" 200 74359 "http://dataharbor.africa/buy.php?item/210008026" "Mozilla/5.0 AppleWebKit/537.36 (KHTML, like Gecko; compatible; GPTBot/1.3; +https://openai.com/gptbot)"
74.7.242.39 - - [04/Apr/2026:12:24:45 +0000] "GET /buy.php?item/210008078 HTTP/1.1" 200 75195 "http://dataharbor.africa/buy.php?item/210008026" "Mozilla/5.0 AppleWebKit/537.36 (KHTML, like Gecko; compatible; GPTBot/1.3; +https://openai.com/gptbot)"
74.7.227.135 - - [04/Apr/2026:12:24:45 +0000] "GET /buy.php?item/282000308 HTTP/1.1" 200 84142 "http://dataharbor.africa.hpierson.com/buy.php?item/282000844" "Mozilla/5.0 AppleWebKit/537.36 (KHTML, like Gecko; compatible; GPTBot/1.3; +https://openai.com/gptbot)"
74.7.242.39 - - [04/Apr/2026:12:24:46 +0000] "GET /buy.php?item/210008084 HTTP/1.1" 200 72812 "http://dataharbor.africa/buy.php?item/210008026" "Mozilla/5.0 AppleWebKit/537.36 (KHTML, like Gecko; compatible; GPTBot/1.3; +https://openai.com/gptbot)"
74.7.227.135 - - [04/Apr/2026:12:24:46 +0000] "GET /buy.php?item/084000108 HTTP/1.1" 200 80614 "http://dataharbor.africa.hpierson.com/buy.php?item/084000286" "Mozilla/5.0 AppleWebKit/537.36 (KHTML, like Gecko; compatible; GPTBot/1.3; +https://openai.com/gptbot)"
74.7.242.31 - - [04/Apr/2026:12:24:46 +0000] "GET /buy.php?item/265000457 HTTP/1.1" 200 87729 "http://mail.dataharbor.africa/buy.php?item/265000595" "Mozilla/5.0 AppleWebKit/537.36 (KHTML, like Gecko; compatible; GPTBot/1.3; +https://openai.com/gptbot)"
74.7.227.135 - - [04/Apr/2026:12:24:47 +0000] "GET /buy.php?item/084000646 HTTP/1.1" 200 86947 "http://dataharbor.africa.hpierson.com/buy.php?item/084000106" "Mozilla/5.0 AppleWebKit/537.36 (KHTML, like Gecko; compatible; GPTBot/1.3; +https://openai.com/gptbot)"
74.7.242.39 - - [04/Apr/2026:12:24:48 +0000] "GET /buy.php?item/111015931 HTTP/1.1" 200 77435 "http://dataharbor.africa/buy.php?item/111015945" "Mozilla/5.0 AppleWebKit/537.36 (KHTML, like Gecko; compatible; GPTBot/1.3; +https://openai.com/gptbot)"
74.7.227.135 - - [04/Apr/2026:12:24:48 +0000] "GET /buy.php?item/084000198 HTTP/1.1" 200 81640 "http://dataharbor.africa.hpierson.com/buy.php?item/084000318" "Mozilla/5.0 AppleWebKit/537.36 (KHTML, like Gecko; compatible; GPTBot/1.3; +https://openai.com/gptbot)"
74.7.242.31 - - [04/Apr/2026:12:24:49 +0000] "GET /buy.php?item/226000610 HTTP/1.1" 200 79307 "http://mail.dataharbor.africa/buy.php?item/226000814" "Mozilla/5.0 AppleWebKit/537.36 (KHTML, like Gecko; compatible; GPTBot/1.3; +https://openai.com/gptbot)"
74.7.242.39 - - [04/Apr/2026:12:24:49 +0000] "GET /buy.php?item/085000771 HTTP/1.1" 200 79362 "http://dataharbor.africa/buy.php?item/085000485" "Mozilla/5.0 AppleWebKit/537.36 (KHTML, like Gecko; compatible; GPTBot/1.3; +https://openai.com/gptbot)"
74.7.227.135 - - [04/Apr/2026:12:24:49 +0000] "GET /buy.php?item/222033928 HTTP/1.1" 200 87251 "http://dataharbor.africa.hpierson.com/buy.php?item/084000664" "Mozilla/5.0 AppleWebKit/537.36 (KHTML, like Gecko; compatible; GPTBot/1.3; +https://openai.com/gptbot)"
74.7.242.31 - - [04/Apr/2026:12:24:50 +0000] "GET /buy.php?item/282023778 HTTP/1.1" 200 81588 "http://mail.dataharbor.africa/buy.php?item/282000508" "Mozilla/5.0 AppleWebKit/537.36 (KHTML, like Gecko; compatible; GPTBot/1.3; +https://openai.com/gptbot)"
74.7.242.39 - - [04/Apr/2026:12:24:50 +0000] "GET /buy.php?item/085000611 HTTP/1.1" 200 70592 "http://dataharbor.africa/buy.php?item/085000455" "Mozilla/5.0 AppleWebKit/537.36 (KHTML, like Gecko; compatible; GPTBot/1.3; +https://openai.com/gptbot)"
74.7.242.31 - - [04/Apr/2026:12:24:50 +0000] "GET /buy.php?special/eastern/140032075 HTTP/1.1" 200 73743 "http://mail.dataharbor.africa/buy.php?item/200046870" "Mozilla/5.0 AppleWebKit/537.36 (KHTML, like Gecko; compatible; GPTBot/1.3; +https://openai.com/gptbot)"
74.7.242.39 - - [04/Apr/2026:12:24:51 +0000] "GET /buy.php?item/111036611 HTTP/1.1" 200 76253 "http://dataharbor.africa/buy.php?item/085000455" "Mozilla/5.0 AppleWebKit/537.36 (KHTML, like Gecko; compatible; GPTBot/1.3; +https://openai.com/gptbot)"
74.7.227.135 - - [04/Apr/2026:12:24:51 +0000] "GET /buy.php?item/084000278 HTTP/1.1" 200 81165 "http://dataharbor.africa.hpierson.com/buy.php?item/084000664" "Mozilla/5.0 AppleWebKit/537.36 (KHTML, like Gecko; compatible; GPTBot/1.3; +https://openai.com/gptbot)"
74.7.227.135 - - [04/Apr/2026:12:24:52 +0000] "GET /buy.php?item/084000260 HTTP/1.1" 200 86157 "http://dataharbor.africa.hpierson.com/buy.php?item/084000918" "Mozilla/5.0 AppleWebKit/537.36 (KHTML, like Gecko; compatible; GPTBot/1.3; +https://openai.com/gptbot)"
74.7.242.31 - - [04/Apr/2026:12:24:52 +0000] "GET /buy.php?item/226000608 HTTP/1.1" 200 78843 "http://mail.dataharbor.africa/buy.php?item/226000814" "Mozilla/5.0 AppleWebKit/537.36 (KHTML, like Gecko; compatible; GPTBot/1.3; +https://openai.com/gptbot)"
74.7.242.39 - - [04/Apr/2026:12:24:52 +0000] "GET /buy.php?special/try/085000630 HTTP/1.1" 200 74555 "http://dataharbor.africa/buy.php?item/085000503" "Mozilla/5.0 AppleWebKit/537.36 (KHTML, like Gecko; compatible; GPTBot/1.3; +https://openai.com/gptbot)"
74.7.227.135 - - [04/Apr/2026:12:24:53 +0000] "GET /buy.php?item/090005170 HTTP/1.1" 200 76273 "http://dataharbor.africa.hpierson.com/buy.php?item/090006336" "Mozilla/5.0 AppleWebKit/537.36 (KHTML, like Gecko; compatible; GPTBot/1.3; +https://openai.com/gptbot)"
74.7.242.31 - - [04/Apr/2026:12:24:53 +0000] "GET /buy.php?item/200001618 HTTP/1.1" 200 78647 "http://mail.dataharbor.africa/buy.php?special/bounce/200042949" "Mozilla/5.0 AppleWebKit/537.36 (KHTML, like Gecko; compatible; GPTBot/1.3; +https://openai.com/gptbot)"
74.7.242.39 - - [04/Apr/2026:12:24:53 +0000] "GET /buy.php?item/085000625 HTTP/1.1" 200 74595 "http://dataharbor.africa/buy.php?item/085000503" "Mozilla/5.0 AppleWebKit/537.36 (KHTML, like Gecko; compatible; GPTBot/1.3; +https://openai.com/gptbot)"
74.7.227.135 - - [04/Apr/2026:12:24:54 +0000] "GET /buy.php?item/084000282 HTTP/1.1" 200 82709 "http://dataharbor.africa.hpierson.com/buy.php?item/084000262" "Mozilla/5.0 AppleWebKit/537.36 (KHTML, like Gecko; compatible; GPTBot/1.3; +https://openai.com/gptbot)"
74.7.242.39 - - [04/Apr/2026:12:24:54 +0000] "GET /buy.php?item/210008048 HTTP/1.1" 200 78846 "http://dataharbor.africa/buy.php?item/210008086" "Mozilla/5.0 AppleWebKit/537.36 (KHTML, like Gecko; compatible; GPTBot/1.3; +https://openai.com/gptbot)"
74.7.227.135 - - [04/Apr/2026:12:24:54 +0000] "GET /buy.php?item/084000614 HTTP/1.1" 200 77484 "http://dataharbor.africa.hpierson.com/buy.php?item/084000264" "Mozilla/5.0 AppleWebKit/537.36 (KHTML, like Gecko; compatible; GPTBot/1.3; +https://openai.com/gptbot)"
74.7.242.39 - - [04/Apr/2026:12:24:55 +0000] "GET /buy.php?item/005033657 HTTP/1.1" 200 69547 "http://dataharbor.africa/buy.php?item/210008078" "Mozilla/5.0 AppleWebKit/537.36 (KHTML, like Gecko; compatible; GPTBot/1.3; +https://openai.com/gptbot)"
204.12.208.18 - - [04/Apr/2026:12:23:29 +0000] "GET /wp-includes/pl8fbac3/edit.php HTTP/1.1" 200 - "http://dataharbor.africa/wp-includes/pl8fbac3/edit.php" "Mozilla/5.0 (Windows NT 6.1) AppleWebKit/534.24 (KHTML, like Gecko) Chrome/11.0.696.65 Safari/534.24"
74.7.227.135 - - [04/Apr/2026:12:24:55 +0000] "GET /buy.php?item/043000609 HTTP/1.1" 200 76819 "http://dataharbor.africa.hpierson.com/buy.php?item/043000637" "Mozilla/5.0 AppleWebKit/537.36 (KHTML, like Gecko; compatible; GPTBot/1.3; +https://openai.com/gptbot)"
74.7.242.31 - - [04/Apr/2026:12:24:55 +0000] "GET /buy.php?special/equip/081040022 HTTP/1.1" 200 78989 "http://mail.dataharbor.africa/buy.php?item/265000457" "Mozilla/5.0 AppleWebKit/537.36 (KHTML, like Gecko; compatible; GPTBot/1.3; +https://openai.com/gptbot)"
74.7.242.39 - - [04/Apr/2026:12:24:56 +0000] "GET /buy.php?item/210008052 HTTP/1.1" 200 72561 "http://dataharbor.africa/buy.php?item/210008086" "Mozilla/5.0 AppleWebKit/537.36 (KHTML, like Gecko; compatible; GPTBot/1.3; +https://openai.com/gptbot)"
74.7.227.135 - - [04/Apr/2026:12:24:56 +0000] "GET /buy.php?special/ultimate/192014215 HTTP/1.1" 200 77481 "http://dataharbor.africa.hpierson.com/buy.php?item/084000108" "Mozilla/5.0 AppleWebKit/537.36 (KHTML, like Gecko; compatible; GPTBot/1.3; +https://openai.com/gptbot)"
74.7.242.39 - - [04/Apr/2026:12:24:56 +0000] "GET /buy.php?item/111015913 HTTP/1.1" 200 72011 "http://dataharbor.africa/buy.php?item/111015945" "Mozilla/5.0 AppleWebKit/537.36 (KHTML, like Gecko; compatible; GPTBot/1.3; +https://openai.com/gptbot)"
74.7.242.39 - - [04/Apr/2026:12:24:57 +0000] "GET /buy.php?item/062031956 HTTP/1.1" 200 89087 "http://dataharbor.africa/buy.php?item/111015931" "Mozilla/5.0 AppleWebKit/537.36 (KHTML, like Gecko; compatible; GPTBot/1.3; +https://openai.com/gptbot)"
74.7.227.135 - - [04/Apr/2026:12:24:57 +0000] "GET /buy.php?item/084000654 HTTP/1.1" 200 88353 "http://dataharbor.africa.hpierson.com/buy.php?item/084000108" "Mozilla/5.0 AppleWebKit/537.36 (KHTML, like Gecko; compatible; GPTBot/1.3; +https://openai.com/gptbot)"
74.7.242.39 - - [04/Apr/2026:12:24:58 +0000] "GET /buy.php?item/246014706 HTTP/1.1" 200 79062 "http://dataharbor.africa/buy.php?item/085000771" "Mozilla/5.0 AppleWebKit/537.36 (KHTML, like Gecko; compatible; GPTBot/1.3; +https://openai.com/gptbot)"
74.7.227.135 - - [04/Apr/2026:12:24:58 +0000] "GET /buy.php?item/084000656 HTTP/1.1" 200 85665 "http://dataharbor.africa.hpierson.com/buy.php?item/084000108" "Mozilla/5.0 AppleWebKit/537.36 (KHTML, like Gecko; compatible; GPTBot/1.3; +https://openai.com/gptbot)"
74.7.227.135 - - [04/Apr/2026:12:24:59 +0000] "GET /buy.php?item/084000658 HTTP/1.1" 200 87376 "http://dataharbor.africa.hpierson.com/buy.php?item/084000108" "Mozilla/5.0 AppleWebKit/537.36 (KHTML, like Gecko; compatible; GPTBot/1.3; +https://openai.com/gptbot)"
74.7.242.39 - - [04/Apr/2026:12:24:59 +0000] "GET /buy.php?item/085000809 HTTP/1.1" 200 74063 "http://dataharbor.africa/buy.php?item/085000645" "Mozilla/5.0 AppleWebKit/537.36 (KHTML, like Gecko; compatible; GPTBot/1.3; +https://openai.com/gptbot)"
74.7.242.39 - - [04/Apr/2026:12:25:00 +0000] "GET /buy.php?item/111036999 HTTP/1.1" 200 83141 "http://dataharbor.africa/buy.php?item/111036611" "Mozilla/5.0 AppleWebKit/537.36 (KHTML, like Gecko; compatible; GPTBot/1.3; +https://openai.com/gptbot)"
74.7.227.135 - - [04/Apr/2026:12:25:01 +0000] "GET /buy.php?item/222009206 HTTP/1.1" 200 100011 "http://dataharbor.africa.hpierson.com/buy.php?item/222033928" "Mozilla/5.0 AppleWebKit/537.36 (KHTML, like Gecko; compatible; GPTBot/1.3; +https://openai.com/gptbot)"
74.7.242.39 - - [04/Apr/2026:12:25:02 +0000] "GET /buy.php?item/085000767 HTTP/1.1" 200 73503 "http://dataharbor.africa/buy.php?special/try/085000630" "Mozilla/5.0 AppleWebKit/537.36 (KHTML, like Gecko; compatible; GPTBot/1.3; +https://openai.com/gptbot)"
74.7.242.31 - - [04/Apr/2026:12:25:02 +0000] "GET /buy.php?item/111008923 HTTP/1.1" 200 72878 "http://mail.dataharbor.africa/buy.php?item/111009169" "Mozilla/5.0 AppleWebKit/537.36 (KHTML, like Gecko; compatible; GPTBot/1.3; +https://openai.com/gptbot)"
74.7.227.135 - - [04/Apr/2026:12:25:02 +0000] "GET /buy.php?item/084000100 HTTP/1.1" 200 88494 "http://dataharbor.africa.hpierson.com/buy.php?item/084000260" "Mozilla/5.0 AppleWebKit/537.36 (KHTML, like Gecko; compatible; GPTBot/1.3; +https://openai.com/gptbot)"
74.7.242.39 - - [04/Apr/2026:12:25:03 +0000] "GET /buy.php?item/085000833 HTTP/1.1" 200 71319 "http://dataharbor.africa/buy.php?item/085000625" "Mozilla/5.0 AppleWebKit/537.36 (KHTML, like Gecko; compatible; GPTBot/1.3; +https://openai.com/gptbot)"
74.7.242.31 - - [04/Apr/2026:12:25:03 +0000] "GET /buy.php?item/210008796 HTTP/1.1" 200 76047 "http://mail.dataharbor.africa/buy.php?item/210009122" "Mozilla/5.0 AppleWebKit/537.36 (KHTML, like Gecko; compatible; GPTBot/1.3; +https://openai.com/gptbot)"
74.7.227.135 - - [04/Apr/2026:12:25:03 +0000] "GET /buy.php?item/237019327 HTTP/1.1" 200 92227 "http://dataharbor.africa.hpierson.com/buy.php?item/090005170" "Mozilla/5.0 AppleWebKit/537.36 (KHTML, like Gecko; compatible; GPTBot/1.3; +https://openai.com/gptbot)"
74.7.242.31 - - [04/Apr/2026:12:25:04 +0000] "GET /buy.php?item/133000445 HTTP/1.1" 200 85103 "http://mail.dataharbor.africa/buy.php?item/133000369" "Mozilla/5.0 AppleWebKit/537.36 (KHTML, like Gecko; compatible; GPTBot/1.3; +https://openai.com/gptbot)"
74.7.242.39 - - [04/Apr/2026:12:25:04 +0000] "GET /buy.php?item/085000705 HTTP/1.1" 200 77957 "http://dataharbor.africa/buy.php?item/085000611" "Mozilla/5.0 AppleWebKit/537.36 (KHTML, like Gecko; compatible; GPTBot/1.3; +https://openai.com/gptbot)"
74.7.227.135 - - [04/Apr/2026:12:25:04 +0000] "GET /buy.php?item/084000456 HTTP/1.1" 200 80990 "http://dataharbor.africa.hpierson.com/buy.php?item/084000282" "Mozilla/5.0 AppleWebKit/537.36 (KHTML, like Gecko; compatible; GPTBot/1.3; +https://openai.com/gptbot)"
74.7.242.39 - - [04/Apr/2026:12:25:05 +0000] "GET /buy.php?item/210008042 HTTP/1.1" 200 77822 "http://dataharbor.africa/buy.php?item/210008048" "Mozilla/5.0 AppleWebKit/537.36 (KHTML, like Gecko; compatible; GPTBot/1.3; +https://openai.com/gptbot)"
74.7.227.135 - - [04/Apr/2026:12:25:05 +0000] "GET /buy.php?item/084000384 HTTP/1.1" 200 89204 "http://dataharbor.africa.hpierson.com/buy.php?item/084000646" "Mozilla/5.0 AppleWebKit/537.36 (KHTML, like Gecko; compatible; GPTBot/1.3; +https://openai.com/gptbot)"
74.7.242.39 - - [04/Apr/2026:12:25:05 +0000] "GET /buy.php?item/114007330 HTTP/1.1" 200 71668 "http://dataharbor.africa/buy.php?item/210008052" "Mozilla/5.0 AppleWebKit/537.36 (KHTML, like Gecko; compatible; GPTBot/1.3; +https://openai.com/gptbot)"
74.7.242.31 - - [04/Apr/2026:12:25:05 +0000] "GET /buy.php?item/222037018 HTTP/1.1" 200 93170 "http://mail.dataharbor.africa/buy.php?item/222038008" "Mozilla/5.0 AppleWebKit/537.36 (KHTML, like Gecko; compatible; GPTBot/1.3; +https://openai.com/gptbot)"
74.7.227.135 - - [04/Apr/2026:12:25:06 +0000] "GET /buy.php?item/043000153 HTTP/1.1" 200 79857 "http://dataharbor.africa.hpierson.com/buy.php?item/043000609" "Mozilla/5.0 AppleWebKit/537.36 (KHTML, like Gecko; compatible; GPTBot/1.3; +https://openai.com/gptbot)"
74.7.242.39 - - [04/Apr/2026:12:25:06 +0000] "GET /buy.php?item/210008116 HTTP/1.1" 200 77852 "http://dataharbor.africa/buy.php?item/210008052" "Mozilla/5.0 AppleWebKit/537.36 (KHTML, like Gecko; compatible; GPTBot/1.3; +https://openai.com/gptbot)"
74.7.227.135 - - [04/Apr/2026:12:25:07 +0000] "GET /buy.php?item/229005131 HTTP/1.1" 200 77643 "http://dataharbor.africa.hpierson.com/buy.php?special/ultimate/192014215" "Mozilla/5.0 AppleWebKit/537.36 (KHTML, like Gecko; compatible; GPTBot/1.3; +https://openai.com/gptbot)"
74.7.242.39 - - [04/Apr/2026:12:25:07 +0000] "GET /buy.php?item/111015573 HTTP/1.1" 200 72116 "http://dataharbor.africa/buy.php?item/111015913" "Mozilla/5.0 AppleWebKit/537.36 (KHTML, like Gecko; compatible; GPTBot/1.3; +https://openai.com/gptbot)"
74.7.227.135 - - [04/Apr/2026:12:25:07 +0000] "GET /buy.php?item/043000155 HTTP/1.1" 200 72818 "http://dataharbor.africa.hpierson.com/buy.php?item/043000609" "Mozilla/5.0 AppleWebKit/537.36 (KHTML, like Gecko; compatible; GPTBot/1.3; +https://openai.com/gptbot)"
74.7.242.39 - - [04/Apr/2026:12:25:08 +0000] "GET /buy.php?item/111015583 HTTP/1.1" 200 74378 "http://dataharbor.africa/buy.php?item/111015913" "Mozilla/5.0 AppleWebKit/537.36 (KHTML, like Gecko; compatible; GPTBot/1.3; +https://openai.com/gptbot)"
74.7.227.135 - - [04/Apr/2026:12:25:08 +0000] "GET /buy.php?item/084000928 HTTP/1.1" 200 92602 "http://dataharbor.africa.hpierson.com/buy.php?item/084000654" "Mozilla/5.0 AppleWebKit/537.36 (KHTML, like Gecko; compatible; GPTBot/1.3; +https://openai.com/gptbot)"
74.7.242.39 - - [04/Apr/2026:12:25:09 +0000] "GET /buy.php?item/085000745 HTTP/1.1" 200 75336 "http://dataharbor.africa/buy.php?item/085000809" "Mozilla/5.0 AppleWebKit/537.36 (KHTML, like Gecko; compatible; GPTBot/1.3; +https://openai.com/gptbot)"
74.7.242.31 - - [04/Apr/2026:12:25:09 +0000] "GET /buy.php?item/230008786 HTTP/1.1" 200 76071 "http://mail.dataharbor.africa/buy.php?item/230000018" "Mozilla/5.0 AppleWebKit/537.36 (KHTML, like Gecko; compatible; GPTBot/1.3; +https://openai.com/gptbot)"
74.7.227.135 - - [04/Apr/2026:12:25:10 +0000] "GET /buy.php?item/084000102 HTTP/1.1" 200 83194 "http://dataharbor.africa.hpierson.com/buy.php?item/084000260" "Mozilla/5.0 AppleWebKit/537.36 (KHTML, like Gecko; compatible; GPTBot/1.3; +https://openai.com/gptbot)"
74.7.242.39 - - [04/Apr/2026:12:25:10 +0000] "GET /buy.php?item/160006396 HTTP/1.1" 200 83808 "http://dataharbor.africa/buy.php?item/111036999" "Mozilla/5.0 AppleWebKit/537.36 (KHTML, like Gecko; compatible; GPTBot/1.3; +https://openai.com/gptbot)"
74.7.227.135 - - [04/Apr/2026:12:25:11 +0000] "GET /buy.php?item/084000104 HTTP/1.1" 200 82739 "http://dataharbor.africa.hpierson.com/buy.php?item/084000198" "Mozilla/5.0 AppleWebKit/537.36 (KHTML, like Gecko; compatible; GPTBot/1.3; +https://openai.com/gptbot)"
74.7.242.31 - - [04/Apr/2026:12:25:11 +0000] "GET /buy.php?item/300026214 HTTP/1.1" 200 91513 "http://mail.dataharbor.africa/buy.php?item/300024072" "Mozilla/5.0 AppleWebKit/537.36 (KHTML, like Gecko; compatible; GPTBot/1.3; +https://openai.com/gptbot)"
74.7.242.39 - - [04/Apr/2026:12:25:11 +0000] "GET /buy.php?item/085000747 HTTP/1.1" 200 75928 "http://dataharbor.africa/buy.php?item/085000809" "Mozilla/5.0 AppleWebKit/537.36 (KHTML, like Gecko; compatible; GPTBot/1.3; +https://openai.com/gptbot)"
74.7.227.135 - - [04/Apr/2026:12:25:12 +0000] "GET /buy.php?item/222009204 HTTP/1.1" 200 95874 "http://dataharbor.africa.hpierson.com/buy.php?item/222033928" "Mozilla/5.0 AppleWebKit/537.36 (KHTML, like Gecko; compatible; GPTBot/1.3; +https://openai.com/gptbot)"
74.7.242.39 - - [04/Apr/2026:12:25:12 +0000] "GET /buy.php?item/085000559 HTTP/1.1" 200 70163 "http://dataharbor.africa/buy.php?special/stick/085000456" "Mozilla/5.0 AppleWebKit/537.36 (KHTML, like Gecko; compatible; GPTBot/1.3; +https://openai.com/gptbot)"
74.7.242.31 - - [04/Apr/2026:12:25:12 +0000] "GET /buy.php?item/079043999 HTTP/1.1" 200 76226 "http://mail.dataharbor.africa/buy.php?item/210008796" "Mozilla/5.0 AppleWebKit/537.36 (KHTML, like Gecko; compatible; GPTBot/1.3; +https://openai.com/gptbot)"
74.7.227.135 - - [04/Apr/2026:12:25:13 +0000] "GET /buy.php?item/111012251 HTTP/1.1" 200 88681 "http://dataharbor.africa.hpierson.com/buy.php?item/111012617" "Mozilla/5.0 AppleWebKit/537.36 (KHTML, like Gecko; compatible; GPTBot/1.3; +https://openai.com/gptbot)"
74.7.242.39 - - [04/Apr/2026:12:25:13 +0000] "GET /buy.php?item/085000695 HTTP/1.1" 200 71089 "http://dataharbor.africa/buy.php?item/085000705" "Mozilla/5.0 AppleWebKit/537.36 (KHTML, like Gecko; compatible; GPTBot/1.3; +https://openai.com/gptbot)"
74.7.242.31 - - [04/Apr/2026:12:25:13 +0000] "GET /buy.php?item/210008488 HTTP/1.1" 200 76504 "http://mail.dataharbor.africa/buy.php?item/210008796" "Mozilla/5.0 AppleWebKit/537.36 (KHTML, like Gecko; compatible; GPTBot/1.3; +https://openai.com/gptbot)"
74.7.242.39 - - [04/Apr/2026:12:25:14 +0000] "GET /buy.php?special/blast/148026637 HTTP/1.1" 200 74773 "http://dataharbor.africa/buy.php?item/210008042" "Mozilla/5.0 AppleWebKit/537.36 (KHTML, like Gecko; compatible; GPTBot/1.3; +https://openai.com/gptbot)"
74.7.242.31 - - [04/Apr/2026:12:25:14 +0000] "GET /buy.php?item/210008492 HTTP/1.1" 200 77001 "http://mail.dataharbor.africa/buy.php?item/210008796" "Mozilla/5.0 AppleWebKit/537.36 (KHTML, like Gecko; compatible; GPTBot/1.3; +https://openai.com/gptbot)"
74.7.227.135 - - [04/Apr/2026:12:25:14 +0000] "GET /buy.php?item/096000336 HTTP/1.1" 200 76559 "http://dataharbor.africa.hpierson.com/buy.php?item/096000126" "Mozilla/5.0 AppleWebKit/537.36 (KHTML, like Gecko; compatible; GPTBot/1.3; +https://openai.com/gptbot)"
74.7.242.39 - - [04/Apr/2026:12:25:14 +0000] "GET /buy.php?item/210008044 HTTP/1.1" 200 74919 "http://dataharbor.africa/buy.php?item/210008042" "Mozilla/5.0 AppleWebKit/537.36 (KHTML, like Gecko; compatible; GPTBot/1.3; +https://openai.com/gptbot)"
74.7.242.31 - - [04/Apr/2026:12:25:14 +0000] "GET /buy.php?item/222036686 HTTP/1.1" 200 116767 "http://mail.dataharbor.africa/buy.php?item/222037018" "Mozilla/5.0 AppleWebKit/537.36 (KHTML, like Gecko; compatible; GPTBot/1.3; +https://openai.com/gptbot)"
74.7.227.135 - - [04/Apr/2026:12:25:15 +0000] "GET /buy.php?item/037000209 HTTP/1.1" 200 83790 "http://dataharbor.africa.hpierson.com/buy.php?item/037000351" "Mozilla/5.0 AppleWebKit/537.36 (KHTML, like Gecko; compatible; GPTBot/1.3; +https://openai.com/gptbot)"
74.7.242.39 - - [04/Apr/2026:12:25:15 +0000] "GET /buy.php?item/244000810 HTTP/1.1" 200 98396 "http://dataharbor.africa/buy.php?item/210008116" "Mozilla/5.0 AppleWebKit/537.36 (KHTML, like Gecko; compatible; GPTBot/1.3; +https://openai.com/gptbot)"
74.7.242.31 - - [04/Apr/2026:12:25:15 +0000] "GET /buy.php?item/100032904 HTTP/1.1" 200 88042 "http://mail.dataharbor.africa/buy.php?item/100032816" "Mozilla/5.0 AppleWebKit/537.36 (KHTML, like Gecko; compatible; GPTBot/1.3; +https://openai.com/gptbot)"
74.7.227.135 - - [04/Apr/2026:12:25:15 +0000] "GET /buy.php?item/094000966 HTTP/1.1" 200 76769 "http://dataharbor.africa.hpierson.com/buy.php?item/094000932" "Mozilla/5.0 AppleWebKit/537.36 (KHTML, like Gecko; compatible; GPTBot/1.3; +https://openai.com/gptbot)"
74.7.242.39 - - [04/Apr/2026:12:25:16 +0000] "GET /buy.php?item/111015409 HTTP/1.1" 200 75108 "http://dataharbor.africa/buy.php?item/111015573" "Mozilla/5.0 AppleWebKit/537.36 (KHTML, like Gecko; compatible; GPTBot/1.3; +https://openai.com/gptbot)"
74.7.227.135 - - [04/Apr/2026:12:25:16 +0000] "GET /buy.php?item/186028850 HTTP/1.1" 200 74783 "http://dataharbor.africa.hpierson.com/buy.php?item/043000155" "Mozilla/5.0 AppleWebKit/537.36 (KHTML, like Gecko; compatible; GPTBot/1.3; +https://openai.com/gptbot)"
74.7.227.135 - - [04/Apr/2026:12:25:17 +0000] "GET /buy.php?item/043000199 HTTP/1.1" 200 74585 "http://dataharbor.africa.hpierson.com/buy.php?item/043000155" "Mozilla/5.0 AppleWebKit/537.36 (KHTML, like Gecko; compatible; GPTBot/1.3; +https://openai.com/gptbot)"
74.7.242.31 - - [04/Apr/2026:12:25:17 +0000] "GET /buy.php?item/049000825 HTTP/1.1" 200 104152 "http://mail.dataharbor.africa/buy.php?item/049000689" "Mozilla/5.0 AppleWebKit/537.36 (KHTML, like Gecko; compatible; GPTBot/1.3; +https://openai.com/gptbot)"
74.7.242.39 - - [04/Apr/2026:12:25:17 +0000] "GET /buy.php?item/111015457 HTTP/1.1" 200 73996 "http://dataharbor.africa/buy.php?item/111015583" "Mozilla/5.0 AppleWebKit/537.36 (KHTML, like Gecko; compatible; GPTBot/1.3; +https://openai.com/gptbot)"
74.7.227.135 - - [04/Apr/2026:12:25:18 +0000] "GET /buy.php?item/043000203 HTTP/1.1" 200 80177 "http://dataharbor.africa.hpierson.com/buy.php?item/043000155" "Mozilla/5.0 AppleWebKit/537.36 (KHTML, like Gecko; compatible; GPTBot/1.3; +https://openai.com/gptbot)"
74.7.242.39 - - [04/Apr/2026:12:25:18 +0000] "GET /buy.php?item/111015447 HTTP/1.1" 200 75659 "http://dataharbor.africa/buy.php?item/111015583" "Mozilla/5.0 AppleWebKit/537.36 (KHTML, like Gecko; compatible; GPTBot/1.3; +https://openai.com/gptbot)"
74.7.242.31 - - [04/Apr/2026:12:25:18 +0000] "GET /buy.php?item/230000022 HTTP/1.1" 200 72886 "http://mail.dataharbor.africa/buy.php?item/230008786" "Mozilla/5.0 AppleWebKit/537.36 (KHTML, like Gecko; compatible; GPTBot/1.3; +https://openai.com/gptbot)"
74.7.227.135 - - [04/Apr/2026:12:25:19 +0000] "GET /buy.php?special/black/189028424 HTTP/1.1" 200 67951 "http://dataharbor.africa.hpierson.com/buy.php?item/084000102" "Mozilla/5.0 AppleWebKit/537.36 (KHTML, like Gecko; compatible; GPTBot/1.3; +https://openai.com/gptbot)"
74.7.242.31 - - [04/Apr/2026:12:25:19 +0000] "GET /buy.php?item/230000024 HTTP/1.1" 200 78295 "http://mail.dataharbor.africa/buy.php?item/230008786" "Mozilla/5.0 AppleWebKit/537.36 (KHTML, like Gecko; compatible; GPTBot/1.3; +https://openai.com/gptbot)"
74.7.227.135 - - [04/Apr/2026:12:25:20 +0000] "GET /buy.php?item/084000566 HTTP/1.1" 200 88694 "http://dataharbor.africa.hpierson.com/buy.php?item/084000102" "Mozilla/5.0 AppleWebKit/537.36 (KHTML, like Gecko; compatible; GPTBot/1.3; +https://openai.com/gptbot)"
74.7.242.39 - - [04/Apr/2026:12:25:20 +0000] "GET /buy.php?item/111015407 HTTP/1.1" 200 75693 "http://dataharbor.africa/buy.php?item/111015573" "Mozilla/5.0 AppleWebKit/537.36 (KHTML, like Gecko; compatible; GPTBot/1.3; +https://openai.com/gptbot)"
74.7.242.39 - - [04/Apr/2026:12:25:21 +0000] "GET /buy.php?item/111015477 HTTP/1.1" 200 71513 "http://dataharbor.africa/buy.php?item/111015583" "Mozilla/5.0 AppleWebKit/537.36 (KHTML, like Gecko; compatible; GPTBot/1.3; +https://openai.com/gptbot)"
74.7.227.135 - - [04/Apr/2026:12:25:20 +0000] "GET /buy.php?item/084000568 HTTP/1.1" 200 81077 "http://dataharbor.africa.hpierson.com/buy.php?item/084000102" "Mozilla/5.0 AppleWebKit/537.36 (KHTML, like Gecko; compatible; GPTBot/1.3; +https://openai.com/gptbot)"
74.7.242.31 - - [04/Apr/2026:12:25:21 +0000] "GET /buy.php?item/300024990 HTTP/1.1" 200 97793 "http://mail.dataharbor.africa/buy.php?item/300026214" "Mozilla/5.0 AppleWebKit/537.36 (KHTML, like Gecko; compatible; GPTBot/1.3; +https://openai.com/gptbot)"
74.7.242.39 - - [04/Apr/2026:12:25:21 +0000] "GET /buy.php?item/210008088 HTTP/1.1" 200 72268 "http://dataharbor.africa/buy.php?item/210008116" "Mozilla/5.0 AppleWebKit/537.36 (KHTML, like Gecko; compatible; GPTBot/1.3; +https://openai.com/gptbot)"
