74.7.227.135 - - [04/Apr/2026:12:59:15 +0000] "GET /buy.php?item/060041082 HTTP/1.1" 200 77362 "http://dataharbor.africa.hpierson.com/buy.php?item/040003312" "Mozilla/5.0 AppleWebKit/537.36 (KHTML, like Gecko; compatible; GPTBot/1.3; +https://openai.com/gptbot)"
74.7.242.39 - - [04/Apr/2026:12:59:15 +0000] "GET /buy.php?item/111012741 HTTP/1.1" 200 74815 "http://dataharbor.africa/buy.php?item/111013043" "Mozilla/5.0 AppleWebKit/537.36 (KHTML, like Gecko; compatible; GPTBot/1.3; +https://openai.com/gptbot)"
74.7.242.31 - - [04/Apr/2026:12:59:15 +0000] "GET /buy.php?item/070001498 HTTP/1.1" 200 79800 "http://mail.dataharbor.africa/buy.php?item/222006058" "Mozilla/5.0 AppleWebKit/537.36 (KHTML, like Gecko; compatible; GPTBot/1.3; +https://openai.com/gptbot)"
74.7.242.39 - - [04/Apr/2026:12:59:16 +0000] "GET /buy.php?item/060005740 HTTP/1.1" 200 81728 "http://dataharbor.africa/buy.php?item/060007830" "Mozilla/5.0 AppleWebKit/537.36 (KHTML, like Gecko; compatible; GPTBot/1.3; +https://openai.com/gptbot)"
74.7.242.39 - - [04/Apr/2026:12:59:17 +0000] "GET /buy.php?item/111013653 HTTP/1.1" 200 78437 "http://dataharbor.africa/buy.php?item/111012855" "Mozilla/5.0 AppleWebKit/537.36 (KHTML, like Gecko; compatible; GPTBot/1.3; +https://openai.com/gptbot)"
74.7.242.31 - - [04/Apr/2026:12:59:17 +0000] "GET /buy.php?item/061000485 HTTP/1.1" 200 84245 "http://mail.dataharbor.africa/buy.php?item/061000801" "Mozilla/5.0 AppleWebKit/537.36 (KHTML, like Gecko; compatible; GPTBot/1.3; +https://openai.com/gptbot)"
74.7.227.135 - - [04/Apr/2026:12:59:18 +0000] "GET /buy.php?item/173048137 HTTP/1.1" 200 72736 "http://dataharbor.africa.hpierson.com/buy.php?item/040003694" "Mozilla/5.0 AppleWebKit/537.36 (KHTML, like Gecko; compatible; GPTBot/1.3; +https://openai.com/gptbot)"
74.7.242.39 - - [04/Apr/2026:12:59:18 +0000] "GET /buy.php?item/111013305 HTTP/1.1" 200 76363 "http://dataharbor.africa/buy.php?item/111013409" "Mozilla/5.0 AppleWebKit/537.36 (KHTML, like Gecko; compatible; GPTBot/1.3; +https://openai.com/gptbot)"
74.7.227.135 - - [04/Apr/2026:12:59:20 +0000] "GET /buy.php?item/219008111 HTTP/1.1" 200 82522 "http://dataharbor.africa.hpierson.com/buy.php?item/098000956" "Mozilla/5.0 AppleWebKit/537.36 (KHTML, like Gecko; compatible; GPTBot/1.3; +https://openai.com/gptbot)"
74.7.242.39 - - [04/Apr/2026:12:59:20 +0000] "GET /buy.php?item/111012819 HTTP/1.1" 200 73158 "http://dataharbor.africa/buy.php?item/111013407" "Mozilla/5.0 AppleWebKit/537.36 (KHTML, like Gecko; compatible; GPTBot/1.3; +https://openai.com/gptbot)"
74.7.227.135 - - [04/Apr/2026:12:59:21 +0000] "GET /buy.php?item/050006518 HTTP/1.1" 200 79389 "http://dataharbor.africa.hpierson.com/buy.php?item/050006388" "Mozilla/5.0 AppleWebKit/537.36 (KHTML, like Gecko; compatible; GPTBot/1.3; +https://openai.com/gptbot)"
74.7.242.39 - - [04/Apr/2026:12:59:21 +0000] "GET /buy.php?item/111012817 HTTP/1.1" 200 73955 "http://dataharbor.africa/buy.php?item/111013407" "Mozilla/5.0 AppleWebKit/537.36 (KHTML, like Gecko; compatible; GPTBot/1.3; +https://openai.com/gptbot)"
74.7.227.135 - - [04/Apr/2026:12:59:22 +0000] "GET /buy.php?item/239049333 HTTP/1.1" 200 72351 "http://dataharbor.africa.hpierson.com/buy.php?item/097001941" "Mozilla/5.0 AppleWebKit/537.36 (KHTML, like Gecko; compatible; GPTBot/1.3; +https://openai.com/gptbot)"
74.7.242.31 - - [04/Apr/2026:12:59:22 +0000] "GET /buy.php?item/019000643 HTTP/1.1" 200 73965 "http://mail.dataharbor.africa/buy.php?item/019000973" "Mozilla/5.0 AppleWebKit/537.36 (KHTML, like Gecko; compatible; GPTBot/1.3; +https://openai.com/gptbot)"
74.7.242.39 - - [04/Apr/2026:12:59:22 +0000] "GET /buy.php?item/111012815 HTTP/1.1" 200 75969 "http://dataharbor.africa/buy.php?item/111013407" "Mozilla/5.0 AppleWebKit/537.36 (KHTML, like Gecko; compatible; GPTBot/1.3; +https://openai.com/gptbot)"
74.7.227.135 - - [04/Apr/2026:12:59:23 +0000] "GET /buy.php?item/098000566 HTTP/1.1" 200 88885 "http://dataharbor.africa.hpierson.com/buy.php?item/098000960" "Mozilla/5.0 AppleWebKit/537.36 (KHTML, like Gecko; compatible; GPTBot/1.3; +https://openai.com/gptbot)"
74.7.242.39 - - [04/Apr/2026:12:59:24 +0000] "GET /buy.php?item/222031424 HTTP/1.1" 200 89316 "http://dataharbor.africa/buy.php?item/222011720" "Mozilla/5.0 AppleWebKit/537.36 (KHTML, like Gecko; compatible; GPTBot/1.3; +https://openai.com/gptbot)"
74.7.227.135 - - [04/Apr/2026:12:59:24 +0000] "GET /buy.php?item/028032364 HTTP/1.1" 200 94847 "http://dataharbor.africa.hpierson.com/buy.php?item/098000690" "Mozilla/5.0 AppleWebKit/537.36 (KHTML, like Gecko; compatible; GPTBot/1.3; +https://openai.com/gptbot)"
74.7.242.31 - - [04/Apr/2026:12:59:25 +0000] "GET /buy.php?item/070000876 HTTP/1.1" 200 79034 "http://mail.dataharbor.africa/buy.php?item/070001498" "Mozilla/5.0 AppleWebKit/537.36 (KHTML, like Gecko; compatible; GPTBot/1.3; +https://openai.com/gptbot)"
74.7.227.135 - - [04/Apr/2026:12:59:25 +0000] "GET /buy.php?item/098000722 HTTP/1.1" 200 86687 "http://dataharbor.africa.hpierson.com/buy.php?item/098000690" "Mozilla/5.0 AppleWebKit/537.36 (KHTML, like Gecko; compatible; GPTBot/1.3; +https://openai.com/gptbot)"
74.7.242.39 - - [04/Apr/2026:12:59:26 +0000] "GET /buy.php?item/060005736 HTTP/1.1" 200 79562 "http://dataharbor.africa/buy.php?item/060005740" "Mozilla/5.0 AppleWebKit/537.36 (KHTML, like Gecko; compatible; GPTBot/1.3; +https://openai.com/gptbot)"
74.7.242.31 - - [04/Apr/2026:12:59:27 +0000] "GET /buy.php?item/070000874 HTTP/1.1" 200 79762 "http://mail.dataharbor.africa/buy.php?item/070001498" "Mozilla/5.0 AppleWebKit/537.36 (KHTML, like Gecko; compatible; GPTBot/1.3; +https://openai.com/gptbot)"
74.7.227.135 - - [04/Apr/2026:12:59:27 +0000] "GET /buy.php?item/050006514 HTTP/1.1" 200 81374 "http://dataharbor.africa.hpierson.com/buy.php?item/050006388" "Mozilla/5.0 AppleWebKit/537.36 (KHTML, like Gecko; compatible; GPTBot/1.3; +https://openai.com/gptbot)"
74.7.242.31 - - [04/Apr/2026:12:59:27 +0000] "GET /buy.php?item/150017444 HTTP/1.1" 200 78766 "http://mail.dataharbor.africa/buy.php?item/100004984" "Mozilla/5.0 AppleWebKit/537.36 (KHTML, like Gecko; compatible; GPTBot/1.3; +https://openai.com/gptbot)"
74.7.227.135 - - [04/Apr/2026:12:59:28 +0000] "GET /buy.php?item/098000698 HTTP/1.1" 200 103729 "http://dataharbor.africa.hpierson.com/buy.php?item/098000956" "Mozilla/5.0 AppleWebKit/537.36 (KHTML, like Gecko; compatible; GPTBot/1.3; +https://openai.com/gptbot)"
74.7.242.39 - - [04/Apr/2026:12:59:28 +0000] "GET /buy.php?item/111012709 HTTP/1.1" 200 76978 "http://dataharbor.africa/buy.php?item/111013305" "Mozilla/5.0 AppleWebKit/537.36 (KHTML, like Gecko; compatible; GPTBot/1.3; +https://openai.com/gptbot)"
74.7.242.31 - - [04/Apr/2026:12:59:29 +0000] "GET /buy.php?item/100012776 HTTP/1.1" 200 77476 "http://mail.dataharbor.africa/buy.php?item/100012830" "Mozilla/5.0 AppleWebKit/537.36 (KHTML, like Gecko; compatible; GPTBot/1.3; +https://openai.com/gptbot)"
74.7.242.31 - - [04/Apr/2026:12:59:30 +0000] "GET /buy.php?item/218033352 HTTP/1.1" 200 75397 "http://mail.dataharbor.africa/buy.php?item/190000906" "Mozilla/5.0 AppleWebKit/537.36 (KHTML, like Gecko; compatible; GPTBot/1.3; +https://openai.com/gptbot)"
74.7.242.39 - - [04/Apr/2026:12:59:30 +0000] "GET /buy.php?item/111013107 HTTP/1.1" 200 79131 "http://dataharbor.africa/buy.php?item/111013653" "Mozilla/5.0 AppleWebKit/537.36 (KHTML, like Gecko; compatible; GPTBot/1.3; +https://openai.com/gptbot)"
74.7.242.39 - - [04/Apr/2026:12:59:31 +0000] "GET /buy.php?item/111013047 HTTP/1.1" 200 72202 "http://dataharbor.africa/buy.php?item/111012817" "Mozilla/5.0 AppleWebKit/537.36 (KHTML, like Gecko; compatible; GPTBot/1.3; +https://openai.com/gptbot)"
74.7.242.31 - - [04/Apr/2026:12:59:31 +0000] "GET /buy.php?item/019000663 HTTP/1.1" 200 78447 "http://mail.dataharbor.africa/buy.php?item/019000643" "Mozilla/5.0 AppleWebKit/537.36 (KHTML, like Gecko; compatible; GPTBot/1.3; +https://openai.com/gptbot)"
74.7.227.135 - - [04/Apr/2026:12:59:32 +0000] "GET /buy.php?item/098000688 HTTP/1.1" 200 78232 "http://dataharbor.africa.hpierson.com/buy.php?item/098000638" "Mozilla/5.0 AppleWebKit/537.36 (KHTML, like Gecko; compatible; GPTBot/1.3; +https://openai.com/gptbot)"
74.7.242.39 - - [04/Apr/2026:12:59:32 +0000] "GET /buy.php?item/072000302 HTTP/1.1" 200 74801 "http://dataharbor.africa/buy.php?item/060005740" "Mozilla/5.0 AppleWebKit/537.36 (KHTML, like Gecko; compatible; GPTBot/1.3; +https://openai.com/gptbot)"
74.7.242.31 - - [04/Apr/2026:12:59:32 +0000] "GET /buy.php?item/300022746 HTTP/1.1" 200 80648 "http://mail.dataharbor.africa/buy.php?item/300023940" "Mozilla/5.0 AppleWebKit/537.36 (KHTML, like Gecko; compatible; GPTBot/1.3; +https://openai.com/gptbot)"
74.7.242.39 - - [04/Apr/2026:12:59:33 +0000] "GET /buy.php?item/111012899 HTTP/1.1" 200 73762 "http://dataharbor.africa/buy.php?item/111012815" "Mozilla/5.0 AppleWebKit/537.36 (KHTML, like Gecko; compatible; GPTBot/1.3; +https://openai.com/gptbot)"
74.7.242.31 - - [04/Apr/2026:12:59:33 +0000] "GET /buy.php?item/300042958 HTTP/1.1" 200 78928 "http://mail.dataharbor.africa/buy.php?item/183000191" "Mozilla/5.0 AppleWebKit/537.36 (KHTML, like Gecko; compatible; GPTBot/1.3; +https://openai.com/gptbot)"
74.7.227.135 - - [04/Apr/2026:12:59:33 +0000] "GET /buy.php?category/284_21975/1 HTTP/1.1" 200 72738 "http://dataharbor.africa.hpierson.com/buy.php?item/028032364" "Mozilla/5.0 AppleWebKit/537.36 (KHTML, like Gecko; compatible; GPTBot/1.3; +https://openai.com/gptbot)"
74.7.227.135 - - [04/Apr/2026:12:59:34 +0000] "GET /buy.php?item/098000636 HTTP/1.1" 200 87516 "http://dataharbor.africa.hpierson.com/buy.php?item/098000722" "Mozilla/5.0 AppleWebKit/537.36 (KHTML, like Gecko; compatible; GPTBot/1.3; +https://openai.com/gptbot)"
74.7.242.39 - - [04/Apr/2026:12:59:35 +0000] "GET /buy.php?special/theology/185045690 HTTP/1.1" 200 65124 "http://dataharbor.africa/buy.php?item/060005736" "Mozilla/5.0 AppleWebKit/537.36 (KHTML, like Gecko; compatible; GPTBot/1.3; +https://openai.com/gptbot)"
74.7.227.135 - - [04/Apr/2026:12:59:36 +0000] "GET /buy.php?item/098000686 HTTP/1.1" 200 79217 "http://dataharbor.africa.hpierson.com/buy.php?item/098000638" "Mozilla/5.0 AppleWebKit/537.36 (KHTML, like Gecko; compatible; GPTBot/1.3; +https://openai.com/gptbot)"
74.7.242.31 - - [04/Apr/2026:12:59:36 +0000] "GET /buy.php?item/070001032 HTTP/1.1" 200 73177 "http://mail.dataharbor.africa/buy.php?item/070000874" "Mozilla/5.0 AppleWebKit/537.36 (KHTML, like Gecko; compatible; GPTBot/1.3; +https://openai.com/gptbot)"
74.7.242.39 - - [04/Apr/2026:12:59:37 +0000] "GET /buy.php?item/111012901 HTTP/1.1" 200 76406 "http://dataharbor.africa/buy.php?item/111012815" "Mozilla/5.0 AppleWebKit/537.36 (KHTML, like Gecko; compatible; GPTBot/1.3; +https://openai.com/gptbot)"
74.7.227.135 - - [04/Apr/2026:12:59:36 +0000] "GET /buy.php?item/200027212 HTTP/1.1" 200 75818 "http://dataharbor.africa.hpierson.com/buy.php?item/239049333" "Mozilla/5.0 AppleWebKit/537.36 (KHTML, like Gecko; compatible; GPTBot/1.3; +https://openai.com/gptbot)"
74.7.242.31 - - [04/Apr/2026:12:59:37 +0000] "GET /buy.php?item/070001034 HTTP/1.1" 200 77748 "http://mail.dataharbor.africa/buy.php?item/070000874" "Mozilla/5.0 AppleWebKit/537.36 (KHTML, like Gecko; compatible; GPTBot/1.3; +https://openai.com/gptbot)"
74.7.227.135 - - [04/Apr/2026:12:59:37 +0000] "GET /buy.php?item/222027666 HTTP/1.1" 200 87047 "http://dataharbor.africa.hpierson.com/buy.php?item/222029554" "Mozilla/5.0 AppleWebKit/537.36 (KHTML, like Gecko; compatible; GPTBot/1.3; +https://openai.com/gptbot)"
74.7.242.39 - - [04/Apr/2026:12:59:37 +0000] "GET /buy.php?item/111013219 HTTP/1.1" 200 76994 "http://dataharbor.africa/buy.php?item/111012709" "Mozilla/5.0 AppleWebKit/537.36 (KHTML, like Gecko; compatible; GPTBot/1.3; +https://openai.com/gptbot)"
74.7.227.135 - - [04/Apr/2026:12:59:39 +0000] "GET /buy.php?item/133013777 HTTP/1.1" 200 76795 "http://dataharbor.africa.hpierson.com/buy.php?item/047000697" "Mozilla/5.0 AppleWebKit/537.36 (KHTML, like Gecko; compatible; GPTBot/1.3; +https://openai.com/gptbot)"
74.7.242.39 - - [04/Apr/2026:12:59:39 +0000] "GET /buy.php?item/200029930 HTTP/1.1" 200 73285 "http://dataharbor.africa/buy.php?item/111013653" "Mozilla/5.0 AppleWebKit/537.36 (KHTML, like Gecko; compatible; GPTBot/1.3; +https://openai.com/gptbot)"
74.7.242.31 - - [04/Apr/2026:12:59:39 +0000] "GET /buy.php?item/100012828 HTTP/1.1" 200 75108 "http://mail.dataharbor.africa/buy.php?item/100012776" "Mozilla/5.0 AppleWebKit/537.36 (KHTML, like Gecko; compatible; GPTBot/1.3; +https://openai.com/gptbot)"
74.7.242.39 - - [04/Apr/2026:12:59:40 +0000] "GET /buy.php?item/111012829 HTTP/1.1" 200 77678 "http://dataharbor.africa/buy.php?item/111013107" "Mozilla/5.0 AppleWebKit/537.36 (KHTML, like Gecko; compatible; GPTBot/1.3; +https://openai.com/gptbot)"
74.7.227.135 - - [04/Apr/2026:12:59:39 +0000] "GET /buy.php?item/098000630 HTTP/1.1" 200 75522 "http://dataharbor.africa.hpierson.com/buy.php?item/098000682" "Mozilla/5.0 AppleWebKit/537.36 (KHTML, like Gecko; compatible; GPTBot/1.3; +https://openai.com/gptbot)"
74.7.242.39 - - [04/Apr/2026:12:59:40 +0000] "GET /buy.php?item/030008148 HTTP/1.1" 200 99080 "http://dataharbor.africa/buy.php?item/111013047" "Mozilla/5.0 AppleWebKit/537.36 (KHTML, like Gecko; compatible; GPTBot/1.3; +https://openai.com/gptbot)"
74.7.242.39 - - [04/Apr/2026:12:59:41 +0000] "GET /buy.php?item/047045731 HTTP/1.1" 200 73040 "http://dataharbor.africa/buy.php?item/072000302" "Mozilla/5.0 AppleWebKit/537.36 (KHTML, like Gecko; compatible; GPTBot/1.3; +https://openai.com/gptbot)"
74.7.227.135 - - [04/Apr/2026:12:59:41 +0000] "GET /buy.php?item/222029906 HTTP/1.1" 200 92732 "http://dataharbor.africa.hpierson.com/buy.php?item/222027478" "Mozilla/5.0 AppleWebKit/537.36 (KHTML, like Gecko; compatible; GPTBot/1.3; +https://openai.com/gptbot)"
74.7.242.31 - - [04/Apr/2026:12:59:41 +0000] "GET /buy.php?item/250001496 HTTP/1.1" 200 75962 "http://mail.dataharbor.africa/buy.php?item/250002270" "Mozilla/5.0 AppleWebKit/537.36 (KHTML, like Gecko; compatible; GPTBot/1.3; +https://openai.com/gptbot)"
74.7.227.135 - - [04/Apr/2026:12:59:42 +0000] "GET /buy.php?item/050008868 HTTP/1.1" 200 83107 "http://dataharbor.africa.hpierson.com/buy.php?item/050009926" "Mozilla/5.0 AppleWebKit/537.36 (KHTML, like Gecko; compatible; GPTBot/1.3; +https://openai.com/gptbot)"
74.7.242.31 - - [04/Apr/2026:12:59:42 +0000] "GET /buy.php?item/020001860 HTTP/1.1" 200 76992 "http://mail.dataharbor.africa/buy.php?item/300022746" "Mozilla/5.0 AppleWebKit/537.36 (KHTML, like Gecko; compatible; GPTBot/1.3; +https://openai.com/gptbot)"
74.7.242.31 - - [04/Apr/2026:12:59:42 +0000] "GET /buy.php?item/300022978 HTTP/1.1" 200 81460 "http://mail.dataharbor.africa/buy.php?item/300001488" "Mozilla/5.0 AppleWebKit/537.36 (KHTML, like Gecko; compatible; GPTBot/1.3; +https://openai.com/gptbot)"
74.7.227.135 - - [04/Apr/2026:12:59:42 +0000] "GET /buy.php?item/058000768 HTTP/1.1" 200 76504 "http://dataharbor.africa.hpierson.com/buy.php?category/284_21975/1" "Mozilla/5.0 AppleWebKit/537.36 (KHTML, like Gecko; compatible; GPTBot/1.3; +https://openai.com/gptbot)"
74.7.242.39 - - [04/Apr/2026:12:59:43 +0000] "GET /buy.php?item/111013317 HTTP/1.1" 200 76663 "http://dataharbor.africa/buy.php?item/111012899" "Mozilla/5.0 AppleWebKit/537.36 (KHTML, like Gecko; compatible; GPTBot/1.3; +https://openai.com/gptbot)"
74.7.227.135 - - [04/Apr/2026:12:59:43 +0000] "GET /buy.php?item/222012024 HTTP/1.1" 200 111549 "http://dataharbor.africa.hpierson.com/buy.php?item/222009762" "Mozilla/5.0 AppleWebKit/537.36 (KHTML, like Gecko; compatible; GPTBot/1.3; +https://openai.com/gptbot)"
74.7.227.135 - - [04/Apr/2026:12:59:44 +0000] "GET /buy.php?item/222028860 HTTP/1.1" 200 104260 "http://dataharbor.africa.hpierson.com/buy.php?item/222012390" "Mozilla/5.0 AppleWebKit/537.36 (KHTML, like Gecko; compatible; GPTBot/1.3; +https://openai.com/gptbot)"
74.7.242.31 - - [04/Apr/2026:12:59:45 +0000] "GET /buy.php?item/070001148 HTTP/1.1" 200 77724 "http://mail.dataharbor.africa/buy.php?item/070001032" "Mozilla/5.0 AppleWebKit/537.36 (KHTML, like Gecko; compatible; GPTBot/1.3; +https://openai.com/gptbot)"
74.7.242.39 - - [04/Apr/2026:12:59:45 +0000] "GET /buy.php?item/283007881 HTTP/1.1" 200 77755 "http://dataharbor.africa/buy.php?item/111012901" "Mozilla/5.0 AppleWebKit/537.36 (KHTML, like Gecko; compatible; GPTBot/1.3; +https://openai.com/gptbot)"
74.7.227.135 - - [04/Apr/2026:12:59:45 +0000] "GET /buy.php?item/060003664 HTTP/1.1" 200 79230 "http://dataharbor.africa.hpierson.com/buy.php?item/098000686" "Mozilla/5.0 AppleWebKit/537.36 (KHTML, like Gecko; compatible; GPTBot/1.3; +https://openai.com/gptbot)"
74.7.242.39 - - [04/Apr/2026:12:59:46 +0000] "GET /buy.php?item/111013085 HTTP/1.1" 200 72593 "http://dataharbor.africa/buy.php?item/111013219" "Mozilla/5.0 AppleWebKit/537.36 (KHTML, like Gecko; compatible; GPTBot/1.3; +https://openai.com/gptbot)"
74.7.227.135 - - [04/Apr/2026:12:59:46 +0000] "GET /buy.php?item/200026776 HTTP/1.1" 200 73059 "http://dataharbor.africa.hpierson.com/buy.php?item/200027212" "Mozilla/5.0 AppleWebKit/537.36 (KHTML, like Gecko; compatible; GPTBot/1.3; +https://openai.com/gptbot)"
74.7.242.39 - - [04/Apr/2026:12:59:46 +0000] "GET /buy.php?item/235028555 HTTP/1.1" 200 75628 "http://dataharbor.africa/buy.php?item/111012901" "Mozilla/5.0 AppleWebKit/537.36 (KHTML, like Gecko; compatible; GPTBot/1.3; +https://openai.com/gptbot)"
74.7.227.135 - - [04/Apr/2026:12:59:47 +0000] "GET /buy.php?item/099010007 HTTP/1.1" 200 90937 "http://dataharbor.africa.hpierson.com/buy.php?item/200027212" "Mozilla/5.0 AppleWebKit/537.36 (KHTML, like Gecko; compatible; GPTBot/1.3; +https://openai.com/gptbot)"
74.7.242.39 - - [04/Apr/2026:12:59:47 +0000] "GET /buy.php?item/111013667 HTTP/1.1" 200 74960 "http://dataharbor.africa/buy.php?item/111012829" "Mozilla/5.0 AppleWebKit/537.36 (KHTML, like Gecko; compatible; GPTBot/1.3; +https://openai.com/gptbot)"
74.7.242.31 - - [04/Apr/2026:12:59:47 +0000] "GET /buy.php?item/100012750 HTTP/1.1" 200 81291 "http://mail.dataharbor.africa/buy.php?item/100012828" "Mozilla/5.0 AppleWebKit/537.36 (KHTML, like Gecko; compatible; GPTBot/1.3; +https://openai.com/gptbot)"
74.7.227.135 - - [04/Apr/2026:12:59:48 +0000] "GET /buy.php?item/222011602 HTTP/1.1" 200 87551 "http://dataharbor.africa.hpierson.com/buy.php?item/222027666" "Mozilla/5.0 AppleWebKit/537.36 (KHTML, like Gecko; compatible; GPTBot/1.3; +https://openai.com/gptbot)"
74.7.242.39 - - [04/Apr/2026:12:59:49 +0000] "GET /buy.php?item/111013669 HTTP/1.1" 200 73596 "http://dataharbor.africa/buy.php?item/111012829" "Mozilla/5.0 AppleWebKit/537.36 (KHTML, like Gecko; compatible; GPTBot/1.3; +https://openai.com/gptbot)"
74.7.227.135 - - [04/Apr/2026:12:59:49 +0000] "GET /buy.php?item/098000784 HTTP/1.1" 200 89034 "http://dataharbor.africa.hpierson.com/buy.php?item/098000630" "Mozilla/5.0 AppleWebKit/537.36 (KHTML, like Gecko; compatible; GPTBot/1.3; +https://openai.com/gptbot)"
74.7.242.39 - - [04/Apr/2026:12:59:49 +0000] "GET /buy.php?item/005000835 HTTP/1.1" 200 86040 "http://dataharbor.africa/buy.php?item/200029930" "Mozilla/5.0 AppleWebKit/537.36 (KHTML, like Gecko; compatible; GPTBot/1.3; +https://openai.com/gptbot)"
74.7.227.135 - - [04/Apr/2026:12:59:50 +0000] "GET /buy.php?item/098000786 HTTP/1.1" 200 93156 "http://dataharbor.africa.hpierson.com/buy.php?item/098000630" "Mozilla/5.0 AppleWebKit/537.36 (KHTML, like Gecko; compatible; GPTBot/1.3; +https://openai.com/gptbot)"
74.7.242.31 - - [04/Apr/2026:12:59:50 +0000] "GET /buy.php?special/cage/250005023 HTTP/1.1" 200 79166 "http://mail.dataharbor.africa/buy.php?item/250001496" "Mozilla/5.0 AppleWebKit/537.36 (KHTML, like Gecko; compatible; GPTBot/1.3; +https://openai.com/gptbot)"
74.7.227.135 - - [04/Apr/2026:12:59:50 +0000] "GET /buy.php?item/222028940 HTTP/1.1" 200 130718 "http://dataharbor.africa.hpierson.com/buy.php?item/222029906" "Mozilla/5.0 AppleWebKit/537.36 (KHTML, like Gecko; compatible; GPTBot/1.3; +https://openai.com/gptbot)"
74.7.242.31 - - [04/Apr/2026:12:59:51 +0000] "GET /buy.php?item/250005018 HTTP/1.1" 200 83773 "http://mail.dataharbor.africa/buy.php?item/250001496" "Mozilla/5.0 AppleWebKit/537.36 (KHTML, like Gecko; compatible; GPTBot/1.3; +https://openai.com/gptbot)"
74.7.242.39 - - [04/Apr/2026:12:59:51 +0000] "GET /buy.php?item/111013635 HTTP/1.1" 200 77047 "http://dataharbor.africa/buy.php?item/111013317" "Mozilla/5.0 AppleWebKit/537.36 (KHTML, like Gecko; compatible; GPTBot/1.3; +https://openai.com/gptbot)"
74.7.227.135 - - [04/Apr/2026:12:59:51 +0000] "GET /buy.php?item/050009936 HTTP/1.1" 200 79888 "http://dataharbor.africa.hpierson.com/buy.php?item/050008868" "Mozilla/5.0 AppleWebKit/537.36 (KHTML, like Gecko; compatible; GPTBot/1.3; +https://openai.com/gptbot)"
74.7.242.31 - - [04/Apr/2026:12:59:52 +0000] "GET /buy.php?goods/233031959 HTTP/1.1" 200 71597 "http://mail.dataharbor.africa/buy.php?item/300022978" "Mozilla/5.0 AppleWebKit/537.36 (KHTML, like Gecko; compatible; GPTBot/1.3; +https://openai.com/gptbot)"
74.7.227.135 - - [04/Apr/2026:12:59:52 +0000] "GET /buy.php?item/058001152 HTTP/1.1" 200 76242 "http://dataharbor.africa.hpierson.com/buy.php?item/058000768" "Mozilla/5.0 AppleWebKit/537.36 (KHTML, like Gecko; compatible; GPTBot/1.3; +https://openai.com/gptbot)"
74.7.227.135 - - [04/Apr/2026:12:59:53 +0000] "GET /buy.php?item/222016926 HTTP/1.1" 200 90639 "http://dataharbor.africa.hpierson.com/buy.php?item/222012024" "Mozilla/5.0 AppleWebKit/537.36 (KHTML, like Gecko; compatible; GPTBot/1.3; +https://openai.com/gptbot)"
74.7.242.31 - - [04/Apr/2026:12:59:53 +0000] "GET /buy.php?item/250005016 HTTP/1.1" 200 85396 "http://mail.dataharbor.africa/buy.php?item/250001496" "Mozilla/5.0 AppleWebKit/537.36 (KHTML, like Gecko; compatible; GPTBot/1.3; +https://openai.com/gptbot)"
74.7.242.39 - - [04/Apr/2026:12:59:53 +0000] "GET /buy.php?item/111013109 HTTP/1.1" 200 73151 "http://dataharbor.africa/buy.php?item/111013653" "Mozilla/5.0 AppleWebKit/537.36 (KHTML, like Gecko; compatible; GPTBot/1.3; +https://openai.com/gptbot)"
74.7.227.135 - - [04/Apr/2026:12:59:54 +0000] "GET /buy.php?item/050009932 HTTP/1.1" 200 82180 "http://dataharbor.africa.hpierson.com/buy.php?item/050008868" "Mozilla/5.0 AppleWebKit/537.36 (KHTML, like Gecko; compatible; GPTBot/1.3; +https://openai.com/gptbot)"
74.7.242.31 - - [04/Apr/2026:12:59:54 +0000] "GET /buy.php?item/250005014 HTTP/1.1" 200 83684 "http://mail.dataharbor.africa/buy.php?item/250001496" "Mozilla/5.0 AppleWebKit/537.36 (KHTML, like Gecko; compatible; GPTBot/1.3; +https://openai.com/gptbot)"
74.7.227.135 - - [04/Apr/2026:12:59:55 +0000] "GET /buy.php?item/222028938 HTTP/1.1" 200 89373 "http://dataharbor.africa.hpierson.com/buy.php?item/222029906" "Mozilla/5.0 AppleWebKit/537.36 (KHTML, like Gecko; compatible; GPTBot/1.3; +https://openai.com/gptbot)"
74.7.242.31 - - [04/Apr/2026:12:59:55 +0000] "GET /buy.php?item/300003216 HTTP/1.1" 200 90662 "http://mail.dataharbor.africa/buy.php?item/300022978" "Mozilla/5.0 AppleWebKit/537.36 (KHTML, like Gecko; compatible; GPTBot/1.3; +https://openai.com/gptbot)"
74.7.242.31 - - [04/Apr/2026:12:59:56 +0000] "GET /buy.php?item/300003068 HTTP/1.1" 200 95887 "http://mail.dataharbor.africa/buy.php?item/300022978" "Mozilla/5.0 AppleWebKit/537.36 (KHTML, like Gecko; compatible; GPTBot/1.3; +https://openai.com/gptbot)"
74.7.227.135 - - [04/Apr/2026:12:59:57 +0000] "GET /buy.php?item/200027524 HTTP/1.1" 200 78265 "http://dataharbor.africa.hpierson.com/buy.php?item/200026776" "Mozilla/5.0 AppleWebKit/537.36 (KHTML, like Gecko; compatible; GPTBot/1.3; +https://openai.com/gptbot)"
74.7.242.31 - - [04/Apr/2026:12:59:57 +0000] "GET /buy.php?special/contact/158003575 HTTP/1.1" 200 75977 "http://mail.dataharbor.africa/buy.php?item/100012750" "Mozilla/5.0 AppleWebKit/537.36 (KHTML, like Gecko; compatible; GPTBot/1.3; +https://openai.com/gptbot)"
74.7.242.39 - - [04/Apr/2026:12:59:57 +0000] "GET /buy.php?item/111013215 HTTP/1.1" 200 71849 "http://dataharbor.africa/buy.php?item/111012709" "Mozilla/5.0 AppleWebKit/537.36 (KHTML, like Gecko; compatible; GPTBot/1.3; +https://openai.com/gptbot)"
74.7.227.135 - - [04/Apr/2026:12:59:57 +0000] "GET /buy.php?item/222031626 HTTP/1.1" 200 91827 "http://dataharbor.africa.hpierson.com/buy.php?item/222011602" "Mozilla/5.0 AppleWebKit/537.36 (KHTML, like Gecko; compatible; GPTBot/1.3; +https://openai.com/gptbot)"
74.7.242.31 - - [04/Apr/2026:12:59:58 +0000] "GET /buy.php?item/300003048 HTTP/1.1" 200 86335 "http://mail.dataharbor.africa/buy.php?item/300022978" "Mozilla/5.0 AppleWebKit/537.36 (KHTML, like Gecko; compatible; GPTBot/1.3; +https://openai.com/gptbot)"
74.7.242.39 - - [04/Apr/2026:12:59:58 +0000] "GET /buy.php?item/111012949 HTTP/1.1" 200 74012 "http://dataharbor.africa/buy.php?item/111013669" "Mozilla/5.0 AppleWebKit/537.36 (KHTML, like Gecko; compatible; GPTBot/1.3; +https://openai.com/gptbot)"
74.7.227.135 - - [04/Apr/2026:12:59:58 +0000] "GET /buy.php?item/098000568 HTTP/1.1" 200 90254 "http://dataharbor.africa.hpierson.com/buy.php?item/098000784" "Mozilla/5.0 AppleWebKit/537.36 (KHTML, like Gecko; compatible; GPTBot/1.3; +https://openai.com/gptbot)"
74.7.227.135 - - [04/Apr/2026:12:59:59 +0000] "GET /buy.php?item/222028186 HTTP/1.1" 200 81983 "http://dataharbor.africa.hpierson.com/buy.php?item/222028860" "Mozilla/5.0 AppleWebKit/537.36 (KHTML, like Gecko; compatible; GPTBot/1.3; +https://openai.com/gptbot)"
74.7.242.31 - - [04/Apr/2026:12:59:59 +0000] "GET /buy.php?item/250002408 HTTP/1.1" 200 77828 "http://mail.dataharbor.africa/buy.php?special/cage/250005023" "Mozilla/5.0 AppleWebKit/537.36 (KHTML, like Gecko; compatible; GPTBot/1.3; +https://openai.com/gptbot)"
74.7.242.31 - - [04/Apr/2026:13:00:01 +0000] "GET /buy.php?item/250002404 HTTP/1.1" 200 79760 "http://mail.dataharbor.africa/buy.php?special/cage/250005023" "Mozilla/5.0 AppleWebKit/537.36 (KHTML, like Gecko; compatible; GPTBot/1.3; +https://openai.com/gptbot)"
74.7.227.135 - - [04/Apr/2026:13:00:01 +0000] "GET /buy.php?item/050008938 HTTP/1.1" 200 77640 "http://dataharbor.africa.hpierson.com/buy.php?item/050009936" "Mozilla/5.0 AppleWebKit/537.36 (KHTML, like Gecko; compatible; GPTBot/1.3; +https://openai.com/gptbot)"
74.7.242.39 - - [04/Apr/2026:13:00:01 +0000] "GET /buy.php?item/111013223 HTTP/1.1" 200 77907 "http://dataharbor.africa/buy.php?item/111012709" "Mozilla/5.0 AppleWebKit/537.36 (KHTML, like Gecko; compatible; GPTBot/1.3; +https://openai.com/gptbot)"
74.7.227.135 - - [04/Apr/2026:13:00:02 +0000] "GET /buy.php?item/122000150 HTTP/1.1" 200 73218 "http://dataharbor.africa.hpierson.com/buy.php?item/058001152" "Mozilla/5.0 AppleWebKit/537.36 (KHTML, like Gecko; compatible; GPTBot/1.3; +https://openai.com/gptbot)"
74.7.242.31 - - [04/Apr/2026:13:00:03 +0000] "GET /buy.php?item/250003734 HTTP/1.1" 200 76375 "http://mail.dataharbor.africa/buy.php?item/250005018" "Mozilla/5.0 AppleWebKit/537.36 (KHTML, like Gecko; compatible; GPTBot/1.3; +https://openai.com/gptbot)"
74.7.227.135 - - [04/Apr/2026:13:00:03 +0000] "GET /buy.php?special/highway/222015033 HTTP/1.1" 200 79184 "http://dataharbor.africa.hpierson.com/buy.php?item/222016926" "Mozilla/5.0 AppleWebKit/537.36 (KHTML, like Gecko; compatible; GPTBot/1.3; +https://openai.com/gptbot)"
74.7.242.39 - - [04/Apr/2026:13:00:03 +0000] "GET /buy.php?item/111012821 HTTP/1.1" 200 75778 "http://dataharbor.africa/buy.php?item/111013107" "Mozilla/5.0 AppleWebKit/537.36 (KHTML, like Gecko; compatible; GPTBot/1.3; +https://openai.com/gptbot)"
74.7.242.31 - - [04/Apr/2026:13:00:04 +0000] "GET /buy.php?item/188000132 HTTP/1.1" 200 77981 "http://mail.dataharbor.africa/buy.php?item/188000126" "Mozilla/5.0 AppleWebKit/537.36 (KHTML, like Gecko; compatible; GPTBot/1.3; +https://openai.com/gptbot)"
43.157.188.74 - - [04/Apr/2026:13:00:04 +0000] "GET / HTTP/1.1" 500 - "-" "Mozilla/5.0 (iPhone; CPU iPhone OS 13_2_3 like Mac OS X) AppleWebKit/605.1.15 (KHTML, like Gecko) Version/13.0.3 Mobile/15E148 Safari/604.1"
74.7.242.39 - - [04/Apr/2026:13:00:04 +0000] "GET /buy.php?item/111013671 HTTP/1.1" 200 73162 "http://dataharbor.africa/buy.php?item/111012829" "Mozilla/5.0 AppleWebKit/537.36 (KHTML, like Gecko; compatible; GPTBot/1.3; +https://openai.com/gptbot)"
74.7.242.31 - - [04/Apr/2026:13:00:04 +0000] "GET /buy.php?item/179000235 HTTP/1.1" 200 83189 "http://mail.dataharbor.africa/buy.php?item/192000380" "Mozilla/5.0 AppleWebKit/537.36 (KHTML, like Gecko; compatible; GPTBot/1.3; +https://openai.com/gptbot)"
74.7.227.135 - - [04/Apr/2026:13:00:04 +0000] "GET /buy.php?item/222015032 HTTP/1.1" 200 95854 "http://dataharbor.africa.hpierson.com/buy.php?item/222016926" "Mozilla/5.0 AppleWebKit/537.36 (KHTML, like Gecko; compatible; GPTBot/1.3; +https://openai.com/gptbot)"
74.7.242.39 - - [04/Apr/2026:13:00:04 +0000] "GET /buy.php?item/111013309 HTTP/1.1" 200 75765 "http://dataharbor.africa/buy.php?item/111012899" "Mozilla/5.0 AppleWebKit/537.36 (KHTML, like Gecko; compatible; GPTBot/1.3; +https://openai.com/gptbot)"
74.7.227.135 - - [04/Apr/2026:13:00:05 +0000] "GET /buy.php?item/222015030 HTTP/1.1" 200 92284 "http://dataharbor.africa.hpierson.com/buy.php?item/222016926" "Mozilla/5.0 AppleWebKit/537.36 (KHTML, like Gecko; compatible; GPTBot/1.3; +https://openai.com/gptbot)"
74.7.242.31 - - [04/Apr/2026:13:00:05 +0000] "GET /buy.php?special/retire/300001167 HTTP/1.1" 200 73357 "http://mail.dataharbor.africa/buy.php?item/300003216" "Mozilla/5.0 AppleWebKit/537.36 (KHTML, like Gecko; compatible; GPTBot/1.3; +https://openai.com/gptbot)"
74.7.227.135 - - [04/Apr/2026:13:00:06 +0000] "GET /buy.php?item/050009464 HTTP/1.1" 200 84332 "http://dataharbor.africa.hpierson.com/buy.php?item/050009932" "Mozilla/5.0 AppleWebKit/537.36 (KHTML, like Gecko; compatible; GPTBot/1.3; +https://openai.com/gptbot)"
74.7.227.135 - - [04/Apr/2026:13:00:06 +0000] "GET /buy.php?item/222012504 HTTP/1.1" 200 77164 "http://dataharbor.africa.hpierson.com/buy.php?item/222031626" "Mozilla/5.0 AppleWebKit/537.36 (KHTML, like Gecko; compatible; GPTBot/1.3; +https://openai.com/gptbot)"
74.7.242.31 - - [04/Apr/2026:13:00:07 +0000] "GET /buy.php?item/160001492 HTTP/1.1" 200 80442 "http://mail.dataharbor.africa/buy.php?item/160001414" "Mozilla/5.0 AppleWebKit/537.36 (KHTML, like Gecko; compatible; GPTBot/1.3; +https://openai.com/gptbot)"
74.7.227.135 - - [04/Apr/2026:13:00:07 +0000] "GET /buy.php?item/098000846 HTTP/1.1" 200 85914 "http://dataharbor.africa.hpierson.com/buy.php?item/098000568" "Mozilla/5.0 AppleWebKit/537.36 (KHTML, like Gecko; compatible; GPTBot/1.3; +https://openai.com/gptbot)"
74.7.242.31 - - [04/Apr/2026:13:00:08 +0000] "GET /buy.php?item/200021498 HTTP/1.1" 200 76613 "http://mail.dataharbor.africa/buy.php?item/200022490" "Mozilla/5.0 AppleWebKit/537.36 (KHTML, like Gecko; compatible; GPTBot/1.3; +https://openai.com/gptbot)"
74.7.227.135 - - [04/Apr/2026:13:00:08 +0000] "GET /buy.php?special/subsidy/222013789 HTTP/1.1" 200 76216 "http://dataharbor.africa.hpierson.com/buy.php?item/222028186" "Mozilla/5.0 AppleWebKit/537.36 (KHTML, like Gecko; compatible; GPTBot/1.3; +https://openai.com/gptbot)"
74.7.242.39 - - [04/Apr/2026:13:00:08 +0000] "GET /buy.php?item/111013083 HTTP/1.1" 200 76686 "http://dataharbor.africa/buy.php?item/111013635" "Mozilla/5.0 AppleWebKit/537.36 (KHTML, like Gecko; compatible; GPTBot/1.3; +https://openai.com/gptbot)"
74.7.227.135 - - [04/Apr/2026:13:00:09 +0000] "GET /buy.php?item/170008082 HTTP/1.1" 200 86184 "http://dataharbor.africa.hpierson.com/buy.php?item/222016926" "Mozilla/5.0 AppleWebKit/537.36 (KHTML, like Gecko; compatible; GPTBot/1.3; +https://openai.com/gptbot)"
74.7.242.39 - - [04/Apr/2026:13:00:09 +0000] "GET /buy.php?item/111013081 HTTP/1.1" 200 73582 "http://dataharbor.africa/buy.php?item/111013219" "Mozilla/5.0 AppleWebKit/537.36 (KHTML, like Gecko; compatible; GPTBot/1.3; +https://openai.com/gptbot)"
74.7.242.31 - - [04/Apr/2026:13:00:09 +0000] "GET /buy.php?item/250003380 HTTP/1.1" 200 87133 "http://mail.dataharbor.africa/buy.php?item/250002408" "Mozilla/5.0 AppleWebKit/537.36 (KHTML, like Gecko; compatible; GPTBot/1.3; +https://openai.com/gptbot)"
74.7.227.135 - - [04/Apr/2026:13:00:09 +0000] "GET /buy.php?item/050009466 HTTP/1.1" 200 81751 "http://dataharbor.africa.hpierson.com/buy.php?item/050008938" "Mozilla/5.0 AppleWebKit/537.36 (KHTML, like Gecko; compatible; GPTBot/1.3; +https://openai.com/gptbot)"
74.7.242.39 - - [04/Apr/2026:13:00:10 +0000] "GET /buy.php?item/111013209 HTTP/1.1" 200 75810 "http://dataharbor.africa/buy.php?item/111013223" "Mozilla/5.0 AppleWebKit/537.36 (KHTML, like Gecko; compatible; GPTBot/1.3; +https://openai.com/gptbot)"
74.7.227.135 - - [04/Apr/2026:13:00:10 +0000] "GET /buy.php?item/058000994 HTTP/1.1" 200 75231 "http://dataharbor.africa.hpierson.com/buy.php?item/058001152" "Mozilla/5.0 AppleWebKit/537.36 (KHTML, like Gecko; compatible; GPTBot/1.3; +https://openai.com/gptbot)"
74.7.227.135 - - [04/Apr/2026:13:00:11 +0000] "GET /buy.php?item/058000996 HTTP/1.1" 200 77183 "http://dataharbor.africa.hpierson.com/buy.php?item/058001152" "Mozilla/5.0 AppleWebKit/537.36 (KHTML, like Gecko; compatible; GPTBot/1.3; +https://openai.com/gptbot)"
74.7.242.31 - - [04/Apr/2026:13:00:11 +0000] "GET /buy.php?item/250048000 HTTP/1.1" 200 78794 "http://mail.dataharbor.africa/buy.php?item/250003734" "Mozilla/5.0 AppleWebKit/537.36 (KHTML, like Gecko; compatible; GPTBot/1.3; +https://openai.com/gptbot)"
74.7.227.135 - - [04/Apr/2026:13:00:12 +0000] "GET /buy.php?item/222012506 HTTP/1.1" 200 78657 "http://dataharbor.africa.hpierson.com/buy.php?item/222031626" "Mozilla/5.0 AppleWebKit/537.36 (KHTML, like Gecko; compatible; GPTBot/1.3; +https://openai.com/gptbot)"
74.7.242.31 - - [04/Apr/2026:13:00:12 +0000] "GET /buy.php?item/188000064 HTTP/1.1" 200 73488 "http://mail.dataharbor.africa/buy.php?item/188000132" "Mozilla/5.0 AppleWebKit/537.36 (KHTML, like Gecko; compatible; GPTBot/1.3; +https://openai.com/gptbot)"
74.7.242.39 - - [04/Apr/2026:13:00:12 +0000] "GET /buy.php?item/111013177 HTTP/1.1" 200 75757 "http://dataharbor.africa/buy.php?item/111012901" "Mozilla/5.0 AppleWebKit/537.36 (KHTML, like Gecko; compatible; GPTBot/1.3; +https://openai.com/gptbot)"
74.7.227.135 - - [04/Apr/2026:13:00:12 +0000] "GET /buy.php?item/200027980 HTTP/1.1" 200 78967 "http://dataharbor.africa.hpierson.com/buy.php?item/200027524" "Mozilla/5.0 AppleWebKit/537.36 (KHTML, like Gecko; compatible; GPTBot/1.3; +https://openai.com/gptbot)"
74.7.242.31 - - [04/Apr/2026:13:00:13 +0000] "GET /buy.php?item/188000056 HTTP/1.1" 200 78432 "http://mail.dataharbor.africa/buy.php?item/188000132" "Mozilla/5.0 AppleWebKit/537.36 (KHTML, like Gecko; compatible; GPTBot/1.3; +https://openai.com/gptbot)"
74.7.242.39 - - [04/Apr/2026:13:00:13 +0000] "GET /buy.php?item/111013057 HTTP/1.1" 200 75257 "http://dataharbor.africa/buy.php?item/111013309" "Mozilla/5.0 AppleWebKit/537.36 (KHTML, like Gecko; compatible; GPTBot/1.3; +https://openai.com/gptbot)"
74.7.242.39 - - [04/Apr/2026:13:00:14 +0000] "GET /buy.php?item/111013179 HTTP/1.1" 200 78697 "http://dataharbor.africa/buy.php?item/111012901" "Mozilla/5.0 AppleWebKit/537.36 (KHTML, like Gecko; compatible; GPTBot/1.3; +https://openai.com/gptbot)"
74.7.242.31 - - [04/Apr/2026:13:00:14 +0000] "GET /buy.php?item/018026116 HTTP/1.1" 200 91336 "http://mail.dataharbor.africa/buy.php?special/retire/300001167" "Mozilla/5.0 AppleWebKit/537.36 (KHTML, like Gecko; compatible; GPTBot/1.3; +https://openai.com/gptbot)"
74.7.227.135 - - [04/Apr/2026:13:00:14 +0000] "GET /buy.php?item/050009934 HTTP/1.1" 200 82923 "http://dataharbor.africa.hpierson.com/buy.php?item/050009464" "Mozilla/5.0 AppleWebKit/537.36 (KHTML, like Gecko; compatible; GPTBot/1.3; +https://openai.com/gptbot)"
74.7.242.39 - - [04/Apr/2026:13:00:14 +0000] "GET /buy.php?item/020009108 HTTP/1.1" 200 80506 "http://dataharbor.africa/buy.php?item/020009088" "Mozilla/5.0 AppleWebKit/537.36 (KHTML, like Gecko; compatible; GPTBot/1.3; +https://openai.com/gptbot)"
74.7.227.135 - - [04/Apr/2026:13:00:15 +0000] "GET /buy.php?detail/28502791323997 HTTP/1.1" 200 78716 "http://dataharbor.africa.hpierson.com/buy.php?item/222012504" "Mozilla/5.0 AppleWebKit/537.36 (KHTML, like Gecko; compatible; GPTBot/1.3; +https://openai.com/gptbot)"
74.7.242.39 - - [04/Apr/2026:13:00:15 +0000] "GET /buy.php?item/222032250 HTTP/1.1" 200 86225 "http://dataharbor.africa/buy.php?item/222033062" "Mozilla/5.0 AppleWebKit/537.36 (KHTML, like Gecko; compatible; GPTBot/1.3; +https://openai.com/gptbot)"
74.7.242.31 - - [04/Apr/2026:13:00:15 +0000] "GET /buy.php?item/188000060 HTTP/1.1" 200 73576 "http://mail.dataharbor.africa/buy.php?item/188000132" "Mozilla/5.0 AppleWebKit/537.36 (KHTML, like Gecko; compatible; GPTBot/1.3; +https://openai.com/gptbot)"
74.7.227.135 - - [04/Apr/2026:13:00:16 +0000] "GET /buy.php?item/260009212 HTTP/1.1" 200 78981 "http://dataharbor.africa.hpierson.com/buy.php?item/098000846" "Mozilla/5.0 AppleWebKit/537.36 (KHTML, like Gecko; compatible; GPTBot/1.3; +https://openai.com/gptbot)"
74.7.242.31 - - [04/Apr/2026:13:00:16 +0000] "GET /buy.php?item/160001390 HTTP/1.1" 200 82051 "http://mail.dataharbor.africa/buy.php?item/160001492" "Mozilla/5.0 AppleWebKit/537.36 (KHTML, like Gecko; compatible; GPTBot/1.3; +https://openai.com/gptbot)"
74.7.227.135 - - [04/Apr/2026:13:00:16 +0000] "GET /buy.php?item/098000684 HTTP/1.1" 200 80829 "http://dataharbor.africa.hpierson.com/buy.php?item/098000846" "Mozilla/5.0 AppleWebKit/537.36 (KHTML, like Gecko; compatible; GPTBot/1.3; +https://openai.com/gptbot)"
74.7.242.39 - - [04/Apr/2026:13:00:17 +0000] "GET /buy.php?item/111013173 HTTP/1.1" 200 75356 "http://dataharbor.africa/buy.php?item/111013083" "Mozilla/5.0 AppleWebKit/537.36 (KHTML, like Gecko; compatible; GPTBot/1.3; +https://openai.com/gptbot)"
74.7.242.31 - - [04/Apr/2026:13:00:18 +0000] "GET /buy.php?item/026017040 HTTP/1.1" 200 83803 "http://mail.dataharbor.africa/buy.php?item/200021498" "Mozilla/5.0 AppleWebKit/537.36 (KHTML, like Gecko; compatible; GPTBot/1.3; +https://openai.com/gptbot)"
74.7.242.39 - - [04/Apr/2026:13:00:18 +0000] "GET /buy.php?item/222002472 HTTP/1.1" 200 91584 "http://dataharbor.africa/buy.php?item/222003046" "Mozilla/5.0 AppleWebKit/537.36 (KHTML, like Gecko; compatible; GPTBot/1.3; +https://openai.com/gptbot)"
74.7.227.135 - - [04/Apr/2026:13:00:18 +0000] "GET /buy.php?item/200027982 HTTP/1.1" 200 79798 "http://dataharbor.africa.hpierson.com/buy.php?item/200027524" "Mozilla/5.0 AppleWebKit/537.36 (KHTML, like Gecko; compatible; GPTBot/1.3; +https://openai.com/gptbot)"
74.7.242.31 - - [04/Apr/2026:13:00:18 +0000] "GET /buy.php?item/200021324 HTTP/1.1" 200 76439 "http://mail.dataharbor.africa/buy.php?item/200021498" "Mozilla/5.0 AppleWebKit/537.36 (KHTML, like Gecko; compatible; GPTBot/1.3; +https://openai.com/gptbot)"
74.7.242.39 - - [04/Apr/2026:13:00:18 +0000] "GET /buy.php?item/111013237 HTTP/1.1" 200 72810 "http://dataharbor.africa/buy.php?item/111013209" "Mozilla/5.0 AppleWebKit/537.36 (KHTML, like Gecko; compatible; GPTBot/1.3; +https://openai.com/gptbot)"
74.7.227.135 - - [04/Apr/2026:13:00:19 +0000] "GET /buy.php?item/050009848 HTTP/1.1" 200 81356 "http://dataharbor.africa.hpierson.com/buy.php?item/050009466" "Mozilla/5.0 AppleWebKit/537.36 (KHTML, like Gecko; compatible; GPTBot/1.3; +https://openai.com/gptbot)"
74.7.242.31 - - [04/Apr/2026:13:00:19 +0000] "GET /buy.php?item/200021322 HTTP/1.1" 200 70940 "http://mail.dataharbor.africa/buy.php?item/200021498" "Mozilla/5.0 AppleWebKit/537.36 (KHTML, like Gecko; compatible; GPTBot/1.3; +https://openai.com/gptbot)"
74.7.242.39 - - [04/Apr/2026:13:00:19 +0000] "GET /buy.php?item/111013239 HTTP/1.1" 200 79687 "http://dataharbor.africa/buy.php?item/111013209" "Mozilla/5.0 AppleWebKit/537.36 (KHTML, like Gecko; compatible; GPTBot/1.3; +https://openai.com/gptbot)"
74.7.227.135 - - [04/Apr/2026:13:00:20 +0000] "GET /buy.php?item/135006333 HTTP/1.1" 200 79485 "http://dataharbor.africa.hpierson.com/buy.php?item/058000994" "Mozilla/5.0 AppleWebKit/537.36 (KHTML, like Gecko; compatible; GPTBot/1.3; +https://openai.com/gptbot)"
74.7.242.39 - - [04/Apr/2026:13:00:20 +0000] "GET /buy.php?item/111013233 HTTP/1.1" 200 73759 "http://dataharbor.africa/buy.php?item/111013209" "Mozilla/5.0 AppleWebKit/537.36 (KHTML, like Gecko; compatible; GPTBot/1.3; +https://openai.com/gptbot)"
74.7.242.31 - - [04/Apr/2026:13:00:20 +0000] "GET /buy.php?item/188000058 HTTP/1.1" 200 77800 "http://mail.dataharbor.africa/buy.php?item/188000132" "Mozilla/5.0 AppleWebKit/537.36 (KHTML, like Gecko; compatible; GPTBot/1.3; +https://openai.com/gptbot)"
74.7.242.39 - - [04/Apr/2026:13:00:21 +0000] "GET /buy.php?item/205036853 HTTP/1.1" 200 68167 "http://dataharbor.africa/buy.php?item/111013177" "Mozilla/5.0 AppleWebKit/537.36 (KHTML, like Gecko; compatible; GPTBot/1.3; +https://openai.com/gptbot)"
74.7.242.31 - - [04/Apr/2026:13:00:21 +0000] "GET /buy.php?item/250006050 HTTP/1.1" 200 92051 "http://mail.dataharbor.africa/buy.php?item/250048000" "Mozilla/5.0 AppleWebKit/537.36 (KHTML, like Gecko; compatible; GPTBot/1.3; +https://openai.com/gptbot)"
74.7.242.39 - - [04/Apr/2026:13:00:21 +0000] "GET /buy.php?item/111013325 HTTP/1.1" 200 78006 "http://dataharbor.africa/buy.php?item/111013177" "Mozilla/5.0 AppleWebKit/537.36 (KHTML, like Gecko; compatible; GPTBot/1.3; +https://openai.com/gptbot)"
74.7.242.31 - - [04/Apr/2026:13:00:22 +0000] "GET /buy.php?item/188000012 HTTP/1.1" 200 74537 "http://mail.dataharbor.africa/buy.php?item/188000064" "Mozilla/5.0 AppleWebKit/537.36 (KHTML, like Gecko; compatible; GPTBot/1.3; +https://openai.com/gptbot)"
74.7.227.135 - - [04/Apr/2026:13:00:22 +0000] "GET /buy.php?item/058000992 HTTP/1.1" 200 76310 "http://dataharbor.africa.hpierson.com/buy.php?item/058001152" "Mozilla/5.0 AppleWebKit/537.36 (KHTML, like Gecko; compatible; GPTBot/1.3; +https://openai.com/gptbot)"
74.7.242.39 - - [04/Apr/2026:13:00:22 +0000] "GET /buy.php?item/111012887 HTTP/1.1" 200 75683 "http://dataharbor.africa/buy.php?item/111013057" "Mozilla/5.0 AppleWebKit/537.36 (KHTML, like Gecko; compatible; GPTBot/1.3; +https://openai.com/gptbot)"
74.7.242.31 - - [04/Apr/2026:13:00:23 +0000] "GET /buy.php?item/188000016 HTTP/1.1" 200 73603 "http://mail.dataharbor.africa/buy.php?item/188000064" "Mozilla/5.0 AppleWebKit/537.36 (KHTML, like Gecko; compatible; GPTBot/1.3; +https://openai.com/gptbot)"
74.7.227.135 - - [04/Apr/2026:13:00:23 +0000] "GET /buy.php?item/050009460 HTTP/1.1" 200 83690 "http://dataharbor.africa.hpierson.com/buy.php?item/050009932" "Mozilla/5.0 AppleWebKit/537.36 (KHTML, like Gecko; compatible; GPTBot/1.3; +https://openai.com/gptbot)"
74.7.242.39 - - [04/Apr/2026:13:00:23 +0000] "GET /buy.php?item/111012883 HTTP/1.1" 200 73951 "http://dataharbor.africa/buy.php?item/111013057" "Mozilla/5.0 AppleWebKit/537.36 (KHTML, like Gecko; compatible; GPTBot/1.3; +https://openai.com/gptbot)"
74.7.242.31 - - [04/Apr/2026:13:00:23 +0000] "GET /buy.php?item/250003378 HTTP/1.1" 200 82484 "http://mail.dataharbor.africa/buy.php?item/250002408" "Mozilla/5.0 AppleWebKit/537.36 (KHTML, like Gecko; compatible; GPTBot/1.3; +https://openai.com/gptbot)"
74.7.242.31 - - [04/Apr/2026:13:00:24 +0000] "GET /buy.php?item/280005696 HTTP/1.1" 200 82054 "http://mail.dataharbor.africa/buy.php?item/280044440" "Mozilla/5.0 AppleWebKit/537.36 (KHTML, like Gecko; compatible; GPTBot/1.3; +https://openai.com/gptbot)"
74.7.227.135 - - [04/Apr/2026:13:00:24 +0000] "GET /buy.php?item/143012923 HTTP/1.1" 200 77934 "http://dataharbor.africa.hpierson.com/buy.php?item/050009934" "Mozilla/5.0 AppleWebKit/537.36 (KHTML, like Gecko; compatible; GPTBot/1.3; +https://openai.com/gptbot)"
74.7.227.135 - - [04/Apr/2026:13:00:25 +0000] "GET /buy.php?item/050009424 HTTP/1.1" 200 77551 "http://dataharbor.africa.hpierson.com/buy.php?item/050009934" "Mozilla/5.0 AppleWebKit/537.36 (KHTML, like Gecko; compatible; GPTBot/1.3; +https://openai.com/gptbot)"
74.7.242.31 - - [04/Apr/2026:13:00:26 +0000] "GET /buy.php?item/150006494 HTTP/1.1" 200 82853 "http://mail.dataharbor.africa/buy.php?item/150002016" "Mozilla/5.0 AppleWebKit/537.36 (KHTML, like Gecko; compatible; GPTBot/1.3; +https://openai.com/gptbot)"
74.7.242.39 - - [04/Apr/2026:13:00:26 +0000] "GET /buy.php?item/183012111 HTTP/1.1" 200 84674 "http://dataharbor.africa/buy.php?item/111041213" "Mozilla/5.0 AppleWebKit/537.36 (KHTML, like Gecko; compatible; GPTBot/1.3; +https://openai.com/gptbot)"
74.7.227.135 - - [04/Apr/2026:13:00:26 +0000] "GET /buy.php?item/051044415 HTTP/1.1" 200 80742 "http://dataharbor.africa.hpierson.com/buy.php?item/260009212" "Mozilla/5.0 AppleWebKit/537.36 (KHTML, like Gecko; compatible; GPTBot/1.3; +https://openai.com/gptbot)"
74.7.242.31 - - [04/Apr/2026:13:00:26 +0000] "GET /buy.php?item/197022221 HTTP/1.1" 200 79290 "http://mail.dataharbor.africa/buy.php?item/026017040" "Mozilla/5.0 AppleWebKit/537.36 (KHTML, like Gecko; compatible; GPTBot/1.3; +https://openai.com/gptbot)"
74.7.242.39 - - [04/Apr/2026:13:00:27 +0000] "GET /buy.php?item/092049000 HTTP/1.1" 200 78218 "http://dataharbor.africa/buy.php?item/235000339" "Mozilla/5.0 AppleWebKit/537.36 (KHTML, like Gecko; compatible; GPTBot/1.3; +https://openai.com/gptbot)"
74.7.227.135 - - [04/Apr/2026:13:00:27 +0000] "GET /buy.php?item/099008613 HTTP/1.1" 200 74401 "http://dataharbor.africa.hpierson.com/buy.php?item/200027982" "Mozilla/5.0 AppleWebKit/537.36 (KHTML, like Gecko; compatible; GPTBot/1.3; +https://openai.com/gptbot)"
74.7.242.39 - - [04/Apr/2026:13:00:28 +0000] "GET /buy.php?item/090003406 HTTP/1.1" 200 79868 "http://dataharbor.africa/buy.php?item/090002790" "Mozilla/5.0 AppleWebKit/537.36 (KHTML, like Gecko; compatible; GPTBot/1.3; +https://openai.com/gptbot)"
74.7.242.39 - - [04/Apr/2026:13:00:28 +0000] "GET /buy.php?item/111012881 HTTP/1.1" 200 77214 "http://dataharbor.africa/buy.php?item/111013057" "Mozilla/5.0 AppleWebKit/537.36 (KHTML, like Gecko; compatible; GPTBot/1.3; +https://openai.com/gptbot)"
74.7.227.135 - - [04/Apr/2026:13:00:28 +0000] "GET /buy.php?item/200027652 HTTP/1.1" 200 72814 "http://dataharbor.africa.hpierson.com/buy.php?item/200027982" "Mozilla/5.0 AppleWebKit/537.36 (KHTML, like Gecko; compatible; GPTBot/1.3; +https://openai.com/gptbot)"
74.7.242.39 - - [04/Apr/2026:13:00:29 +0000] "GET /buy.php?item/110004540 HTTP/1.1" 200 83274 "http://dataharbor.africa/buy.php?item/110004210" "Mozilla/5.0 AppleWebKit/537.36 (KHTML, like Gecko; compatible; GPTBot/1.3; +https://openai.com/gptbot)"
74.7.227.135 - - [04/Apr/2026:13:00:29 +0000] "GET /buy.php?item/222009820 HTTP/1.1" 200 80044 "http://dataharbor.africa.hpierson.com/buy.php?item/222028938" "Mozilla/5.0 AppleWebKit/537.36 (KHTML, like Gecko; compatible; GPTBot/1.3; +https://openai.com/gptbot)"
74.7.242.39 - - [04/Apr/2026:13:00:30 +0000] "GET /buy.php?item/111013075 HTTP/1.1" 200 74102 "http://dataharbor.africa/buy.php?item/111013325" "Mozilla/5.0 AppleWebKit/537.36 (KHTML, like Gecko; compatible; GPTBot/1.3; +https://openai.com/gptbot)"
74.7.242.31 - - [04/Apr/2026:13:00:30 +0000] "GET /buy.php?item/015036129 HTTP/1.1" 200 77868 "http://mail.dataharbor.africa/buy.php?item/250006050" "Mozilla/5.0 AppleWebKit/537.36 (KHTML, like Gecko; compatible; GPTBot/1.3; +https://openai.com/gptbot)"
74.7.242.39 - - [04/Apr/2026:13:00:30 +0000] "GET /buy.php?item/111013079 HTTP/1.1" 200 73732 "http://dataharbor.africa/buy.php?item/111013325" "Mozilla/5.0 AppleWebKit/537.36 (KHTML, like Gecko; compatible; GPTBot/1.3; +https://openai.com/gptbot)"
74.7.242.31 - - [04/Apr/2026:13:00:31 +0000] "GET /buy.php?item/200021426 HTTP/1.1" 200 72873 "http://mail.dataharbor.africa/buy.php?item/200021322" "Mozilla/5.0 AppleWebKit/537.36 (KHTML, like Gecko; compatible; GPTBot/1.3; +https://openai.com/gptbot)"
74.7.242.39 - - [04/Apr/2026:13:00:31 +0000] "GET /buy.php?item/111012833 HTTP/1.1" 200 76690 "http://dataharbor.africa/buy.php?item/111012883" "Mozilla/5.0 AppleWebKit/537.36 (KHTML, like Gecko; compatible; GPTBot/1.3; +https://openai.com/gptbot)"
74.7.227.135 - - [04/Apr/2026:13:00:32 +0000] "GET /buy.php?item/050009986 HTTP/1.1" 200 81186 "http://dataharbor.africa.hpierson.com/buy.php?item/050009460" "Mozilla/5.0 AppleWebKit/537.36 (KHTML, like Gecko; compatible; GPTBot/1.3; +https://openai.com/gptbot)"
74.7.242.39 - - [04/Apr/2026:13:00:32 +0000] "GET /buy.php?item/005000769 HTTP/1.1" 200 86676 "http://dataharbor.africa/buy.php?item/111013325" "Mozilla/5.0 AppleWebKit/537.36 (KHTML, like Gecko; compatible; GPTBot/1.3; +https://openai.com/gptbot)"
74.7.242.31 - - [04/Apr/2026:13:00:32 +0000] "GET /buy.php?item/188000024 HTTP/1.1" 200 77516 "http://mail.dataharbor.africa/buy.php?item/188000058" "Mozilla/5.0 AppleWebKit/537.36 (KHTML, like Gecko; compatible; GPTBot/1.3; +https://openai.com/gptbot)"
74.7.242.39 - - [04/Apr/2026:13:00:33 +0000] "GET /buy.php?item/111013077 HTTP/1.1" 200 74028 "http://dataharbor.africa/buy.php?item/111013325" "Mozilla/5.0 AppleWebKit/537.36 (KHTML, like Gecko; compatible; GPTBot/1.3; +https://openai.com/gptbot)"
74.7.227.135 - - [04/Apr/2026:13:00:34 +0000] "GET /buy.php?item/050009952 HTTP/1.1" 200 85598 "http://dataharbor.africa.hpierson.com/buy.php?item/050009848" "Mozilla/5.0 AppleWebKit/537.36 (KHTML, like Gecko; compatible; GPTBot/1.3; +https://openai.com/gptbot)"
74.7.227.135 - - [04/Apr/2026:13:00:34 +0000] "GET /buy.php?item/050009338 HTTP/1.1" 200 79143 "http://dataharbor.africa.hpierson.com/buy.php?item/050009424" "Mozilla/5.0 AppleWebKit/537.36 (KHTML, like Gecko; compatible; GPTBot/1.3; +https://openai.com/gptbot)"
74.7.242.31 - - [04/Apr/2026:13:00:36 +0000] "GET /buy.php?item/251000723 HTTP/1.1" 200 75377 "http://mail.dataharbor.africa/buy.php?item/111027677" "Mozilla/5.0 AppleWebKit/537.36 (KHTML, like Gecko; compatible; GPTBot/1.3; +https://openai.com/gptbot)"
74.7.242.39 - - [04/Apr/2026:13:00:37 +0000] "GET /buy.php?item/020006562 HTTP/1.1" 200 82680 "http://dataharbor.africa/buy.php?item/222026018" "Mozilla/5.0 AppleWebKit/537.36 (KHTML, like Gecko; compatible; GPTBot/1.3; +https://openai.com/gptbot)"
