74.7.242.31 - - [04/Apr/2026:12:50:36 +0000] "GET /buy.php?item/276000056 HTTP/1.1" 200 77109 "http://mail.dataharbor.africa/buy.php?item/276000024" "Mozilla/5.0 AppleWebKit/537.36 (KHTML, like Gecko; compatible; GPTBot/1.3; +https://openai.com/gptbot)"
74.7.227.135 - - [04/Apr/2026:12:50:37 +0000] "GET /buy.php?item/213020285 HTTP/1.1" 200 80110 "http://dataharbor.africa.hpierson.com/buy.php?item/049000645" "Mozilla/5.0 AppleWebKit/537.36 (KHTML, like Gecko; compatible; GPTBot/1.3; +https://openai.com/gptbot)"
74.7.227.135 - - [04/Apr/2026:12:50:38 +0000] "GET /buy.php?item/049000569 HTTP/1.1" 200 78729 "http://dataharbor.africa.hpierson.com/buy.php?item/049000645" "Mozilla/5.0 AppleWebKit/537.36 (KHTML, like Gecko; compatible; GPTBot/1.3; +https://openai.com/gptbot)"
74.7.242.39 - - [04/Apr/2026:12:50:38 +0000] "GET /buy.php?item/222025430 HTTP/1.1" 200 81064 "http://dataharbor.africa/buy.php?item/222024046" "Mozilla/5.0 AppleWebKit/537.36 (KHTML, like Gecko; compatible; GPTBot/1.3; +https://openai.com/gptbot)"
74.7.242.31 - - [04/Apr/2026:12:50:39 +0000] "GET /buy.php?jp/157028428.html HTTP/1.1" 200 69906 "http://mail.dataharbor.africa/buy.php?item/276000026" "Mozilla/5.0 AppleWebKit/537.36 (KHTML, like Gecko; compatible; GPTBot/1.3; +https://openai.com/gptbot)"
74.7.227.135 - - [04/Apr/2026:12:50:39 +0000] "GET /buy.php?item/049000557 HTTP/1.1" 200 84308 "http://dataharbor.africa.hpierson.com/buy.php?item/049000645" "Mozilla/5.0 AppleWebKit/537.36 (KHTML, like Gecko; compatible; GPTBot/1.3; +https://openai.com/gptbot)"
74.7.242.39 - - [04/Apr/2026:12:50:39 +0000] "GET /buy.php?item/100022066 HTTP/1.1" 200 76896 "http://dataharbor.africa/buy.php?item/100022246" "Mozilla/5.0 AppleWebKit/537.36 (KHTML, like Gecko; compatible; GPTBot/1.3; +https://openai.com/gptbot)"
74.7.242.31 - - [04/Apr/2026:12:50:39 +0000] "GET /buy.php?item/276000008 HTTP/1.1" 200 83263 "http://mail.dataharbor.africa/buy.php?item/276000026" "Mozilla/5.0 AppleWebKit/537.36 (KHTML, like Gecko; compatible; GPTBot/1.3; +https://openai.com/gptbot)"
74.7.227.135 - - [04/Apr/2026:12:50:39 +0000] "GET /buy.php?item/111001479 HTTP/1.1" 200 79561 "http://dataharbor.africa.hpierson.com/buy.php?item/111002315" "Mozilla/5.0 AppleWebKit/537.36 (KHTML, like Gecko; compatible; GPTBot/1.3; +https://openai.com/gptbot)"
74.7.227.135 - - [04/Apr/2026:12:50:40 +0000] "GET /buy.php?item/049000389 HTTP/1.1" 200 82786 "http://dataharbor.africa.hpierson.com/buy.php?item/049000647" "Mozilla/5.0 AppleWebKit/537.36 (KHTML, like Gecko; compatible; GPTBot/1.3; +https://openai.com/gptbot)"
74.7.242.31 - - [04/Apr/2026:12:50:40 +0000] "GET /buy.php?item/130007038 HTTP/1.1" 200 75750 "http://mail.dataharbor.africa/buy.php?item/276000026" "Mozilla/5.0 AppleWebKit/537.36 (KHTML, like Gecko; compatible; GPTBot/1.3; +https://openai.com/gptbot)"
74.7.227.135 - - [04/Apr/2026:12:50:41 +0000] "GET /buy.php?item/111001481 HTTP/1.1" 200 78023 "http://dataharbor.africa.hpierson.com/buy.php?item/111002315" "Mozilla/5.0 AppleWebKit/537.36 (KHTML, like Gecko; compatible; GPTBot/1.3; +https://openai.com/gptbot)"
74.7.227.135 - - [04/Apr/2026:12:50:42 +0000] "GET /buy.php?item/111001393 HTTP/1.1" 200 74705 "http://dataharbor.africa.hpierson.com/buy.php?item/111001237" "Mozilla/5.0 AppleWebKit/537.36 (KHTML, like Gecko; compatible; GPTBot/1.3; +https://openai.com/gptbot)"
74.7.227.135 - - [04/Apr/2026:12:50:44 +0000] "GET /buy.php?special/curiosity/083025202 HTTP/1.1" 200 78560 "http://dataharbor.africa.hpierson.com/buy.php?special/garage/232021161" "Mozilla/5.0 AppleWebKit/537.36 (KHTML, like Gecko; compatible; GPTBot/1.3; +https://openai.com/gptbot)"
74.7.242.31 - - [04/Apr/2026:12:50:44 +0000] "GET /buy.php?item/276000010 HTTP/1.1" 200 82178 "http://mail.dataharbor.africa/buy.php?item/276000032" "Mozilla/5.0 AppleWebKit/537.36 (KHTML, like Gecko; compatible; GPTBot/1.3; +https://openai.com/gptbot)"
74.7.227.135 - - [04/Apr/2026:12:50:44 +0000] "GET /buy.php?goods/060004024 HTTP/1.1" 200 83433 "http://dataharbor.africa.hpierson.com/buy.php?item/060004676" "Mozilla/5.0 AppleWebKit/537.36 (KHTML, like Gecko; compatible; GPTBot/1.3; +https://openai.com/gptbot)"
74.7.227.135 - - [04/Apr/2026:12:50:45 +0000] "GET /buy.php?item/111001309 HTTP/1.1" 200 76451 "http://dataharbor.africa.hpierson.com/buy.php?item/111001685" "Mozilla/5.0 AppleWebKit/537.36 (KHTML, like Gecko; compatible; GPTBot/1.3; +https://openai.com/gptbot)"
74.7.227.135 - - [04/Apr/2026:12:50:46 +0000] "GET /buy.php?item/111001433 HTTP/1.1" 200 78478 "http://dataharbor.africa.hpierson.com/buy.php?item/111001937" "Mozilla/5.0 AppleWebKit/537.36 (KHTML, like Gecko; compatible; GPTBot/1.3; +https://openai.com/gptbot)"
74.7.227.135 - - [04/Apr/2026:12:50:46 +0000] "GET /buy.php?item/049000839 HTTP/1.1" 200 90601 "http://dataharbor.africa.hpierson.com/buy.php?item/049000569" "Mozilla/5.0 AppleWebKit/537.36 (KHTML, like Gecko; compatible; GPTBot/1.3; +https://openai.com/gptbot)"
74.7.227.135 - - [04/Apr/2026:12:50:47 +0000] "GET /buy.php?item/111001225 HTTP/1.1" 200 81265 "http://dataharbor.africa.hpierson.com/buy.php?item/111001849" "Mozilla/5.0 AppleWebKit/537.36 (KHTML, like Gecko; compatible; GPTBot/1.3; +https://openai.com/gptbot)"
74.7.242.39 - - [04/Apr/2026:12:50:47 +0000] "GET /buy.php?item/114000308 HTTP/1.1" 200 78813 "http://dataharbor.africa/buy.php?item/222025430" "Mozilla/5.0 AppleWebKit/537.36 (KHTML, like Gecko; compatible; GPTBot/1.3; +https://openai.com/gptbot)"
74.7.242.39 - - [04/Apr/2026:12:50:48 +0000] "GET /buy.php?item/111010663 HTTP/1.1" 200 72727 "http://dataharbor.africa/buy.php?item/111010483" "Mozilla/5.0 AppleWebKit/537.36 (KHTML, like Gecko; compatible; GPTBot/1.3; +https://openai.com/gptbot)"
74.7.227.135 - - [04/Apr/2026:12:50:48 +0000] "GET /buy.php?item/111001063 HTTP/1.1" 200 75165 "http://dataharbor.africa.hpierson.com/buy.php?item/111001479" "Mozilla/5.0 AppleWebKit/537.36 (KHTML, like Gecko; compatible; GPTBot/1.3; +https://openai.com/gptbot)"
74.7.242.39 - - [04/Apr/2026:12:50:49 +0000] "GET /buy.php?item/202000492 HTTP/1.1" 200 76943 "http://dataharbor.africa/buy.php?item/140004096" "Mozilla/5.0 AppleWebKit/537.36 (KHTML, like Gecko; compatible; GPTBot/1.3; +https://openai.com/gptbot)"
74.7.227.135 - - [04/Apr/2026:12:50:49 +0000] "GET /buy.php?item/049000775 HTTP/1.1" 200 83112 "http://dataharbor.africa.hpierson.com/buy.php?item/049000389" "Mozilla/5.0 AppleWebKit/537.36 (KHTML, like Gecko; compatible; GPTBot/1.3; +https://openai.com/gptbot)"
74.7.227.135 - - [04/Apr/2026:12:50:49 +0000] "GET /buy.php?item/049000769 HTTP/1.1" 200 94802 "http://dataharbor.africa.hpierson.com/buy.php?item/049000389" "Mozilla/5.0 AppleWebKit/537.36 (KHTML, like Gecko; compatible; GPTBot/1.3; +https://openai.com/gptbot)"
74.7.227.135 - - [04/Apr/2026:12:50:50 +0000] "GET /buy.php?item/134033000 HTTP/1.1" 200 77148 "http://dataharbor.africa.hpierson.com/buy.php?item/111001439" "Mozilla/5.0 AppleWebKit/537.36 (KHTML, like Gecko; compatible; GPTBot/1.3; +https://openai.com/gptbot)"
74.7.242.39 - - [04/Apr/2026:12:50:50 +0000] "GET /buy.php?item/111018185 HTTP/1.1" 200 77674 "http://dataharbor.africa/buy.php?item/111018231" "Mozilla/5.0 AppleWebKit/537.36 (KHTML, like Gecko; compatible; GPTBot/1.3; +https://openai.com/gptbot)"
74.7.242.31 - - [04/Apr/2026:12:50:50 +0000] "GET /buy.php?item/102011156 HTTP/1.1" 200 80500 "http://mail.dataharbor.africa/buy.php?item/130007038" "Mozilla/5.0 AppleWebKit/537.36 (KHTML, like Gecko; compatible; GPTBot/1.3; +https://openai.com/gptbot)"
74.7.227.135 - - [04/Apr/2026:12:50:51 +0000] "GET /buy.php?item/111001981 HTTP/1.1" 200 77938 "http://dataharbor.africa.hpierson.com/buy.php?item/111001257" "Mozilla/5.0 AppleWebKit/537.36 (KHTML, like Gecko; compatible; GPTBot/1.3; +https://openai.com/gptbot)"
74.7.227.135 - - [04/Apr/2026:12:50:51 +0000] "GET /buy.php?item/111002031 HTTP/1.1" 200 71692 "http://dataharbor.africa.hpierson.com/buy.php?item/111001241" "Mozilla/5.0 AppleWebKit/537.36 (KHTML, like Gecko; compatible; GPTBot/1.3; +https://openai.com/gptbot)"
74.7.242.31 - - [04/Apr/2026:12:50:52 +0000] "GET /buy.php?item/276000022 HTTP/1.1" 200 79700 "http://mail.dataharbor.africa/buy.php?item/276000032" "Mozilla/5.0 AppleWebKit/537.36 (KHTML, like Gecko; compatible; GPTBot/1.3; +https://openai.com/gptbot)"
74.7.227.135 - - [04/Apr/2026:12:50:52 +0000] "GET /buy.php?item/038037888 HTTP/1.1" 200 74715 "http://dataharbor.africa.hpierson.com/buy.php?item/049000121" "Mozilla/5.0 AppleWebKit/537.36 (KHTML, like Gecko; compatible; GPTBot/1.3; +https://openai.com/gptbot)"
74.7.227.135 - - [04/Apr/2026:12:50:53 +0000] "GET /buy.php?item/111001263 HTTP/1.1" 200 94886 "http://dataharbor.africa.hpierson.com/buy.php?item/111001309" "Mozilla/5.0 AppleWebKit/537.36 (KHTML, like Gecko; compatible; GPTBot/1.3; +https://openai.com/gptbot)"
74.7.227.135 - - [04/Apr/2026:12:50:54 +0000] "GET /buy.php?item/111001265 HTTP/1.1" 200 81748 "http://dataharbor.africa.hpierson.com/buy.php?item/111001309" "Mozilla/5.0 AppleWebKit/537.36 (KHTML, like Gecko; compatible; GPTBot/1.3; +https://openai.com/gptbot)"
74.7.242.31 - - [04/Apr/2026:12:50:54 +0000] "GET /buy.php?special/evening/018040063 HTTP/1.1" 200 83009 "http://mail.dataharbor.africa/buy.php?item/276000010" "Mozilla/5.0 AppleWebKit/537.36 (KHTML, like Gecko; compatible; GPTBot/1.3; +https://openai.com/gptbot)"
74.7.242.39 - - [04/Apr/2026:12:50:54 +0000] "GET /buy.php?item/033000499 HTTP/1.1" 200 73152 "http://dataharbor.africa/buy.php?item/033000951" "Mozilla/5.0 AppleWebKit/537.36 (KHTML, like Gecko; compatible; GPTBot/1.3; +https://openai.com/gptbot)"
74.7.227.135 - - [04/Apr/2026:12:50:55 +0000] "GET /buy.php?item/049000461 HTTP/1.1" 200 80908 "http://dataharbor.africa.hpierson.com/buy.php?item/049000839" "Mozilla/5.0 AppleWebKit/537.36 (KHTML, like Gecko; compatible; GPTBot/1.3; +https://openai.com/gptbot)"
74.7.227.135 - - [04/Apr/2026:12:50:56 +0000] "GET /buy.php?item/111001289 HTTP/1.1" 200 75475 "http://dataharbor.africa.hpierson.com/buy.php?item/111001225" "Mozilla/5.0 AppleWebKit/537.36 (KHTML, like Gecko; compatible; GPTBot/1.3; +https://openai.com/gptbot)"
74.7.242.39 - - [04/Apr/2026:12:50:56 +0000] "GET /buy.php?item/090007038 HTTP/1.1" 200 75727 "http://dataharbor.africa/buy.php?item/090006802" "Mozilla/5.0 AppleWebKit/537.36 (KHTML, like Gecko; compatible; GPTBot/1.3; +https://openai.com/gptbot)"
74.7.227.135 - - [04/Apr/2026:12:50:56 +0000] "GET /buy.php?item/111001947 HTTP/1.1" 200 78580 "http://dataharbor.africa.hpierson.com/buy.php?item/111001063" "Mozilla/5.0 AppleWebKit/537.36 (KHTML, like Gecko; compatible; GPTBot/1.3; +https://openai.com/gptbot)"
74.7.227.135 - - [04/Apr/2026:12:50:57 +0000] "GET /buy.php?item/049000473 HTTP/1.1" 200 82774 "http://dataharbor.africa.hpierson.com/buy.php?item/049000775" "Mozilla/5.0 AppleWebKit/537.36 (KHTML, like Gecko; compatible; GPTBot/1.3; +https://openai.com/gptbot)"
74.7.242.31 - - [04/Apr/2026:12:50:58 +0000] "GET /buy.php?item/276000042 HTTP/1.1" 200 84022 "http://mail.dataharbor.africa/buy.php?item/276000010" "Mozilla/5.0 AppleWebKit/537.36 (KHTML, like Gecko; compatible; GPTBot/1.3; +https://openai.com/gptbot)"
74.7.242.39 - - [04/Apr/2026:12:50:58 +0000] "GET /buy.php?item/202000164 HTTP/1.1" 200 82996 "http://dataharbor.africa/buy.php?item/202000492" "Mozilla/5.0 AppleWebKit/537.36 (KHTML, like Gecko; compatible; GPTBot/1.3; +https://openai.com/gptbot)"
74.7.242.31 - - [04/Apr/2026:12:50:59 +0000] "GET /buy.php?item/276000044 HTTP/1.1" 200 85826 "http://mail.dataharbor.africa/buy.php?item/276000010" "Mozilla/5.0 AppleWebKit/537.36 (KHTML, like Gecko; compatible; GPTBot/1.3; +https://openai.com/gptbot)"
74.7.227.135 - - [04/Apr/2026:12:50:58 +0000] "GET /buy.php?item/049000693 HTTP/1.1" 200 75953 "http://dataharbor.africa.hpierson.com/buy.php?item/049000769" "Mozilla/5.0 AppleWebKit/537.36 (KHTML, like Gecko; compatible; GPTBot/1.3; +https://openai.com/gptbot)"
74.7.227.135 - - [04/Apr/2026:12:50:59 +0000] "GET /buy.php?item/111001293 HTTP/1.1" 200 78120 "http://dataharbor.africa.hpierson.com/buy.php?item/111001225" "Mozilla/5.0 AppleWebKit/537.36 (KHTML, like Gecko; compatible; GPTBot/1.3; +https://openai.com/gptbot)"
74.7.227.135 - - [04/Apr/2026:12:51:00 +0000] "GET /buy.php?item/049000471 HTTP/1.1" 200 94110 "http://dataharbor.africa.hpierson.com/buy.php?item/049000775" "Mozilla/5.0 AppleWebKit/537.36 (KHTML, like Gecko; compatible; GPTBot/1.3; +https://openai.com/gptbot)"
74.7.242.31 - - [04/Apr/2026:12:51:01 +0000] "GET /buy.php?item/276000040 HTTP/1.1" 200 85983 "http://mail.dataharbor.africa/buy.php?item/276000010" "Mozilla/5.0 AppleWebKit/537.36 (KHTML, like Gecko; compatible; GPTBot/1.3; +https://openai.com/gptbot)"
74.7.227.135 - - [04/Apr/2026:12:51:01 +0000] "GET /buy.php?item/126030446 HTTP/1.1" 200 83759 "http://dataharbor.africa.hpierson.com/buy.php?item/111002031" "Mozilla/5.0 AppleWebKit/537.36 (KHTML, like Gecko; compatible; GPTBot/1.3; +https://openai.com/gptbot)"
74.7.242.31 - - [04/Apr/2026:12:51:01 +0000] "GET /buy.php?item/276000050 HTTP/1.1" 200 77397 "http://mail.dataharbor.africa/buy.php?item/276000024" "Mozilla/5.0 AppleWebKit/537.36 (KHTML, like Gecko; compatible; GPTBot/1.3; +https://openai.com/gptbot)"
74.7.227.135 - - [04/Apr/2026:12:51:02 +0000] "GET /buy.php?item/049000457 HTTP/1.1" 200 81450 "http://dataharbor.africa.hpierson.com/buy.php?item/049000839" "Mozilla/5.0 AppleWebKit/537.36 (KHTML, like Gecko; compatible; GPTBot/1.3; +https://openai.com/gptbot)"
74.7.242.31 - - [04/Apr/2026:12:51:02 +0000] "GET /buy.php?item/110009258 HTTP/1.1" 200 77973 "http://mail.dataharbor.africa/buy.php?item/110003192" "Mozilla/5.0 AppleWebKit/537.36 (KHTML, like Gecko; compatible; GPTBot/1.3; +https://openai.com/gptbot)"
74.7.242.31 - - [04/Apr/2026:12:51:03 +0000] "GET /buy.php?item/111033595 HTTP/1.1" 200 76976 "http://mail.dataharbor.africa/buy.php?item/111017257" "Mozilla/5.0 AppleWebKit/537.36 (KHTML, like Gecko; compatible; GPTBot/1.3; +https://openai.com/gptbot)"
74.7.227.135 - - [04/Apr/2026:12:51:03 +0000] "GET /buy.php?item/111001295 HTTP/1.1" 200 76150 "http://dataharbor.africa.hpierson.com/buy.php?item/111001225" "Mozilla/5.0 AppleWebKit/537.36 (KHTML, like Gecko; compatible; GPTBot/1.3; +https://openai.com/gptbot)"
74.7.242.31 - - [04/Apr/2026:12:51:03 +0000] "GET /buy.php?item/200041128 HTTP/1.1" 200 74544 "http://mail.dataharbor.africa/buy.php?item/200040998" "Mozilla/5.0 AppleWebKit/537.36 (KHTML, like Gecko; compatible; GPTBot/1.3; +https://openai.com/gptbot)"
74.7.227.135 - - [04/Apr/2026:12:51:04 +0000] "GET /buy.php?item/111001703 HTTP/1.1" 200 80184 "http://dataharbor.africa.hpierson.com/buy.php?item/111001981" "Mozilla/5.0 AppleWebKit/537.36 (KHTML, like Gecko; compatible; GPTBot/1.3; +https://openai.com/gptbot)"
74.7.242.39 - - [04/Apr/2026:12:51:04 +0000] "GET /buy.php?item/100020890 HTTP/1.1" 200 78847 "http://dataharbor.africa/buy.php?item/060003282" "Mozilla/5.0 AppleWebKit/537.36 (KHTML, like Gecko; compatible; GPTBot/1.3; +https://openai.com/gptbot)"
74.7.227.135 - - [04/Apr/2026:12:51:04 +0000] "GET /buy.php?item/049000655 HTTP/1.1" 200 81284 "http://dataharbor.africa.hpierson.com/buy.php?item/049000461" "Mozilla/5.0 AppleWebKit/537.36 (KHTML, like Gecko; compatible; GPTBot/1.3; +https://openai.com/gptbot)"
74.7.242.39 - - [04/Apr/2026:12:51:05 +0000] "GET /buy.php?item/055000459 HTTP/1.1" 200 70364 "http://dataharbor.africa/buy.php?item/055000869" "Mozilla/5.0 AppleWebKit/537.36 (KHTML, like Gecko; compatible; GPTBot/1.3; +https://openai.com/gptbot)"
74.7.227.135 - - [04/Apr/2026:12:51:06 +0000] "GET /buy.php?special/short-term/138019837 HTTP/1.1" 200 78899 "http://dataharbor.africa.hpierson.com/buy.php?item/111001289" "Mozilla/5.0 AppleWebKit/537.36 (KHTML, like Gecko; compatible; GPTBot/1.3; +https://openai.com/gptbot)"
74.7.242.31 - - [04/Apr/2026:12:51:06 +0000] "GET /buy.php?item/090007138 HTTP/1.1" 200 73397 "http://mail.dataharbor.africa/buy.php?item/090007018" "Mozilla/5.0 AppleWebKit/537.36 (KHTML, like Gecko; compatible; GPTBot/1.3; +https://openai.com/gptbot)"
74.7.227.135 - - [04/Apr/2026:12:51:06 +0000] "GET /buy.php?item/049000459 HTTP/1.1" 200 93364 "http://dataharbor.africa.hpierson.com/buy.php?item/049000839" "Mozilla/5.0 AppleWebKit/537.36 (KHTML, like Gecko; compatible; GPTBot/1.3; +https://openai.com/gptbot)"
74.7.242.31 - - [04/Apr/2026:12:51:07 +0000] "GET /buy.php?item/276000046 HTTP/1.1" 200 81717 "http://mail.dataharbor.africa/buy.php?item/276000044" "Mozilla/5.0 AppleWebKit/537.36 (KHTML, like Gecko; compatible; GPTBot/1.3; +https://openai.com/gptbot)"
74.7.227.135 - - [04/Apr/2026:12:51:07 +0000] "GET /buy.php?item/086011190 HTTP/1.1" 200 65986 "http://dataharbor.africa.hpierson.com/buy.php?item/049000473" "Mozilla/5.0 AppleWebKit/537.36 (KHTML, like Gecko; compatible; GPTBot/1.3; +https://openai.com/gptbot)"
74.7.227.135 - - [04/Apr/2026:12:51:08 +0000] "GET /buy.php?item/049000451 HTTP/1.1" 200 77332 "http://dataharbor.africa.hpierson.com/buy.php?item/049000693" "Mozilla/5.0 AppleWebKit/537.36 (KHTML, like Gecko; compatible; GPTBot/1.3; +https://openai.com/gptbot)"
74.7.242.31 - - [04/Apr/2026:12:51:09 +0000] "GET /buy.php?item/180003142 HTTP/1.1" 200 78734 "http://mail.dataharbor.africa/buy.php?item/180002702" "Mozilla/5.0 AppleWebKit/537.36 (KHTML, like Gecko; compatible; GPTBot/1.3; +https://openai.com/gptbot)"
74.7.227.135 - - [04/Apr/2026:12:51:09 +0000] "GET /buy.php?item/049000703 HTTP/1.1" 200 91073 "http://dataharbor.africa.hpierson.com/buy.php?item/049000769" "Mozilla/5.0 AppleWebKit/537.36 (KHTML, like Gecko; compatible; GPTBot/1.3; +https://openai.com/gptbot)"
74.7.242.39 - - [04/Apr/2026:12:51:10 +0000] "GET /buy.php?item/222024904 HTTP/1.1" 200 78170 "http://dataharbor.africa/buy.php?item/222024866" "Mozilla/5.0 AppleWebKit/537.36 (KHTML, like Gecko; compatible; GPTBot/1.3; +https://openai.com/gptbot)"
74.7.227.135 - - [04/Apr/2026:12:51:10 +0000] "GET /buy.php?item/049000193 HTTP/1.1" 200 85000 "http://dataharbor.africa.hpierson.com/buy.php?item/049000471" "Mozilla/5.0 AppleWebKit/537.36 (KHTML, like Gecko; compatible; GPTBot/1.3; +https://openai.com/gptbot)"
74.7.242.39 - - [04/Apr/2026:12:51:11 +0000] "GET /buy.php?item/090001590 HTTP/1.1" 200 76456 "http://dataharbor.africa/buy.php?item/090001798" "Mozilla/5.0 AppleWebKit/537.36 (KHTML, like Gecko; compatible; GPTBot/1.3; +https://openai.com/gptbot)"
74.7.242.31 - - [04/Apr/2026:12:51:11 +0000] "GET /buy.php?item/110000924 HTTP/1.1" 200 76895 "http://mail.dataharbor.africa/buy.php?item/110009258" "Mozilla/5.0 AppleWebKit/537.36 (KHTML, like Gecko; compatible; GPTBot/1.3; +https://openai.com/gptbot)"
74.7.227.135 - - [04/Apr/2026:12:51:11 +0000] "GET /buy.php?item/222031432 HTTP/1.1" 200 100807 "http://dataharbor.africa.hpierson.com/buy.php?item/126030446" "Mozilla/5.0 AppleWebKit/537.36 (KHTML, like Gecko; compatible; GPTBot/1.3; +https://openai.com/gptbot)"
74.7.242.39 - - [04/Apr/2026:12:51:12 +0000] "GET /buy.php?item/022000840 HTTP/1.1" 200 76178 "http://dataharbor.africa/buy.php?item/022000956" "Mozilla/5.0 AppleWebKit/537.36 (KHTML, like Gecko; compatible; GPTBot/1.3; +https://openai.com/gptbot)"
74.7.242.31 - - [04/Apr/2026:12:51:12 +0000] "GET /buy.php?item/150003254 HTTP/1.1" 200 78696 "http://mail.dataharbor.africa/buy.php?item/150001516" "Mozilla/5.0 AppleWebKit/537.36 (KHTML, like Gecko; compatible; GPTBot/1.3; +https://openai.com/gptbot)"
74.7.227.135 - - [04/Apr/2026:12:51:12 +0000] "GET /buy.php?goods/075033945 HTTP/1.1" 200 80059 "http://dataharbor.africa.hpierson.com/buy.php?item/049000457" "Mozilla/5.0 AppleWebKit/537.36 (KHTML, like Gecko; compatible; GPTBot/1.3; +https://openai.com/gptbot)"
74.7.242.39 - - [04/Apr/2026:12:51:13 +0000] "GET /buy.php?item/090007744 HTTP/1.1" 200 76863 "http://dataharbor.africa/buy.php?item/090006992" "Mozilla/5.0 AppleWebKit/537.36 (KHTML, like Gecko; compatible; GPTBot/1.3; +https://openai.com/gptbot)"
74.7.227.135 - - [04/Apr/2026:12:51:13 +0000] "GET /buy.php?special/versus/184029093 HTTP/1.1" 200 89462 "http://dataharbor.africa.hpierson.com/buy.php?item/111001295" "Mozilla/5.0 AppleWebKit/537.36 (KHTML, like Gecko; compatible; GPTBot/1.3; +https://openai.com/gptbot)"
74.7.227.135 - - [04/Apr/2026:12:51:13 +0000] "GET /buy.php?item/111001889 HTTP/1.1" 200 84150 "http://dataharbor.africa.hpierson.com/buy.php?item/111001703" "Mozilla/5.0 AppleWebKit/537.36 (KHTML, like Gecko; compatible; GPTBot/1.3; +https://openai.com/gptbot)"
74.7.242.39 - - [04/Apr/2026:12:51:14 +0000] "GET /buy.php?item/271000119 HTTP/1.1" 200 74106 "http://dataharbor.africa/buy.php?item/100020890" "Mozilla/5.0 AppleWebKit/537.36 (KHTML, like Gecko; compatible; GPTBot/1.3; +https://openai.com/gptbot)"
74.7.227.135 - - [04/Apr/2026:12:51:14 +0000] "GET /buy.php?item/049000869 HTTP/1.1" 200 78024 "http://dataharbor.africa.hpierson.com/buy.php?item/049000457" "Mozilla/5.0 AppleWebKit/537.36 (KHTML, like Gecko; compatible; GPTBot/1.3; +https://openai.com/gptbot)"
74.7.242.39 - - [04/Apr/2026:12:51:15 +0000] "GET /buy.php?item/111014841 HTTP/1.1" 200 74204 "http://dataharbor.africa/buy.php?item/111014361" "Mozilla/5.0 AppleWebKit/537.36 (KHTML, like Gecko; compatible; GPTBot/1.3; +https://openai.com/gptbot)"
74.7.227.135 - - [04/Apr/2026:12:51:15 +0000] "GET /buy.php?goods/038000032 HTTP/1.1" 200 78896 "http://dataharbor.africa.hpierson.com/buy.php?special/short-term/138019837" "Mozilla/5.0 AppleWebKit/537.36 (KHTML, like Gecko; compatible; GPTBot/1.3; +https://openai.com/gptbot)"
74.7.242.31 - - [04/Apr/2026:12:51:15 +0000] "GET /buy.php?item/133000679 HTTP/1.1" 200 78327 "http://mail.dataharbor.africa/buy.php?item/133000701" "Mozilla/5.0 AppleWebKit/537.36 (KHTML, like Gecko; compatible; GPTBot/1.3; +https://openai.com/gptbot)"
74.7.227.135 - - [04/Apr/2026:12:51:16 +0000] "GET /buy.php?item/049000171 HTTP/1.1" 200 89743 "http://dataharbor.africa.hpierson.com/buy.php?item/049000655" "Mozilla/5.0 AppleWebKit/537.36 (KHTML, like Gecko; compatible; GPTBot/1.3; +https://openai.com/gptbot)"
74.7.242.39 - - [04/Apr/2026:12:51:17 +0000] "GET /buy.php?item/222022716 HTTP/1.1" 200 77414 "http://dataharbor.africa/buy.php?item/222023860" "Mozilla/5.0 AppleWebKit/537.36 (KHTML, like Gecko; compatible; GPTBot/1.3; +https://openai.com/gptbot)"
74.7.242.31 - - [04/Apr/2026:12:51:17 +0000] "GET /buy.php?item/180002812 HTTP/1.1" 200 85012 "http://mail.dataharbor.africa/buy.php?item/180003142" "Mozilla/5.0 AppleWebKit/537.36 (KHTML, like Gecko; compatible; GPTBot/1.3; +https://openai.com/gptbot)"
74.7.242.39 - - [04/Apr/2026:12:51:18 +0000] "GET /buy.php?item/020001510 HTTP/1.1" 200 79626 "http://dataharbor.africa/buy.php?item/020001540" "Mozilla/5.0 AppleWebKit/537.36 (KHTML, like Gecko; compatible; GPTBot/1.3; +https://openai.com/gptbot)"
74.7.227.135 - - [04/Apr/2026:12:51:18 +0000] "GET /buy.php?item/049000337 HTTP/1.1" 200 82526 "http://dataharbor.africa.hpierson.com/buy.php?item/049000459" "Mozilla/5.0 AppleWebKit/537.36 (KHTML, like Gecko; compatible; GPTBot/1.3; +https://openai.com/gptbot)"
74.7.242.31 - - [04/Apr/2026:12:51:18 +0000] "GET /buy.php?item/268025000 HTTP/1.1" 200 73306 "http://mail.dataharbor.africa/buy.php?item/180003142" "Mozilla/5.0 AppleWebKit/537.36 (KHTML, like Gecko; compatible; GPTBot/1.3; +https://openai.com/gptbot)"
74.7.242.39 - - [04/Apr/2026:12:51:18 +0000] "GET /buy.php?item/100011126 HTTP/1.1" 200 85744 "http://dataharbor.africa/buy.php?item/100011138" "Mozilla/5.0 AppleWebKit/537.36 (KHTML, like Gecko; compatible; GPTBot/1.3; +https://openai.com/gptbot)"
74.7.227.135 - - [04/Apr/2026:12:51:19 +0000] "GET /buy.php?item/049000879 HTTP/1.1" 200 93942 "http://dataharbor.africa.hpierson.com/buy.php?item/049000457" "Mozilla/5.0 AppleWebKit/537.36 (KHTML, like Gecko; compatible; GPTBot/1.3; +https://openai.com/gptbot)"
74.7.242.31 - - [04/Apr/2026:12:51:19 +0000] "GET /buy.php?item/110008820 HTTP/1.1" 200 85139 "http://mail.dataharbor.africa/buy.php?item/110000924" "Mozilla/5.0 AppleWebKit/537.36 (KHTML, like Gecko; compatible; GPTBot/1.3; +https://openai.com/gptbot)"
74.7.242.39 - - [04/Apr/2026:12:51:19 +0000] "GET /buy.php?item/204038536 HTTP/1.1" 200 68511 "http://dataharbor.africa/buy.php?item/090001590" "Mozilla/5.0 AppleWebKit/537.36 (KHTML, like Gecko; compatible; GPTBot/1.3; +https://openai.com/gptbot)"
74.7.227.135 - - [04/Apr/2026:12:51:20 +0000] "GET /buy.php?item/049000395 HTTP/1.1" 200 93796 "http://dataharbor.africa.hpierson.com/buy.php?item/049000451" "Mozilla/5.0 AppleWebKit/537.36 (KHTML, like Gecko; compatible; GPTBot/1.3; +https://openai.com/gptbot)"
74.7.242.39 - - [04/Apr/2026:12:51:20 +0000] "GET /buy.php?item/022000930 HTTP/1.1" 200 73826 "http://dataharbor.africa/buy.php?item/022000840" "Mozilla/5.0 AppleWebKit/537.36 (KHTML, like Gecko; compatible; GPTBot/1.3; +https://openai.com/gptbot)"
74.7.242.31 - - [04/Apr/2026:12:51:20 +0000] "GET /buy.php?item/222045154 HTTP/1.1" 200 84989 "http://mail.dataharbor.africa/buy.php?item/222044144" "Mozilla/5.0 AppleWebKit/537.36 (KHTML, like Gecko; compatible; GPTBot/1.3; +https://openai.com/gptbot)"
74.7.227.135 - - [04/Apr/2026:12:51:20 +0000] "GET /buy.php?item/049000679 HTTP/1.1" 200 81477 "http://dataharbor.africa.hpierson.com/buy.php?item/049000703" "Mozilla/5.0 AppleWebKit/537.36 (KHTML, like Gecko; compatible; GPTBot/1.3; +https://openai.com/gptbot)"
74.7.242.39 - - [04/Apr/2026:12:51:21 +0000] "GET /buy.php?item/022000924 HTTP/1.1" 200 72505 "http://dataharbor.africa/buy.php?item/022000840" "Mozilla/5.0 AppleWebKit/537.36 (KHTML, like Gecko; compatible; GPTBot/1.3; +https://openai.com/gptbot)"
74.7.227.135 - - [04/Apr/2026:12:51:21 +0000] "GET /buy.php?item/222031280 HTTP/1.1" 200 77163 "http://dataharbor.africa.hpierson.com/buy.php?item/222031432" "Mozilla/5.0 AppleWebKit/537.36 (KHTML, like Gecko; compatible; GPTBot/1.3; +https://openai.com/gptbot)"
74.7.242.39 - - [04/Apr/2026:12:51:22 +0000] "GET /buy.php?item/006000334 HTTP/1.1" 200 71576 "http://dataharbor.africa/buy.php?item/090001590" "Mozilla/5.0 AppleWebKit/537.36 (KHTML, like Gecko; compatible; GPTBot/1.3; +https://openai.com/gptbot)"
74.7.227.135 - - [04/Apr/2026:12:51:22 +0000] "GET /buy.php?item/049000199 HTTP/1.1" 200 75376 "http://dataharbor.africa.hpierson.com/buy.php?item/049000471" "Mozilla/5.0 AppleWebKit/537.36 (KHTML, like Gecko; compatible; GPTBot/1.3; +https://openai.com/gptbot)"
74.7.227.135 - - [04/Apr/2026:12:51:23 +0000] "GET /buy.php?item/111001629 HTTP/1.1" 200 80200 "http://dataharbor.africa.hpierson.com/buy.php?item/111001889" "Mozilla/5.0 AppleWebKit/537.36 (KHTML, like Gecko; compatible; GPTBot/1.3; +https://openai.com/gptbot)"
74.7.227.135 - - [04/Apr/2026:12:51:23 +0000] "GET /buy.php?item/049000339 HTTP/1.1" 200 84555 "http://dataharbor.africa.hpierson.com/buy.php?item/049000193" "Mozilla/5.0 AppleWebKit/537.36 (KHTML, like Gecko; compatible; GPTBot/1.3; +https://openai.com/gptbot)"
74.7.242.39 - - [04/Apr/2026:12:51:23 +0000] "GET /buy.php?item/118040798 HTTP/1.1" 200 70187 "http://dataharbor.africa/buy.php?item/111014841" "Mozilla/5.0 AppleWebKit/537.36 (KHTML, like Gecko; compatible; GPTBot/1.3; +https://openai.com/gptbot)"
74.7.227.135 - - [04/Apr/2026:12:51:24 +0000] "GET /buy.php?item/111002015 HTTP/1.1" 200 74872 "http://dataharbor.africa.hpierson.com/buy.php?item/111001433" "Mozilla/5.0 AppleWebKit/537.36 (KHTML, like Gecko; compatible; GPTBot/1.3; +https://openai.com/gptbot)"
74.7.242.31 - - [04/Apr/2026:12:51:24 +0000] "GET /buy.php?item/222043986 HTTP/1.1" 200 97629 "http://mail.dataharbor.africa/buy.php?item/222045428" "Mozilla/5.0 AppleWebKit/537.36 (KHTML, like Gecko; compatible; GPTBot/1.3; +https://openai.com/gptbot)"
74.7.227.135 - - [04/Apr/2026:12:51:24 +0000] "GET /buy.php?item/049000841 HTTP/1.1" 200 84156 "http://dataharbor.africa.hpierson.com/buy.php?item/049000171" "Mozilla/5.0 AppleWebKit/537.36 (KHTML, like Gecko; compatible; GPTBot/1.3; +https://openai.com/gptbot)"
74.7.227.135 - - [04/Apr/2026:12:51:25 +0000] "GET /buy.php?item/111001451 HTTP/1.1" 200 77997 "http://dataharbor.africa.hpierson.com/buy.php?item/111001365" "Mozilla/5.0 AppleWebKit/537.36 (KHTML, like Gecko; compatible; GPTBot/1.3; +https://openai.com/gptbot)"
74.7.227.135 - - [04/Apr/2026:12:51:26 +0000] "GET /buy.php?item/049000247 HTTP/1.1" 200 82966 "http://dataharbor.africa.hpierson.com/buy.php?item/049000337" "Mozilla/5.0 AppleWebKit/537.36 (KHTML, like Gecko; compatible; GPTBot/1.3; +https://openai.com/gptbot)"
74.7.242.39 - - [04/Apr/2026:12:51:26 +0000] "GET /buy.php?item/240008508 HTTP/1.1" 200 68443 "http://dataharbor.africa/buy.php?item/020001510" "Mozilla/5.0 AppleWebKit/537.36 (KHTML, like Gecko; compatible; GPTBot/1.3; +https://openai.com/gptbot)"
74.7.227.135 - - [04/Apr/2026:12:51:26 +0000] "GET /buy.php?item/049000259 HTTP/1.1" 200 85651 "http://dataharbor.africa.hpierson.com/buy.php?item/049000337" "Mozilla/5.0 AppleWebKit/537.36 (KHTML, like Gecko; compatible; GPTBot/1.3; +https://openai.com/gptbot)"
74.7.242.39 - - [04/Apr/2026:12:51:27 +0000] "GET /buy.php?item/020001676 HTTP/1.1" 200 85290 "http://dataharbor.africa/buy.php?item/020001510" "Mozilla/5.0 AppleWebKit/537.36 (KHTML, like Gecko; compatible; GPTBot/1.3; +https://openai.com/gptbot)"
74.7.227.135 - - [04/Apr/2026:12:51:27 +0000] "GET /buy.php?item/111001323 HTTP/1.1" 200 75796 "http://dataharbor.africa.hpierson.com/buy.php?item/111001229" "Mozilla/5.0 AppleWebKit/537.36 (KHTML, like Gecko; compatible; GPTBot/1.3; +https://openai.com/gptbot)"
74.7.242.39 - - [04/Apr/2026:12:51:28 +0000] "GET /buy.php?item/222025792 HTTP/1.1" 200 79509 "http://dataharbor.africa/buy.php?item/222022716" "Mozilla/5.0 AppleWebKit/537.36 (KHTML, like Gecko; compatible; GPTBot/1.3; +https://openai.com/gptbot)"
74.7.242.31 - - [04/Apr/2026:12:51:28 +0000] "GET /buy.php?item/040000132 HTTP/1.1" 200 73299 "http://mail.dataharbor.africa/buy.php?item/222045154" "Mozilla/5.0 AppleWebKit/537.36 (KHTML, like Gecko; compatible; GPTBot/1.3; +https://openai.com/gptbot)"
74.7.227.135 - - [04/Apr/2026:12:51:28 +0000] "GET /buy.php?special/field/222014257 HTTP/1.1" 200 89564 "http://dataharbor.africa.hpierson.com/buy.php?item/222031280" "Mozilla/5.0 AppleWebKit/537.36 (KHTML, like Gecko; compatible; GPTBot/1.3; +https://openai.com/gptbot)"
74.7.227.135 - - [04/Apr/2026:12:51:29 +0000] "GET /buy.php?item/049000593 HTTP/1.1" 200 82499 "http://dataharbor.africa.hpierson.com/buy.php?item/049000199" "Mozilla/5.0 AppleWebKit/537.36 (KHTML, like Gecko; compatible; GPTBot/1.3; +https://openai.com/gptbot)"
74.7.242.39 - - [04/Apr/2026:12:51:29 +0000] "GET /buy.php?item/180008016 HTTP/1.1" 200 78177 "http://dataharbor.africa/buy.php?item/022000930" "Mozilla/5.0 AppleWebKit/537.36 (KHTML, like Gecko; compatible; GPTBot/1.3; +https://openai.com/gptbot)"
74.7.242.39 - - [04/Apr/2026:12:51:30 +0000] "GET /buy.php?item/006000498 HTTP/1.1" 200 71948 "http://dataharbor.africa/buy.php?item/006000334" "Mozilla/5.0 AppleWebKit/537.36 (KHTML, like Gecko; compatible; GPTBot/1.3; +https://openai.com/gptbot)"
74.7.227.135 - - [04/Apr/2026:12:51:30 +0000] "GET /buy.php?item/111001539 HTTP/1.1" 200 77082 "http://dataharbor.africa.hpierson.com/buy.php?item/111001629" "Mozilla/5.0 AppleWebKit/537.36 (KHTML, like Gecko; compatible; GPTBot/1.3; +https://openai.com/gptbot)"
74.7.227.135 - - [04/Apr/2026:12:51:30 +0000] "GET /buy.php?item/222014254 HTTP/1.1" 200 90763 "http://dataharbor.africa.hpierson.com/buy.php?item/222031280" "Mozilla/5.0 AppleWebKit/537.36 (KHTML, like Gecko; compatible; GPTBot/1.3; +https://openai.com/gptbot)"
74.7.227.135 - - [04/Apr/2026:12:51:31 +0000] "GET /buy.php?item/111001543 HTTP/1.1" 200 78544 "http://dataharbor.africa.hpierson.com/buy.php?item/111001629" "Mozilla/5.0 AppleWebKit/537.36 (KHTML, like Gecko; compatible; GPTBot/1.3; +https://openai.com/gptbot)"
74.7.242.31 - - [04/Apr/2026:12:51:31 +0000] "GET /buy.php?item/222042538 HTTP/1.1" 200 97652 "http://mail.dataharbor.africa/buy.php?item/222043986" "Mozilla/5.0 AppleWebKit/537.36 (KHTML, like Gecko; compatible; GPTBot/1.3; +https://openai.com/gptbot)"
74.7.242.39 - - [04/Apr/2026:12:51:31 +0000] "GET /buy.php?item/100011228 HTTP/1.1" 200 93070 "http://dataharbor.africa/buy.php?item/100011126" "Mozilla/5.0 AppleWebKit/537.36 (KHTML, like Gecko; compatible; GPTBot/1.3; +https://openai.com/gptbot)"
74.7.242.31 - - [04/Apr/2026:12:51:32 +0000] "GET /buy.php?item/222042498 HTTP/1.1" 200 97643 "http://mail.dataharbor.africa/buy.php?item/222043986" "Mozilla/5.0 AppleWebKit/537.36 (KHTML, like Gecko; compatible; GPTBot/1.3; +https://openai.com/gptbot)"
74.7.242.39 - - [04/Apr/2026:12:51:32 +0000] "GET /buy.php?item/022000928 HTTP/1.1" 200 77580 "http://dataharbor.africa/buy.php?item/022000840" "Mozilla/5.0 AppleWebKit/537.36 (KHTML, like Gecko; compatible; GPTBot/1.3; +https://openai.com/gptbot)"
74.7.227.135 - - [04/Apr/2026:12:51:33 +0000] "GET /buy.php?item/111001785 HTTP/1.1" 200 76781 "http://dataharbor.africa.hpierson.com/buy.php?item/111001451" "Mozilla/5.0 AppleWebKit/537.36 (KHTML, like Gecko; compatible; GPTBot/1.3; +https://openai.com/gptbot)"
74.7.242.39 - - [04/Apr/2026:12:51:33 +0000] "GET /buy.php?item/040005530 HTTP/1.1" 200 73040 "http://dataharbor.africa/buy.php?item/040005110" "Mozilla/5.0 AppleWebKit/537.36 (KHTML, like Gecko; compatible; GPTBot/1.3; +https://openai.com/gptbot)"
74.7.242.31 - - [04/Apr/2026:12:51:33 +0000] "GET /buy.php?item/222042508 HTTP/1.1" 200 86915 "http://mail.dataharbor.africa/buy.php?item/222043986" "Mozilla/5.0 AppleWebKit/537.36 (KHTML, like Gecko; compatible; GPTBot/1.3; +https://openai.com/gptbot)"
74.7.227.135 - - [04/Apr/2026:12:51:33 +0000] "GET /buy.php?item/049000197 HTTP/1.1" 200 82978 "http://dataharbor.africa.hpierson.com/buy.php?item/049000247" "Mozilla/5.0 AppleWebKit/537.36 (KHTML, like Gecko; compatible; GPTBot/1.3; +https://openai.com/gptbot)"
74.7.242.39 - - [04/Apr/2026:12:51:33 +0000] "GET /buy.php?item/200049010 HTTP/1.1" 200 73293 "http://dataharbor.africa/buy.php?item/200048406" "Mozilla/5.0 AppleWebKit/537.36 (KHTML, like Gecko; compatible; GPTBot/1.3; +https://openai.com/gptbot)"
74.7.242.31 - - [04/Apr/2026:12:51:33 +0000] "GET /buy.php?item/222042512 HTTP/1.1" 200 86986 "http://mail.dataharbor.africa/buy.php?item/222043986" "Mozilla/5.0 AppleWebKit/537.36 (KHTML, like Gecko; compatible; GPTBot/1.3; +https://openai.com/gptbot)"
74.7.227.135 - - [04/Apr/2026:12:51:34 +0000] "GET /buy.php?item/111001541 HTTP/1.1" 200 79168 "http://dataharbor.africa.hpierson.com/buy.php?item/111001629" "Mozilla/5.0 AppleWebKit/537.36 (KHTML, like Gecko; compatible; GPTBot/1.3; +https://openai.com/gptbot)"
74.7.242.31 - - [04/Apr/2026:12:51:35 +0000] "GET /buy.php?item/300017414 HTTP/1.1" 200 81197 "http://mail.dataharbor.africa/buy.php?item/300017412" "Mozilla/5.0 AppleWebKit/537.36 (KHTML, like Gecko; compatible; GPTBot/1.3; +https://openai.com/gptbot)"
74.7.227.135 - - [04/Apr/2026:12:51:35 +0000] "GET /buy.php?item/111002145 HTTP/1.1" 200 72578 "http://dataharbor.africa.hpierson.com/buy.php?item/111001323" "Mozilla/5.0 AppleWebKit/537.36 (KHTML, like Gecko; compatible; GPTBot/1.3; +https://openai.com/gptbot)"
74.7.242.39 - - [04/Apr/2026:12:51:35 +0000] "GET /buy.php?item/100011038 HTTP/1.1" 200 81225 "http://dataharbor.africa/buy.php?item/100010920" "Mozilla/5.0 AppleWebKit/537.36 (KHTML, like Gecko; compatible; GPTBot/1.3; +https://openai.com/gptbot)"
74.7.242.31 - - [04/Apr/2026:12:51:36 +0000] "GET /buy.php?item/040001388 HTTP/1.1" 200 76054 "http://mail.dataharbor.africa/buy.php?item/040000132" "Mozilla/5.0 AppleWebKit/537.36 (KHTML, like Gecko; compatible; GPTBot/1.3; +https://openai.com/gptbot)"
74.7.227.135 - - [04/Apr/2026:12:51:36 +0000] "GET /buy.php?item/111001921 HTTP/1.1" 200 77684 "http://dataharbor.africa.hpierson.com/buy.php?item/111001953" "Mozilla/5.0 AppleWebKit/537.36 (KHTML, like Gecko; compatible; GPTBot/1.3; +https://openai.com/gptbot)"
74.7.242.31 - - [04/Apr/2026:12:51:36 +0000] "GET /buy.php?item/100016236 HTTP/1.1" 200 101678 "http://mail.dataharbor.africa/buy.php?item/100018126" "Mozilla/5.0 AppleWebKit/537.36 (KHTML, like Gecko; compatible; GPTBot/1.3; +https://openai.com/gptbot)"
74.7.227.135 - - [04/Apr/2026:12:51:37 +0000] "GET /buy.php?item/222014082 HTTP/1.1" 200 76326 "http://dataharbor.africa.hpierson.com/buy.php?special/field/222014257" "Mozilla/5.0 AppleWebKit/537.36 (KHTML, like Gecko; compatible; GPTBot/1.3; +https://openai.com/gptbot)"
74.7.242.39 - - [04/Apr/2026:12:51:37 +0000] "GET /buy.php?special/transit/082000933 HTTP/1.1" 200 73714 "http://dataharbor.africa/buy.php?item/180008016" "Mozilla/5.0 AppleWebKit/537.36 (KHTML, like Gecko; compatible; GPTBot/1.3; +https://openai.com/gptbot)"
74.7.227.135 - - [04/Apr/2026:12:51:37 +0000] "GET /buy.php?item/049000345 HTTP/1.1" 200 85536 "http://dataharbor.africa.hpierson.com/buy.php?item/049000593" "Mozilla/5.0 AppleWebKit/537.36 (KHTML, like Gecko; compatible; GPTBot/1.3; +https://openai.com/gptbot)"
74.7.242.39 - - [04/Apr/2026:12:51:37 +0000] "GET /buy.php?item/180008862 HTTP/1.1" 200 80545 "http://dataharbor.africa/buy.php?item/180008016" "Mozilla/5.0 AppleWebKit/537.36 (KHTML, like Gecko; compatible; GPTBot/1.3; +https://openai.com/gptbot)"
74.7.242.31 - - [04/Apr/2026:12:51:37 +0000] "GET /buy.php?item/111036825 HTTP/1.1" 200 82893 "http://mail.dataharbor.africa/buy.php?item/040004214" "Mozilla/5.0 AppleWebKit/537.36 (KHTML, like Gecko; compatible; GPTBot/1.3; +https://openai.com/gptbot)"
74.7.227.135 - - [04/Apr/2026:12:51:38 +0000] "GET /buy.php?special/cast/002020941 HTTP/1.1" 200 82164 "http://dataharbor.africa.hpierson.com/buy.php?item/111001539" "Mozilla/5.0 AppleWebKit/537.36 (KHTML, like Gecko; compatible; GPTBot/1.3; +https://openai.com/gptbot)"
74.7.227.135 - - [04/Apr/2026:12:51:39 +0000] "GET /buy.php?item/222015442 HTTP/1.1" 200 115233 "http://dataharbor.africa.hpierson.com/buy.php?item/222014254" "Mozilla/5.0 AppleWebKit/537.36 (KHTML, like Gecko; compatible; GPTBot/1.3; +https://openai.com/gptbot)"
74.7.227.135 - - [04/Apr/2026:12:51:40 +0000] "GET /buy.php?item/111002023 HTTP/1.1" 200 77257 "http://dataharbor.africa.hpierson.com/buy.php?item/111002063" "Mozilla/5.0 AppleWebKit/537.36 (KHTML, like Gecko; compatible; GPTBot/1.3; +https://openai.com/gptbot)"
74.7.227.135 - - [04/Apr/2026:12:51:41 +0000] "GET /buy.php?item/043000939 HTTP/1.1" 200 77718 "http://dataharbor.africa.hpierson.com/buy.php?item/043000723" "Mozilla/5.0 AppleWebKit/537.36 (KHTML, like Gecko; compatible; GPTBot/1.3; +https://openai.com/gptbot)"
74.7.227.135 - - [04/Apr/2026:12:51:42 +0000] "GET /buy.php?item/111002009 HTTP/1.1" 200 72984 "http://dataharbor.africa.hpierson.com/buy.php?item/111001743" "Mozilla/5.0 AppleWebKit/537.36 (KHTML, like Gecko; compatible; GPTBot/1.3; +https://openai.com/gptbot)"
74.7.242.31 - - [04/Apr/2026:12:51:42 +0000] "GET /buy.php?item/222044714 HTTP/1.1" 200 92075 "http://mail.dataharbor.africa/buy.php?item/222042512" "Mozilla/5.0 AppleWebKit/537.36 (KHTML, like Gecko; compatible; GPTBot/1.3; +https://openai.com/gptbot)"
74.7.227.135 - - [04/Apr/2026:12:51:42 +0000] "GET /buy.php?item/049000415 HTTP/1.1" 200 77321 "http://dataharbor.africa.hpierson.com/buy.php?item/049000197" "Mozilla/5.0 AppleWebKit/537.36 (KHTML, like Gecko; compatible; GPTBot/1.3; +https://openai.com/gptbot)"
74.7.242.31 - - [04/Apr/2026:12:51:42 +0000] "GET /buy.php?item/222044726 HTTP/1.1" 200 98369 "http://mail.dataharbor.africa/buy.php?item/222042512" "Mozilla/5.0 AppleWebKit/537.36 (KHTML, like Gecko; compatible; GPTBot/1.3; +https://openai.com/gptbot)"
74.7.242.39 - - [04/Apr/2026:12:51:42 +0000] "GET /buy.php?item/006000484 HTTP/1.1" 200 71013 "http://dataharbor.africa/buy.php?item/006000498" "Mozilla/5.0 AppleWebKit/537.36 (KHTML, like Gecko; compatible; GPTBot/1.3; +https://openai.com/gptbot)"
74.7.227.135 - - [04/Apr/2026:12:51:43 +0000] "GET /buy.php?special/gas/111001938 HTTP/1.1" 200 79610 "http://dataharbor.africa.hpierson.com/buy.php?item/111001541" "Mozilla/5.0 AppleWebKit/537.36 (KHTML, like Gecko; compatible; GPTBot/1.3; +https://openai.com/gptbot)"
74.7.242.39 - - [04/Apr/2026:12:51:43 +0000] "GET /buy.php?item/262000122 HTTP/1.1" 200 82415 "http://dataharbor.africa/buy.php?item/262000340" "Mozilla/5.0 AppleWebKit/537.36 (KHTML, like Gecko; compatible; GPTBot/1.3; +https://openai.com/gptbot)"
74.7.227.135 - - [04/Apr/2026:12:51:44 +0000] "GET /buy.php?item/049000417 HTTP/1.1" 200 98842 "http://dataharbor.africa.hpierson.com/buy.php?item/049000197" "Mozilla/5.0 AppleWebKit/537.36 (KHTML, like Gecko; compatible; GPTBot/1.3; +https://openai.com/gptbot)"
74.7.242.31 - - [04/Apr/2026:12:51:44 +0000] "GET /buy.php?item/040001116 HTTP/1.1" 200 71866 "http://mail.dataharbor.africa/buy.php?item/040001388" "Mozilla/5.0 AppleWebKit/537.36 (KHTML, like Gecko; compatible; GPTBot/1.3; +https://openai.com/gptbot)"
74.7.242.39 - - [04/Apr/2026:12:51:44 +0000] "GET /buy.php?item/100011124 HTTP/1.1" 200 78117 "http://dataharbor.africa/buy.php?item/100011038" "Mozilla/5.0 AppleWebKit/537.36 (KHTML, like Gecko; compatible; GPTBot/1.3; +https://openai.com/gptbot)"
74.7.227.135 - - [04/Apr/2026:12:51:44 +0000] "GET /buy.php?item/111001275 HTTP/1.1" 200 77019 "http://dataharbor.africa.hpierson.com/buy.php?item/111002145" "Mozilla/5.0 AppleWebKit/537.36 (KHTML, like Gecko; compatible; GPTBot/1.3; +https://openai.com/gptbot)"
74.7.242.31 - - [04/Apr/2026:12:51:45 +0000] "GET /buy.php?item/040001112 HTTP/1.1" 200 78100 "http://mail.dataharbor.africa/buy.php?item/040001388" "Mozilla/5.0 AppleWebKit/537.36 (KHTML, like Gecko; compatible; GPTBot/1.3; +https://openai.com/gptbot)"
204.12.208.18 - - [04/Apr/2026:12:51:45 +0000] "GET /wp-includes/pl8fbac3/edit.php HTTP/1.1" 200 6 "http://dataharbor.africa/wp-includes/pl8fbac3/edit.php" "Mozilla/5.0 (Macintosh; Intel Mac OS X 10_6_8) AppleWebKit/534.30 (KHTML, like Gecko) Chrome/12.0.742.112 Safari/534.30"
74.7.242.39 - - [04/Apr/2026:12:51:45 +0000] "GET /buy.php?item/022000664 HTTP/1.1" 200 70574 "http://dataharbor.africa/buy.php?item/022000166" "Mozilla/5.0 AppleWebKit/537.36 (KHTML, like Gecko; compatible; GPTBot/1.3; +https://openai.com/gptbot)"
74.7.242.31 - - [04/Apr/2026:12:51:45 +0000] "GET /buy.php?item/016039822 HTTP/1.1" 200 72426 "http://mail.dataharbor.africa/buy.php?item/111036825" "Mozilla/5.0 AppleWebKit/537.36 (KHTML, like Gecko; compatible; GPTBot/1.3; +https://openai.com/gptbot)"
74.7.242.39 - - [04/Apr/2026:12:51:46 +0000] "GET /buy.php?detail/082000627146 HTTP/1.1" 200 71757 "http://dataharbor.africa/buy.php?special/transit/082000933" "Mozilla/5.0 AppleWebKit/537.36 (KHTML, like Gecko; compatible; GPTBot/1.3; +https://openai.com/gptbot)"
74.7.227.135 - - [04/Apr/2026:12:51:46 +0000] "GET /buy.php?item/049000711 HTTP/1.1" 200 84930 "http://dataharbor.africa.hpierson.com/buy.php?item/049000345" "Mozilla/5.0 AppleWebKit/537.36 (KHTML, like Gecko; compatible; GPTBot/1.3; +https://openai.com/gptbot)"
74.7.242.39 - - [04/Apr/2026:12:51:47 +0000] "GET /buy.php?item/082000626 HTTP/1.1" 200 73953 "http://dataharbor.africa/buy.php?special/transit/082000933" "Mozilla/5.0 AppleWebKit/537.36 (KHTML, like Gecko; compatible; GPTBot/1.3; +https://openai.com/gptbot)"
74.7.227.135 - - [04/Apr/2026:12:51:47 +0000] "GET /buy.php?item/222029160 HTTP/1.1" 200 81830 "http://dataharbor.africa.hpierson.com/buy.php?item/222014082" "Mozilla/5.0 AppleWebKit/537.36 (KHTML, like Gecko; compatible; GPTBot/1.3; +https://openai.com/gptbot)"
74.7.242.39 - - [04/Apr/2026:12:51:47 +0000] "GET /buy.php?item/082000628 HTTP/1.1" 200 75351 "http://dataharbor.africa/buy.php?special/transit/082000933" "Mozilla/5.0 AppleWebKit/537.36 (KHTML, like Gecko; compatible; GPTBot/1.3; +https://openai.com/gptbot)"
74.7.242.31 - - [04/Apr/2026:12:51:48 +0000] "GET /buy.php?item/111006927 HTTP/1.1" 200 77603 "http://mail.dataharbor.africa/buy.php?item/111006117" "Mozilla/5.0 AppleWebKit/537.36 (KHTML, like Gecko; compatible; GPTBot/1.3; +https://openai.com/gptbot)"
74.7.227.135 - - [04/Apr/2026:12:51:48 +0000] "GET /buy.php?item/111001273 HTTP/1.1" 200 77545 "http://dataharbor.africa.hpierson.com/buy.php?item/111002145" "Mozilla/5.0 AppleWebKit/537.36 (KHTML, like Gecko; compatible; GPTBot/1.3; +https://openai.com/gptbot)"
74.7.227.135 - - [04/Apr/2026:12:51:49 +0000] "GET /buy.php?item/111001793 HTTP/1.1" 200 74107 "http://dataharbor.africa.hpierson.com/buy.php?item/111002023" "Mozilla/5.0 AppleWebKit/537.36 (KHTML, like Gecko; compatible; GPTBot/1.3; +https://openai.com/gptbot)"
74.7.242.39 - - [04/Apr/2026:12:51:49 +0000] "GET /buy.php?item/222032110 HTTP/1.1" 200 97792 "http://dataharbor.africa/buy.php?special/transit/082000933" "Mozilla/5.0 AppleWebKit/537.36 (KHTML, like Gecko; compatible; GPTBot/1.3; +https://openai.com/gptbot)"
74.7.227.135 - - [04/Apr/2026:12:51:50 +0000] "GET /buy.php?special/target/132027913 HTTP/1.1" 200 83676 "http://dataharbor.africa.hpierson.com/buy.php?item/043000939" "Mozilla/5.0 AppleWebKit/537.36 (KHTML, like Gecko; compatible; GPTBot/1.3; +https://openai.com/gptbot)"
74.7.227.135 - - [04/Apr/2026:12:51:51 +0000] "GET /buy.php?item/222012288 HTTP/1.1" 200 100057 "http://dataharbor.africa.hpierson.com/buy.php?item/222015442" "Mozilla/5.0 AppleWebKit/537.36 (KHTML, like Gecko; compatible; GPTBot/1.3; +https://openai.com/gptbot)"
74.7.242.31 - - [04/Apr/2026:12:51:51 +0000] "GET /buy.php?item/277000329 HTTP/1.1" 200 94232 "http://mail.dataharbor.africa/buy.php?item/277005557" "Mozilla/5.0 AppleWebKit/537.36 (KHTML, like Gecko; compatible; GPTBot/1.3; +https://openai.com/gptbot)"
74.7.227.135 - - [04/Apr/2026:12:51:52 +0000] "GET /buy.php?item/049000177 HTTP/1.1" 200 83047 "http://dataharbor.africa.hpierson.com/buy.php?item/049000415" "Mozilla/5.0 AppleWebKit/537.36 (KHTML, like Gecko; compatible; GPTBot/1.3; +https://openai.com/gptbot)"
74.7.242.39 - - [04/Apr/2026:12:51:52 +0000] "GET /buy.php?item/151000255 HTTP/1.1" 200 83380 "http://dataharbor.africa/buy.php?item/151000481" "Mozilla/5.0 AppleWebKit/537.36 (KHTML, like Gecko; compatible; GPTBot/1.3; +https://openai.com/gptbot)"
74.7.227.135 - - [04/Apr/2026:12:51:53 +0000] "GET /buy.php?special/predict/111001584 HTTP/1.1" 200 76298 "http://dataharbor.africa.hpierson.com/buy.php?special/gas/111001938" "Mozilla/5.0 AppleWebKit/537.36 (KHTML, like Gecko; compatible; GPTBot/1.3; +https://openai.com/gptbot)"
74.7.242.39 - - [04/Apr/2026:12:51:53 +0000] "GET /buy.php?item/262000216 HTTP/1.1" 200 83718 "http://dataharbor.africa/buy.php?item/262000122" "Mozilla/5.0 AppleWebKit/537.36 (KHTML, like Gecko; compatible; GPTBot/1.3; +https://openai.com/gptbot)"
74.7.227.135 - - [04/Apr/2026:12:51:53 +0000] "GET /buy.php?item/111001589 HTTP/1.1" 200 71656 "http://dataharbor.africa.hpierson.com/buy.php?special/gas/111001938" "Mozilla/5.0 AppleWebKit/537.36 (KHTML, like Gecko; compatible; GPTBot/1.3; +https://openai.com/gptbot)"
74.7.242.39 - - [04/Apr/2026:12:51:54 +0000] "GET /buy.php?item/100011216 HTTP/1.1" 200 97470 "http://dataharbor.africa/buy.php?item/100011124" "Mozilla/5.0 AppleWebKit/537.36 (KHTML, like Gecko; compatible; GPTBot/1.3; +https://openai.com/gptbot)"
74.7.242.31 - - [04/Apr/2026:12:51:54 +0000] "GET /buy.php?item/040001496 HTTP/1.1" 200 73718 "http://mail.dataharbor.africa/buy.php?item/040001112" "Mozilla/5.0 AppleWebKit/537.36 (KHTML, like Gecko; compatible; GPTBot/1.3; +https://openai.com/gptbot)"
74.7.227.135 - - [04/Apr/2026:12:51:54 +0000] "GET /buy.php?item/111001587 HTTP/1.1" 200 79149 "http://dataharbor.africa.hpierson.com/buy.php?special/gas/111001938" "Mozilla/5.0 AppleWebKit/537.36 (KHTML, like Gecko; compatible; GPTBot/1.3; +https://openai.com/gptbot)"
74.7.242.39 - - [04/Apr/2026:12:51:55 +0000] "GET /buy.php?item/260006766 HTTP/1.1" 200 79282 "http://dataharbor.africa/buy.php?item/063000379" "Mozilla/5.0 AppleWebKit/537.36 (KHTML, like Gecko; compatible; GPTBot/1.3; +https://openai.com/gptbot)"
74.7.227.135 - - [04/Apr/2026:12:51:55 +0000] "GET /buy.php?item/111001271 HTTP/1.1" 200 74232 "http://dataharbor.africa.hpierson.com/buy.php?item/111002145" "Mozilla/5.0 AppleWebKit/537.36 (KHTML, like Gecko; compatible; GPTBot/1.3; +https://openai.com/gptbot)"
74.7.242.39 - - [04/Apr/2026:12:51:56 +0000] "GET /buy.php?item/222024028 HTTP/1.1" 200 79641 "http://dataharbor.africa/buy.php?item/268000646" "Mozilla/5.0 AppleWebKit/537.36 (KHTML, like Gecko; compatible; GPTBot/1.3; +https://openai.com/gptbot)"
74.7.227.135 - - [04/Apr/2026:12:51:56 +0000] "GET /buy.php?special/aunt/289015344 HTTP/1.1" 200 77184 "http://dataharbor.africa.hpierson.com/buy.php?item/049000711" "Mozilla/5.0 AppleWebKit/537.36 (KHTML, like Gecko; compatible; GPTBot/1.3; +https://openai.com/gptbot)"
74.7.242.39 - - [04/Apr/2026:12:51:57 +0000] "GET /buy.php?item/222043462 HTTP/1.1" 200 90276 "http://dataharbor.africa/buy.php?item/082000626" "Mozilla/5.0 AppleWebKit/537.36 (KHTML, like Gecko; compatible; GPTBot/1.3; +https://openai.com/gptbot)"
74.7.227.135 - - [04/Apr/2026:12:51:57 +0000] "GET /buy.php?item/222029810 HTTP/1.1" 200 92155 "http://dataharbor.africa.hpierson.com/buy.php?item/222029160" "Mozilla/5.0 AppleWebKit/537.36 (KHTML, like Gecko; compatible; GPTBot/1.3; +https://openai.com/gptbot)"
74.7.242.31 - - [04/Apr/2026:12:51:57 +0000] "GET /buy.php?item/052041444 HTTP/1.1" 200 72722 "http://mail.dataharbor.africa/buy.php?item/111006927" "Mozilla/5.0 AppleWebKit/537.36 (KHTML, like Gecko; compatible; GPTBot/1.3; +https://openai.com/gptbot)"
74.7.242.39 - - [04/Apr/2026:12:51:58 +0000] "GET /buy.php?item/082000998 HTTP/1.1" 200 73754 "http://dataharbor.africa/buy.php?item/082000626" "Mozilla/5.0 AppleWebKit/537.36 (KHTML, like Gecko; compatible; GPTBot/1.3; +https://openai.com/gptbot)"
74.7.227.135 - - [04/Apr/2026:12:51:58 +0000] "GET /buy.php?item/220011188 HTTP/1.1" 200 76139 "http://dataharbor.africa.hpierson.com/buy.php?item/049000711" "Mozilla/5.0 AppleWebKit/537.36 (KHTML, like Gecko; compatible; GPTBot/1.3; +https://openai.com/gptbot)"
