74.7.242.39 - - [04/Apr/2026:12:22:33 +0000] "GET /buy.php?item/050006926 HTTP/1.1" 200 84238 "http://dataharbor.africa/buy.php?item/190001030" "Mozilla/5.0 AppleWebKit/537.36 (KHTML, like Gecko; compatible; GPTBot/1.3; +https://openai.com/gptbot)"
74.7.227.135 - - [04/Apr/2026:12:22:34 +0000] "GET /buy.php?item/037000351 HTTP/1.1" 200 86374 "http://dataharbor.africa.hpierson.com/buy.php?item/037000123" "Mozilla/5.0 AppleWebKit/537.36 (KHTML, like Gecko; compatible; GPTBot/1.3; +https://openai.com/gptbot)"
74.7.242.39 - - [04/Apr/2026:12:22:34 +0000] "GET /buy.php?item/222002172 HTTP/1.1" 200 87807 "http://dataharbor.africa/buy.php?item/222000936" "Mozilla/5.0 AppleWebKit/537.36 (KHTML, like Gecko; compatible; GPTBot/1.3; +https://openai.com/gptbot)"
74.7.242.31 - - [04/Apr/2026:12:22:35 +0000] "GET /buy.php?item/222022696 HTTP/1.1" 200 98281 "http://mail.dataharbor.africa/buy.php?item/222023990" "Mozilla/5.0 AppleWebKit/537.36 (KHTML, like Gecko; compatible; GPTBot/1.3; +https://openai.com/gptbot)"
74.7.227.135 - - [04/Apr/2026:12:22:35 +0000] "GET /buy.php?item/086013888 HTTP/1.1" 200 71648 "http://dataharbor.africa.hpierson.com/buy.php?item/043000837" "Mozilla/5.0 AppleWebKit/537.36 (KHTML, like Gecko; compatible; GPTBot/1.3; +https://openai.com/gptbot)"
74.7.242.39 - - [04/Apr/2026:12:22:35 +0000] "GET /buy.php?item/111011969 HTTP/1.1" 200 92092 "http://dataharbor.africa/buy.php?item/111011849" "Mozilla/5.0 AppleWebKit/537.36 (KHTML, like Gecko; compatible; GPTBot/1.3; +https://openai.com/gptbot)"
74.7.242.31 - - [04/Apr/2026:12:22:35 +0000] "GET /buy.php?item/222022670 HTTP/1.1" 200 79292 "http://mail.dataharbor.africa/buy.php?item/222023990" "Mozilla/5.0 AppleWebKit/537.36 (KHTML, like Gecko; compatible; GPTBot/1.3; +https://openai.com/gptbot)"
74.7.227.135 - - [04/Apr/2026:12:22:36 +0000] "GET /buy.php?item/050004964 HTTP/1.1" 200 81571 "http://dataharbor.africa.hpierson.com/buy.php?item/037000147" "Mozilla/5.0 AppleWebKit/537.36 (KHTML, like Gecko; compatible; GPTBot/1.3; +https://openai.com/gptbot)"
74.7.242.39 - - [04/Apr/2026:12:22:36 +0000] "GET /buy.php?item/111001039 HTTP/1.1" 200 76418 "http://dataharbor.africa/buy.php?item/111001259" "Mozilla/5.0 AppleWebKit/537.36 (KHTML, like Gecko; compatible; GPTBot/1.3; +https://openai.com/gptbot)"
74.7.227.135 - - [04/Apr/2026:12:22:36 +0000] "GET /buy.php?item/037000359 HTTP/1.1" 200 84006 "http://dataharbor.africa.hpierson.com/buy.php?item/037000147" "Mozilla/5.0 AppleWebKit/537.36 (KHTML, like Gecko; compatible; GPTBot/1.3; +https://openai.com/gptbot)"
74.7.242.39 - - [04/Apr/2026:12:22:37 +0000] "GET /buy.php?item/110005560 HTTP/1.1" 200 82606 "http://dataharbor.africa/buy.php?item/110005034" "Mozilla/5.0 AppleWebKit/537.36 (KHTML, like Gecko; compatible; GPTBot/1.3; +https://openai.com/gptbot)"
74.7.242.39 - - [04/Apr/2026:12:22:37 +0000] "GET /buy.php?item/085000711 HTTP/1.1" 200 75336 "http://dataharbor.africa/buy.php?item/085000843" "Mozilla/5.0 AppleWebKit/537.36 (KHTML, like Gecko; compatible; GPTBot/1.3; +https://openai.com/gptbot)"
74.7.227.135 - - [04/Apr/2026:12:22:38 +0000] "GET /buy.php?item/043000139 HTTP/1.1" 200 77971 "http://dataharbor.africa.hpierson.com/buy.php?item/043000135" "Mozilla/5.0 AppleWebKit/537.36 (KHTML, like Gecko; compatible; GPTBot/1.3; +https://openai.com/gptbot)"
66.132.195.67 - - [04/Apr/2026:12:22:39 +0000] "GET / HTTP/1.1" 500 - "-" "Mozilla/5.0 (compatible; CensysInspect/1.1; +https://about.censys.io/)"
74.7.242.31 - - [04/Apr/2026:12:22:41 +0000] "GET /buy.php?item/060022224 HTTP/1.1" 200 80617 "http://mail.dataharbor.africa/buy.php?item/060022280" "Mozilla/5.0 AppleWebKit/537.36 (KHTML, like Gecko; compatible; GPTBot/1.3; +https://openai.com/gptbot)"
74.7.242.31 - - [04/Apr/2026:12:22:41 +0000] "GET /buy.php?item/102040880 HTTP/1.1" 200 73304 "http://mail.dataharbor.africa/buy.php?item/060022270" "Mozilla/5.0 AppleWebKit/537.36 (KHTML, like Gecko; compatible; GPTBot/1.3; +https://openai.com/gptbot)"
74.7.227.135 - - [04/Apr/2026:12:22:41 +0000] "GET /buy.php?item/037000167 HTTP/1.1" 200 83654 "http://dataharbor.africa.hpierson.com/buy.php?item/037000287" "Mozilla/5.0 AppleWebKit/537.36 (KHTML, like Gecko; compatible; GPTBot/1.3; +https://openai.com/gptbot)"
74.7.242.31 - - [04/Apr/2026:12:22:42 +0000] "GET /buy.php?special/capable/222018747 HTTP/1.1" 200 90138 "http://mail.dataharbor.africa/buy.php?item/060022276" "Mozilla/5.0 AppleWebKit/537.36 (KHTML, like Gecko; compatible; GPTBot/1.3; +https://openai.com/gptbot)"
74.7.227.135 - - [04/Apr/2026:12:22:42 +0000] "GET /buy.php?item/037000191 HTTP/1.1" 200 81449 "http://dataharbor.africa.hpierson.com/buy.php?item/037000151" "Mozilla/5.0 AppleWebKit/537.36 (KHTML, like Gecko; compatible; GPTBot/1.3; +https://openai.com/gptbot)"
74.7.242.31 - - [04/Apr/2026:12:22:43 +0000] "GET /buy.php?special/grateful/201004544 HTTP/1.1" 200 75119 "http://mail.dataharbor.africa/buy.php?item/060022270" "Mozilla/5.0 AppleWebKit/537.36 (KHTML, like Gecko; compatible; GPTBot/1.3; +https://openai.com/gptbot)"
74.7.242.31 - - [04/Apr/2026:12:22:44 +0000] "GET /buy.php?item/070008588 HTTP/1.1" 200 67292 "http://mail.dataharbor.africa/buy.php?item/222022696" "Mozilla/5.0 AppleWebKit/537.36 (KHTML, like Gecko; compatible; GPTBot/1.3; +https://openai.com/gptbot)"
74.7.227.135 - - [04/Apr/2026:12:22:44 +0000] "GET /buy.php?item/037000213 HTTP/1.1" 200 81077 "http://dataharbor.africa.hpierson.com/buy.php?item/037000351" "Mozilla/5.0 AppleWebKit/537.36 (KHTML, like Gecko; compatible; GPTBot/1.3; +https://openai.com/gptbot)"
74.7.227.135 - - [04/Apr/2026:12:22:45 +0000] "GET /buy.php?item/037000211 HTTP/1.1" 200 81756 "http://dataharbor.africa.hpierson.com/buy.php?item/037000351" "Mozilla/5.0 AppleWebKit/537.36 (KHTML, like Gecko; compatible; GPTBot/1.3; +https://openai.com/gptbot)"
74.7.227.135 - - [04/Apr/2026:12:22:46 +0000] "GET /buy.php?item/037000279 HTTP/1.1" 200 84578 "http://dataharbor.africa.hpierson.com/buy.php?item/037000359" "Mozilla/5.0 AppleWebKit/537.36 (KHTML, like Gecko; compatible; GPTBot/1.3; +https://openai.com/gptbot)"
74.7.242.31 - - [04/Apr/2026:12:22:46 +0000] "GET /buy.php?item/260005308 HTTP/1.1" 200 74384 "http://mail.dataharbor.africa/buy.php?item/111028791" "Mozilla/5.0 AppleWebKit/537.36 (KHTML, like Gecko; compatible; GPTBot/1.3; +https://openai.com/gptbot)"
74.7.242.39 - - [04/Apr/2026:12:22:46 +0000] "GET /buy.php?item/069000263 HTTP/1.1" 200 78463 "http://dataharbor.africa/buy.php?item/227000373" "Mozilla/5.0 AppleWebKit/537.36 (KHTML, like Gecko; compatible; GPTBot/1.3; +https://openai.com/gptbot)"
74.7.227.135 - - [04/Apr/2026:12:22:47 +0000] "GET /buy.php?item/037000275 HTTP/1.1" 200 79574 "http://dataharbor.africa.hpierson.com/buy.php?item/037000359" "Mozilla/5.0 AppleWebKit/537.36 (KHTML, like Gecko; compatible; GPTBot/1.3; +https://openai.com/gptbot)"
74.7.227.135 - - [04/Apr/2026:12:22:48 +0000] "GET /buy.php?item/037000193 HTTP/1.1" 200 85234 "http://dataharbor.africa.hpierson.com/buy.php?item/037000151" "Mozilla/5.0 AppleWebKit/537.36 (KHTML, like Gecko; compatible; GPTBot/1.3; +https://openai.com/gptbot)"
74.7.242.31 - - [04/Apr/2026:12:22:48 +0000] "GET /buy.php?item/268007772 HTTP/1.1" 200 78074 "http://mail.dataharbor.africa/buy.php?special/boring/138020289" "Mozilla/5.0 AppleWebKit/537.36 (KHTML, like Gecko; compatible; GPTBot/1.3; +https://openai.com/gptbot)"
74.7.227.135 - - [04/Apr/2026:12:22:49 +0000] "GET /buy.php?item/043000467 HTTP/1.1" 200 73139 "http://dataharbor.africa.hpierson.com/buy.php?item/043000139" "Mozilla/5.0 AppleWebKit/537.36 (KHTML, like Gecko; compatible; GPTBot/1.3; +https://openai.com/gptbot)"
74.7.227.135 - - [04/Apr/2026:12:22:50 +0000] "GET /buy.php?item/300034590 HTTP/1.1" 200 88143 "http://dataharbor.africa.hpierson.com/buy.php?item/037000351" "Mozilla/5.0 AppleWebKit/537.36 (KHTML, like Gecko; compatible; GPTBot/1.3; +https://openai.com/gptbot)"
74.7.242.39 - - [04/Apr/2026:12:22:50 +0000] "GET /buy.php?special/belt/050007049 HTTP/1.1" 200 80737 "http://dataharbor.africa/buy.php?item/050006926" "Mozilla/5.0 AppleWebKit/537.36 (KHTML, like Gecko; compatible; GPTBot/1.3; +https://openai.com/gptbot)"
74.7.227.135 - - [04/Apr/2026:12:22:50 +0000] "GET /buy.php?item/043000531 HTTP/1.1" 200 73009 "http://dataharbor.africa.hpierson.com/buy.php?item/043000835" "Mozilla/5.0 AppleWebKit/537.36 (KHTML, like Gecko; compatible; GPTBot/1.3; +https://openai.com/gptbot)"
74.7.242.31 - - [04/Apr/2026:12:22:50 +0000] "GET /buy.php?item/227000155 HTTP/1.1" 200 80112 "http://mail.dataharbor.africa/buy.php?item/227000111" "Mozilla/5.0 AppleWebKit/537.36 (KHTML, like Gecko; compatible; GPTBot/1.3; +https://openai.com/gptbot)"
74.7.242.39 - - [04/Apr/2026:12:22:52 +0000] "GET /buy.php?item/002030680 HTTP/1.1" 200 78413 "http://dataharbor.africa/buy.php?item/111011969" "Mozilla/5.0 AppleWebKit/537.36 (KHTML, like Gecko; compatible; GPTBot/1.3; +https://openai.com/gptbot)"
74.7.242.39 - - [04/Apr/2026:12:22:53 +0000] "GET /buy.php?item/222000418 HTTP/1.1" 200 76120 "http://dataharbor.africa/buy.php?item/222002172" "Mozilla/5.0 AppleWebKit/537.36 (KHTML, like Gecko; compatible; GPTBot/1.3; +https://openai.com/gptbot)"
74.7.227.135 - - [04/Apr/2026:12:22:53 +0000] "GET /buy.php?item/037000325 HTTP/1.1" 200 78485 "http://dataharbor.africa.hpierson.com/buy.php?item/037000191" "Mozilla/5.0 AppleWebKit/537.36 (KHTML, like Gecko; compatible; GPTBot/1.3; +https://openai.com/gptbot)"
74.7.242.39 - - [04/Apr/2026:12:22:53 +0000] "GET /buy.php?item/110004182 HTTP/1.1" 200 75770 "http://dataharbor.africa/buy.php?item/110005560" "Mozilla/5.0 AppleWebKit/537.36 (KHTML, like Gecko; compatible; GPTBot/1.3; +https://openai.com/gptbot)"
74.7.242.31 - - [04/Apr/2026:12:22:54 +0000] "GET /buy.php?item/045000687 HTTP/1.1" 200 74607 "http://mail.dataharbor.africa/buy.php?item/045000593" "Mozilla/5.0 AppleWebKit/537.36 (KHTML, like Gecko; compatible; GPTBot/1.3; +https://openai.com/gptbot)"
74.7.242.39 - - [04/Apr/2026:12:22:54 +0000] "GET /buy.php?item/085000597 HTTP/1.1" 200 73668 "http://dataharbor.africa/buy.php?item/085000711" "Mozilla/5.0 AppleWebKit/537.36 (KHTML, like Gecko; compatible; GPTBot/1.3; +https://openai.com/gptbot)"
74.7.227.135 - - [04/Apr/2026:12:22:54 +0000] "GET /buy.php?item/037000329 HTTP/1.1" 200 81634 "http://dataharbor.africa.hpierson.com/buy.php?item/037000191" "Mozilla/5.0 AppleWebKit/537.36 (KHTML, like Gecko; compatible; GPTBot/1.3; +https://openai.com/gptbot)"
74.7.242.39 - - [04/Apr/2026:12:22:55 +0000] "GET /buy.php?item/110004186 HTTP/1.1" 200 79497 "http://dataharbor.africa/buy.php?item/110005560" "Mozilla/5.0 AppleWebKit/537.36 (KHTML, like Gecko; compatible; GPTBot/1.3; +https://openai.com/gptbot)"
74.7.242.31 - - [04/Apr/2026:12:22:55 +0000] "GET /buy.php?item/291037775 HTTP/1.1" 200 68839 "http://mail.dataharbor.africa/buy.php?item/111014763" "Mozilla/5.0 AppleWebKit/537.36 (KHTML, like Gecko; compatible; GPTBot/1.3; +https://openai.com/gptbot)"
74.7.227.135 - - [04/Apr/2026:12:22:55 +0000] "GET /buy.php?item/096000126 HTTP/1.1" 200 75978 "http://dataharbor.africa.hpierson.com/buy.php?item/096000198" "Mozilla/5.0 AppleWebKit/537.36 (KHTML, like Gecko; compatible; GPTBot/1.3; +https://openai.com/gptbot)"
74.7.227.135 - - [04/Apr/2026:12:22:57 +0000] "GET /buy.php?item/106033122 HTTP/1.1" 200 80440 "http://dataharbor.africa.hpierson.com/buy.php?item/037000279" "Mozilla/5.0 AppleWebKit/537.36 (KHTML, like Gecko; compatible; GPTBot/1.3; +https://openai.com/gptbot)"
74.7.242.31 - - [04/Apr/2026:12:22:56 +0000] "GET /buy.php?item/200017960 HTTP/1.1" 200 84397 "http://mail.dataharbor.africa/buy.php?item/200022592" "Mozilla/5.0 AppleWebKit/537.36 (KHTML, like Gecko; compatible; GPTBot/1.3; +https://openai.com/gptbot)"
74.7.227.135 - - [04/Apr/2026:12:22:58 +0000] "GET /buy.php?item/037000225 HTTP/1.1" 200 78483 "http://dataharbor.africa.hpierson.com/buy.php?item/037000279" "Mozilla/5.0 AppleWebKit/537.36 (KHTML, like Gecko; compatible; GPTBot/1.3; +https://openai.com/gptbot)"
74.7.227.135 - - [04/Apr/2026:12:22:58 +0000] "GET /buy.php?item/037000271 HTTP/1.1" 200 79730 "http://dataharbor.africa.hpierson.com/buy.php?item/037000275" "Mozilla/5.0 AppleWebKit/537.36 (KHTML, like Gecko; compatible; GPTBot/1.3; +https://openai.com/gptbot)"
74.7.227.135 - - [04/Apr/2026:12:22:59 +0000] "GET /buy.php?special/street/043000868 HTTP/1.1" 200 74859 "http://dataharbor.africa.hpierson.com/buy.php?item/043000467" "Mozilla/5.0 AppleWebKit/537.36 (KHTML, like Gecko; compatible; GPTBot/1.3; +https://openai.com/gptbot)"
74.7.242.39 - - [04/Apr/2026:12:23:00 +0000] "GET /buy.php?item/050007178 HTTP/1.1" 200 84588 "http://dataharbor.africa/buy.php?special/belt/050007049" "Mozilla/5.0 AppleWebKit/537.36 (KHTML, like Gecko; compatible; GPTBot/1.3; +https://openai.com/gptbot)"
74.7.242.39 - - [04/Apr/2026:12:23:01 +0000] "GET /buy.php?special/news/009000056 HTTP/1.1" 200 79236 "http://dataharbor.africa/buy.php?item/002030680" "Mozilla/5.0 AppleWebKit/537.36 (KHTML, like Gecko; compatible; GPTBot/1.3; +https://openai.com/gptbot)"
74.7.227.135 - - [04/Apr/2026:12:23:01 +0000] "GET /buy.php?item/084000268 HTTP/1.1" 200 82715 "http://dataharbor.africa.hpierson.com/buy.php?item/084000758" "Mozilla/5.0 AppleWebKit/537.36 (KHTML, like Gecko; compatible; GPTBot/1.3; +https://openai.com/gptbot)"
74.7.227.135 - - [04/Apr/2026:12:23:02 +0000] "GET /buy.php?item/043000145 HTTP/1.1" 200 79053 "http://dataharbor.africa.hpierson.com/buy.php?item/043000837" "Mozilla/5.0 AppleWebKit/537.36 (KHTML, like Gecko; compatible; GPTBot/1.3; +https://openai.com/gptbot)"
74.7.242.39 - - [04/Apr/2026:12:23:03 +0000] "GET /buy.php?item/045000175 HTTP/1.1" 200 78720 "http://dataharbor.africa/buy.php?item/110004182" "Mozilla/5.0 AppleWebKit/537.36 (KHTML, like Gecko; compatible; GPTBot/1.3; +https://openai.com/gptbot)"
74.7.227.135 - - [04/Apr/2026:12:23:03 +0000] "GET /buy.php?item/084000676 HTTP/1.1" 200 87905 "http://dataharbor.africa.hpierson.com/buy.php?item/084000774" "Mozilla/5.0 AppleWebKit/537.36 (KHTML, like Gecko; compatible; GPTBot/1.3; +https://openai.com/gptbot)"
74.7.242.39 - - [04/Apr/2026:12:23:03 +0000] "GET /buy.php?item/085000571 HTTP/1.1" 200 74169 "http://dataharbor.africa/buy.php?item/085000597" "Mozilla/5.0 AppleWebKit/537.36 (KHTML, like Gecko; compatible; GPTBot/1.3; +https://openai.com/gptbot)"
74.7.242.31 - - [04/Apr/2026:12:23:04 +0000] "GET /buy.php?item/045000777 HTTP/1.1" 200 76715 "http://mail.dataharbor.africa/buy.php?item/045000687" "Mozilla/5.0 AppleWebKit/537.36 (KHTML, like Gecko; compatible; GPTBot/1.3; +https://openai.com/gptbot)"
74.7.227.135 - - [04/Apr/2026:12:23:04 +0000] "GET /buy.php?item/111012247 HTTP/1.1" 200 78735 "http://dataharbor.africa.hpierson.com/buy.php?item/111012617" "Mozilla/5.0 AppleWebKit/537.36 (KHTML, like Gecko; compatible; GPTBot/1.3; +https://openai.com/gptbot)"
74.7.227.135 - - [04/Apr/2026:12:23:05 +0000] "GET /buy.php?item/037000127 HTTP/1.1" 200 83577 "http://dataharbor.africa.hpierson.com/buy.php?item/037000329" "Mozilla/5.0 AppleWebKit/537.36 (KHTML, like Gecko; compatible; GPTBot/1.3; +https://openai.com/gptbot)"
74.7.242.39 - - [04/Apr/2026:12:23:05 +0000] "GET /buy.php?item/085000569 HTTP/1.1" 200 72484 "http://dataharbor.africa/buy.php?item/085000597" "Mozilla/5.0 AppleWebKit/537.36 (KHTML, like Gecko; compatible; GPTBot/1.3; +https://openai.com/gptbot)"
74.7.242.31 - - [04/Apr/2026:12:23:05 +0000] "GET /buy.php?item/023046361 HTTP/1.1" 200 81529 "http://mail.dataharbor.africa/buy.php?item/291037775" "Mozilla/5.0 AppleWebKit/537.36 (KHTML, like Gecko; compatible; GPTBot/1.3; +https://openai.com/gptbot)"
74.7.227.135 - - [04/Apr/2026:12:23:06 +0000] "GET /buy.php?item/096000334 HTTP/1.1" 200 78767 "http://dataharbor.africa.hpierson.com/buy.php?item/096000126" "Mozilla/5.0 AppleWebKit/537.36 (KHTML, like Gecko; compatible; GPTBot/1.3; +https://openai.com/gptbot)"
74.7.242.39 - - [04/Apr/2026:12:23:07 +0000] "GET /buy.php?item/222041284 HTTP/1.1" 200 85249 "http://dataharbor.africa/buy.php?item/222000418" "Mozilla/5.0 AppleWebKit/537.36 (KHTML, like Gecko; compatible; GPTBot/1.3; +https://openai.com/gptbot)"
74.7.227.135 - - [04/Apr/2026:12:23:08 +0000] "GET /buy.php?item/037000235 HTTP/1.1" 200 79278 "http://dataharbor.africa.hpierson.com/buy.php?item/037000293" "Mozilla/5.0 AppleWebKit/537.36 (KHTML, like Gecko; compatible; GPTBot/1.3; +https://openai.com/gptbot)"
74.7.242.39 - - [04/Apr/2026:12:23:08 +0000] "GET /buy.php?item/085000573 HTTP/1.1" 200 75659 "http://dataharbor.africa/buy.php?item/085000597" "Mozilla/5.0 AppleWebKit/537.36 (KHTML, like Gecko; compatible; GPTBot/1.3; +https://openai.com/gptbot)"
74.7.227.135 - - [04/Apr/2026:12:23:09 +0000] "GET /buy.php?item/037000197 HTTP/1.1" 200 85643 "http://dataharbor.africa.hpierson.com/buy.php?item/037000271" "Mozilla/5.0 AppleWebKit/537.36 (KHTML, like Gecko; compatible; GPTBot/1.3; +https://openai.com/gptbot)"
74.7.242.39 - - [04/Apr/2026:12:23:10 +0000] "GET /buy.php?item/110005800 HTTP/1.1" 200 80269 "http://dataharbor.africa/buy.php?item/110005032" "Mozilla/5.0 AppleWebKit/537.36 (KHTML, like Gecko; compatible; GPTBot/1.3; +https://openai.com/gptbot)"
74.7.227.135 - - [04/Apr/2026:12:23:11 +0000] "GET /buy.php?item/219011107 HTTP/1.1" 200 74758 "http://dataharbor.africa.hpierson.com/buy.php?special/street/043000868" "Mozilla/5.0 AppleWebKit/537.36 (KHTML, like Gecko; compatible; GPTBot/1.3; +https://openai.com/gptbot)"
74.7.242.39 - - [04/Apr/2026:12:23:11 +0000] "GET /buy.php?item/210008122 HTTP/1.1" 200 74476 "http://dataharbor.africa/buy.php?item/210008032" "Mozilla/5.0 AppleWebKit/537.36 (KHTML, like Gecko; compatible; GPTBot/1.3; +https://openai.com/gptbot)"
74.7.227.135 - - [04/Apr/2026:12:23:11 +0000] "GET /buy.php?item/037000233 HTTP/1.1" 200 84924 "http://dataharbor.africa.hpierson.com/buy.php?item/037000319" "Mozilla/5.0 AppleWebKit/537.36 (KHTML, like Gecko; compatible; GPTBot/1.3; +https://openai.com/gptbot)"
74.7.227.135 - - [04/Apr/2026:12:23:12 +0000] "GET /buy.php?item/043000953 HTTP/1.1" 200 79366 "http://dataharbor.africa.hpierson.com/buy.php?item/043000145" "Mozilla/5.0 AppleWebKit/537.36 (KHTML, like Gecko; compatible; GPTBot/1.3; +https://openai.com/gptbot)"
74.7.242.39 - - [04/Apr/2026:12:23:12 +0000] "GET /buy.php?item/085000601 HTTP/1.1" 200 70766 "http://dataharbor.africa/buy.php?item/085000711" "Mozilla/5.0 AppleWebKit/537.36 (KHTML, like Gecko; compatible; GPTBot/1.3; +https://openai.com/gptbot)"
74.7.227.135 - - [04/Apr/2026:12:23:13 +0000] "GET /buy.php?item/084000582 HTTP/1.1" 200 99139 "http://dataharbor.africa.hpierson.com/buy.php?item/084000676" "Mozilla/5.0 AppleWebKit/537.36 (KHTML, like Gecko; compatible; GPTBot/1.3; +https://openai.com/gptbot)"
74.7.242.39 - - [04/Apr/2026:12:23:14 +0000] "GET /buy.php?item/085000735 HTTP/1.1" 200 77240 "http://dataharbor.africa/buy.php?item/085000571" "Mozilla/5.0 AppleWebKit/537.36 (KHTML, like Gecko; compatible; GPTBot/1.3; +https://openai.com/gptbot)"
74.7.227.135 - - [04/Apr/2026:12:23:14 +0000] "GET /buy.php?item/111012129 HTTP/1.1" 200 81242 "http://dataharbor.africa.hpierson.com/buy.php?item/111012247" "Mozilla/5.0 AppleWebKit/537.36 (KHTML, like Gecko; compatible; GPTBot/1.3; +https://openai.com/gptbot)"
74.7.242.39 - - [04/Apr/2026:12:23:15 +0000] "GET /buy.php?item/085000737 HTTP/1.1" 200 79805 "http://dataharbor.africa/buy.php?item/085000571" "Mozilla/5.0 AppleWebKit/537.36 (KHTML, like Gecko; compatible; GPTBot/1.3; +https://openai.com/gptbot)"
74.7.227.135 - - [04/Apr/2026:12:23:15 +0000] "GET /buy.php?item/084000578 HTTP/1.1" 200 92433 "http://dataharbor.africa.hpierson.com/buy.php?item/084000676" "Mozilla/5.0 AppleWebKit/537.36 (KHTML, like Gecko; compatible; GPTBot/1.3; +https://openai.com/gptbot)"
74.7.242.39 - - [04/Apr/2026:12:23:15 +0000] "GET /buy.php?item/085000839 HTTP/1.1" 200 74506 "http://dataharbor.africa/buy.php?item/085000569" "Mozilla/5.0 AppleWebKit/537.36 (KHTML, like Gecko; compatible; GPTBot/1.3; +https://openai.com/gptbot)"
74.7.242.39 - - [04/Apr/2026:12:23:16 +0000] "GET /buy.php?item/085000841 HTTP/1.1" 200 74060 "http://dataharbor.africa/buy.php?item/085000569" "Mozilla/5.0 AppleWebKit/537.36 (KHTML, like Gecko; compatible; GPTBot/1.3; +https://openai.com/gptbot)"
74.7.227.135 - - [04/Apr/2026:12:23:16 +0000] "GET /buy.php?item/043000461 HTTP/1.1" 200 74451 "http://dataharbor.africa.hpierson.com/buy.php?item/111012247" "Mozilla/5.0 AppleWebKit/537.36 (KHTML, like Gecko; compatible; GPTBot/1.3; +https://openai.com/gptbot)"
74.7.227.135 - - [04/Apr/2026:12:23:17 +0000] "GET /buy.php?item/043000955 HTTP/1.1" 200 77070 "http://dataharbor.africa.hpierson.com/buy.php?item/043000145" "Mozilla/5.0 AppleWebKit/537.36 (KHTML, like Gecko; compatible; GPTBot/1.3; +https://openai.com/gptbot)"
74.7.242.39 - - [04/Apr/2026:12:23:17 +0000] "GET /buy.php?item/085000541 HTTP/1.1" 200 71874 "http://dataharbor.africa/buy.php?item/085000573" "Mozilla/5.0 AppleWebKit/537.36 (KHTML, like Gecko; compatible; GPTBot/1.3; +https://openai.com/gptbot)"
74.7.227.135 - - [04/Apr/2026:12:23:18 +0000] "GET /buy.php?item/037000383 HTTP/1.1" 200 80439 "http://dataharbor.africa.hpierson.com/buy.php?item/037000235" "Mozilla/5.0 AppleWebKit/537.36 (KHTML, like Gecko; compatible; GPTBot/1.3; +https://openai.com/gptbot)"
74.7.242.39 - - [04/Apr/2026:12:23:18 +0000] "GET /buy.php?item/085000543 HTTP/1.1" 200 72001 "http://dataharbor.africa/buy.php?item/085000573" "Mozilla/5.0 AppleWebKit/537.36 (KHTML, like Gecko; compatible; GPTBot/1.3; +https://openai.com/gptbot)"
74.7.227.135 - - [04/Apr/2026:12:23:18 +0000] "GET /buy.php?item/037000135 HTTP/1.1" 200 80198 "http://dataharbor.africa.hpierson.com/buy.php?item/037000197" "Mozilla/5.0 AppleWebKit/537.36 (KHTML, like Gecko; compatible; GPTBot/1.3; +https://openai.com/gptbot)"
74.7.242.39 - - [04/Apr/2026:12:23:19 +0000] "GET /buy.php?item/110007580 HTTP/1.1" 200 77093 "http://dataharbor.africa/buy.php?item/110005800" "Mozilla/5.0 AppleWebKit/537.36 (KHTML, like Gecko; compatible; GPTBot/1.3; +https://openai.com/gptbot)"
74.7.242.39 - - [04/Apr/2026:12:23:20 +0000] "GET /buy.php?goods/195033014 HTTP/1.1" 200 81628 "http://dataharbor.africa/buy.php?item/210008122" "Mozilla/5.0 AppleWebKit/537.36 (KHTML, like Gecko; compatible; GPTBot/1.3; +https://openai.com/gptbot)"
74.7.242.39 - - [04/Apr/2026:12:23:20 +0000] "GET /buy.php?item/085000765 HTTP/1.1" 200 71946 "http://dataharbor.africa/buy.php?item/085000601" "Mozilla/5.0 AppleWebKit/537.36 (KHTML, like Gecko; compatible; GPTBot/1.3; +https://openai.com/gptbot)"
74.7.242.31 - - [04/Apr/2026:12:23:21 +0000] "GET /buy.php?item/160001834 HTTP/1.1" 200 82148 "http://mail.dataharbor.africa/buy.php?item/160001900" "Mozilla/5.0 AppleWebKit/537.36 (KHTML, like Gecko; compatible; GPTBot/1.3; +https://openai.com/gptbot)"
74.7.242.31 - - [04/Apr/2026:12:23:22 +0000] "GET /buy.php?item/300015602 HTTP/1.1" 200 78246 "http://mail.dataharbor.africa/buy.php?item/300015180" "Mozilla/5.0 AppleWebKit/537.36 (KHTML, like Gecko; compatible; GPTBot/1.3; +https://openai.com/gptbot)"
74.7.227.135 - - [04/Apr/2026:12:23:22 +0000] "GET /buy.php?item/096000330 HTTP/1.1" 200 73166 "http://dataharbor.africa.hpierson.com/buy.php?item/096000268" "Mozilla/5.0 AppleWebKit/537.36 (KHTML, like Gecko; compatible; GPTBot/1.3; +https://openai.com/gptbot)"
74.7.242.39 - - [04/Apr/2026:12:23:22 +0000] "GET /buy.php?item/085000475 HTTP/1.1" 200 76869 "http://dataharbor.africa/buy.php?item/085000735" "Mozilla/5.0 AppleWebKit/537.36 (KHTML, like Gecko; compatible; GPTBot/1.3; +https://openai.com/gptbot)"
74.7.242.39 - - [04/Apr/2026:12:23:23 +0000] "GET /buy.php?item/085000663 HTTP/1.1" 200 70198 "http://dataharbor.africa/buy.php?item/085000737" "Mozilla/5.0 AppleWebKit/537.36 (KHTML, like Gecko; compatible; GPTBot/1.3; +https://openai.com/gptbot)"
74.7.227.135 - - [04/Apr/2026:12:23:23 +0000] "GET /buy.php?item/037000205 HTTP/1.1" 200 78750 "http://dataharbor.africa.hpierson.com/buy.php?item/037000213" "Mozilla/5.0 AppleWebKit/537.36 (KHTML, like Gecko; compatible; GPTBot/1.3; +https://openai.com/gptbot)"
74.7.242.39 - - [04/Apr/2026:12:23:24 +0000] "GET /buy.php?item/210008038 HTTP/1.1" 200 77507 "http://dataharbor.africa/buy.php?item/210008122" "Mozilla/5.0 AppleWebKit/537.36 (KHTML, like Gecko; compatible; GPTBot/1.3; +https://openai.com/gptbot)"
74.7.227.135 - - [04/Apr/2026:12:23:24 +0000] "GET /buy.php?item/037000113 HTTP/1.1" 200 80582 "http://dataharbor.africa.hpierson.com/buy.php?item/037000211" "Mozilla/5.0 AppleWebKit/537.36 (KHTML, like Gecko; compatible; GPTBot/1.3; +https://openai.com/gptbot)"
74.7.242.39 - - [04/Apr/2026:12:23:25 +0000] "GET /buy.php?item/085000549 HTTP/1.1" 200 76167 "http://dataharbor.africa/buy.php?item/085000841" "Mozilla/5.0 AppleWebKit/537.36 (KHTML, like Gecko; compatible; GPTBot/1.3; +https://openai.com/gptbot)"
74.7.227.135 - - [04/Apr/2026:12:23:25 +0000] "GET /buy.php?item/084000680 HTTP/1.1" 200 95532 "http://dataharbor.africa.hpierson.com/buy.php?item/084000774" "Mozilla/5.0 AppleWebKit/537.36 (KHTML, like Gecko; compatible; GPTBot/1.3; +https://openai.com/gptbot)"
74.7.242.39 - - [04/Apr/2026:12:23:25 +0000] "GET /buy.php?item/085000539 HTTP/1.1" 200 75603 "http://dataharbor.africa/buy.php?item/085000573" "Mozilla/5.0 AppleWebKit/537.36 (KHTML, like Gecko; compatible; GPTBot/1.3; +https://openai.com/gptbot)"
74.7.242.39 - - [04/Apr/2026:12:23:26 +0000] "GET /buy.php?item/085000579 HTTP/1.1" 200 73489 "http://dataharbor.africa/buy.php?item/085000541" "Mozilla/5.0 AppleWebKit/537.36 (KHTML, like Gecko; compatible; GPTBot/1.3; +https://openai.com/gptbot)"
74.7.227.135 - - [04/Apr/2026:12:23:26 +0000] "GET /buy.php?item/084000528 HTTP/1.1" 200 88172 "http://dataharbor.africa.hpierson.com/buy.php?item/084000578" "Mozilla/5.0 AppleWebKit/537.36 (KHTML, like Gecko; compatible; GPTBot/1.3; +https://openai.com/gptbot)"
74.7.242.31 - - [04/Apr/2026:12:23:26 +0000] "GET /buy.php?item/222039276 HTTP/1.1" 200 83139 "http://mail.dataharbor.africa/buy.php?item/222027664" "Mozilla/5.0 AppleWebKit/537.36 (KHTML, like Gecko; compatible; GPTBot/1.3; +https://openai.com/gptbot)"
74.7.242.39 - - [04/Apr/2026:12:23:27 +0000] "GET /buy.php?item/085000537 HTTP/1.1" 200 74451 "http://dataharbor.africa/buy.php?item/085000543" "Mozilla/5.0 AppleWebKit/537.36 (KHTML, like Gecko; compatible; GPTBot/1.3; +https://openai.com/gptbot)"
74.7.242.39 - - [04/Apr/2026:12:23:28 +0000] "GET /buy.php?item/085000547 HTTP/1.1" 200 78088 "http://dataharbor.africa/buy.php?item/085000841" "Mozilla/5.0 AppleWebKit/537.36 (KHTML, like Gecko; compatible; GPTBot/1.3; +https://openai.com/gptbot)"
74.7.227.135 - - [04/Apr/2026:12:23:28 +0000] "GET /buy.php?item/037000115 HTTP/1.1" 200 77957 "http://dataharbor.africa.hpierson.com/buy.php?item/037000383" "Mozilla/5.0 AppleWebKit/537.36 (KHTML, like Gecko; compatible; GPTBot/1.3; +https://openai.com/gptbot)"
74.7.242.39 - - [04/Apr/2026:12:23:29 +0000] "GET /buy.php?item/085000795 HTTP/1.1" 200 75115 "http://dataharbor.africa/buy.php?item/085000765" "Mozilla/5.0 AppleWebKit/537.36 (KHTML, like Gecko; compatible; GPTBot/1.3; +https://openai.com/gptbot)"
74.7.242.31 - - [04/Apr/2026:12:23:29 +0000] "GET /buy.php?item/140007630 HTTP/1.1" 200 89062 "http://mail.dataharbor.africa/buy.php?item/140008074" "Mozilla/5.0 AppleWebKit/537.36 (KHTML, like Gecko; compatible; GPTBot/1.3; +https://openai.com/gptbot)"
74.7.242.39 - - [04/Apr/2026:12:23:29 +0000] "GET /buy.php?item/085000797 HTTP/1.1" 200 72977 "http://dataharbor.africa/buy.php?item/085000765" "Mozilla/5.0 AppleWebKit/537.36 (KHTML, like Gecko; compatible; GPTBot/1.3; +https://openai.com/gptbot)"
74.7.227.135 - - [04/Apr/2026:12:23:30 +0000] "GET /buy.php?item/037000317 HTTP/1.1" 200 85562 "http://dataharbor.africa.hpierson.com/buy.php?item/037000369" "Mozilla/5.0 AppleWebKit/537.36 (KHTML, like Gecko; compatible; GPTBot/1.3; +https://openai.com/gptbot)"
74.7.242.39 - - [04/Apr/2026:12:23:30 +0000] "GET /buy.php?special/position/085000516 HTTP/1.1" 200 77862 "http://dataharbor.africa/buy.php?item/085000475" "Mozilla/5.0 AppleWebKit/537.36 (KHTML, like Gecko; compatible; GPTBot/1.3; +https://openai.com/gptbot)"
74.7.242.31 - - [04/Apr/2026:12:23:30 +0000] "GET /buy.php?item/160001908 HTTP/1.1" 200 102487 "http://mail.dataharbor.africa/buy.php?item/160001834" "Mozilla/5.0 AppleWebKit/537.36 (KHTML, like Gecko; compatible; GPTBot/1.3; +https://openai.com/gptbot)"
74.7.227.135 - - [04/Apr/2026:12:23:31 +0000] "GET /buy.php?item/096000450 HTTP/1.1" 200 75925 "http://dataharbor.africa.hpierson.com/buy.php?item/096000338" "Mozilla/5.0 AppleWebKit/537.36 (KHTML, like Gecko; compatible; GPTBot/1.3; +https://openai.com/gptbot)"
74.7.242.39 - - [04/Apr/2026:12:23:31 +0000] "GET /buy.php?item/085000517 HTTP/1.1" 200 74679 "http://dataharbor.africa/buy.php?item/085000475" "Mozilla/5.0 AppleWebKit/537.36 (KHTML, like Gecko; compatible; GPTBot/1.3; +https://openai.com/gptbot)"
74.7.242.31 - - [04/Apr/2026:12:23:31 +0000] "GET /buy.php?item/300016166 HTTP/1.1" 200 74066 "http://mail.dataharbor.africa/buy.php?item/300015602" "Mozilla/5.0 AppleWebKit/537.36 (KHTML, like Gecko; compatible; GPTBot/1.3; +https://openai.com/gptbot)"
74.7.227.135 - - [04/Apr/2026:12:23:32 +0000] "GET /buy.php?special/soften/141007552 HTTP/1.1" 200 81312 "http://dataharbor.africa.hpierson.com/buy.php?item/096000330" "Mozilla/5.0 AppleWebKit/537.36 (KHTML, like Gecko; compatible; GPTBot/1.3; +https://openai.com/gptbot)"
74.7.242.39 - - [04/Apr/2026:12:23:32 +0000] "GET /buy.php?item/038022250 HTTP/1.1" 200 78365 "http://dataharbor.africa/buy.php?item/210008038" "Mozilla/5.0 AppleWebKit/537.36 (KHTML, like Gecko; compatible; GPTBot/1.3; +https://openai.com/gptbot)"
74.7.242.31 - - [04/Apr/2026:12:23:32 +0000] "GET /buy.php?item/175000187 HTTP/1.1" 200 89371 "http://mail.dataharbor.africa/buy.php?item/175000677" "Mozilla/5.0 AppleWebKit/537.36 (KHTML, like Gecko; compatible; GPTBot/1.3; +https://openai.com/gptbot)"
74.7.227.135 - - [04/Apr/2026:12:23:32 +0000] "GET /buy.php?item/096000188 HTTP/1.1" 200 75653 "http://dataharbor.africa.hpierson.com/buy.php?item/096000330" "Mozilla/5.0 AppleWebKit/537.36 (KHTML, like Gecko; compatible; GPTBot/1.3; +https://openai.com/gptbot)"
74.7.227.135 - - [04/Apr/2026:12:23:33 +0000] "GET /buy.php?item/096000186 HTTP/1.1" 200 72536 "http://dataharbor.africa.hpierson.com/buy.php?item/096000330" "Mozilla/5.0 AppleWebKit/537.36 (KHTML, like Gecko; compatible; GPTBot/1.3; +https://openai.com/gptbot)"
74.7.242.31 - - [04/Apr/2026:12:23:33 +0000] "GET /buy.php?item/222013924 HTTP/1.1" 200 78865 "http://mail.dataharbor.africa/buy.php?item/222034004" "Mozilla/5.0 AppleWebKit/537.36 (KHTML, like Gecko; compatible; GPTBot/1.3; +https://openai.com/gptbot)"
74.7.242.39 - - [04/Apr/2026:12:23:34 +0000] "GET /buy.php?special/guarantee/053017980 HTTP/1.1" 200 77272 "http://dataharbor.africa/buy.php?item/085000539" "Mozilla/5.0 AppleWebKit/537.36 (KHTML, like Gecko; compatible; GPTBot/1.3; +https://openai.com/gptbot)"
74.7.242.39 - - [04/Apr/2026:12:23:34 +0000] "GET /buy.php?item/096047444 HTTP/1.1" 200 78467 "http://dataharbor.africa/buy.php?item/085000539" "Mozilla/5.0 AppleWebKit/537.36 (KHTML, like Gecko; compatible; GPTBot/1.3; +https://openai.com/gptbot)"
74.7.242.39 - - [04/Apr/2026:12:23:35 +0000] "GET /buy.php?item/085000527 HTTP/1.1" 200 83066 "http://dataharbor.africa/buy.php?item/085000579" "Mozilla/5.0 AppleWebKit/537.36 (KHTML, like Gecko; compatible; GPTBot/1.3; +https://openai.com/gptbot)"
74.7.227.135 - - [04/Apr/2026:12:23:35 +0000] "GET /buy.php?item/043000533 HTTP/1.1" 200 77684 "http://dataharbor.africa.hpierson.com/buy.php?item/043000835" "Mozilla/5.0 AppleWebKit/537.36 (KHTML, like Gecko; compatible; GPTBot/1.3; +https://openai.com/gptbot)"
74.7.227.135 - - [04/Apr/2026:12:23:36 +0000] "GET /buy.php?item/133000733 HTTP/1.1" 200 77205 "http://dataharbor.africa.hpierson.com/buy.php?item/084000680" "Mozilla/5.0 AppleWebKit/537.36 (KHTML, like Gecko; compatible; GPTBot/1.3; +https://openai.com/gptbot)"
74.7.242.39 - - [04/Apr/2026:12:23:36 +0000] "GET /buy.php?item/085000591 HTTP/1.1" 200 73661 "http://dataharbor.africa/buy.php?item/085000539" "Mozilla/5.0 AppleWebKit/537.36 (KHTML, like Gecko; compatible; GPTBot/1.3; +https://openai.com/gptbot)"
74.7.242.39 - - [04/Apr/2026:12:23:37 +0000] "GET /buy.php?item/085000531 HTTP/1.1" 200 70744 "http://dataharbor.africa/buy.php?item/085000579" "Mozilla/5.0 AppleWebKit/537.36 (KHTML, like Gecko; compatible; GPTBot/1.3; +https://openai.com/gptbot)"
74.7.227.135 - - [04/Apr/2026:12:23:38 +0000] "GET /buy.php?item/110003212 HTTP/1.1" 200 84576 "http://dataharbor.africa.hpierson.com/buy.php?item/037000329" "Mozilla/5.0 AppleWebKit/537.36 (KHTML, like Gecko; compatible; GPTBot/1.3; +https://openai.com/gptbot)"
74.7.242.31 - - [04/Apr/2026:12:23:38 +0000] "GET /buy.php?item/030003858 HTTP/1.1" 200 84741 "http://mail.dataharbor.africa/buy.php?item/140007630" "Mozilla/5.0 AppleWebKit/537.36 (KHTML, like Gecko; compatible; GPTBot/1.3; +https://openai.com/gptbot)"
74.7.242.39 - - [04/Apr/2026:12:23:38 +0000] "GET /buy.php?item/085000477 HTTP/1.1" 200 75393 "http://dataharbor.africa/buy.php?item/085000537" "Mozilla/5.0 AppleWebKit/537.36 (KHTML, like Gecko; compatible; GPTBot/1.3; +https://openai.com/gptbot)"
74.7.227.135 - - [04/Apr/2026:12:23:38 +0000] "GET /buy.php?item/037000331 HTTP/1.1" 200 78400 "http://dataharbor.africa.hpierson.com/buy.php?item/037000233" "Mozilla/5.0 AppleWebKit/537.36 (KHTML, like Gecko; compatible; GPTBot/1.3; +https://openai.com/gptbot)"
74.7.242.39 - - [04/Apr/2026:12:23:39 +0000] "GET /buy.php?item/085000725 HTTP/1.1" 200 81349 "http://dataharbor.africa/buy.php?item/085000797" "Mozilla/5.0 AppleWebKit/537.36 (KHTML, like Gecko; compatible; GPTBot/1.3; +https://openai.com/gptbot)"
74.7.242.39 - - [04/Apr/2026:12:23:40 +0000] "GET /buy.php?item/085000727 HTTP/1.1" 200 78499 "http://dataharbor.africa/buy.php?item/085000797" "Mozilla/5.0 AppleWebKit/537.36 (KHTML, like Gecko; compatible; GPTBot/1.3; +https://openai.com/gptbot)"
74.7.227.135 - - [04/Apr/2026:12:23:40 +0000] "GET /buy.php?item/003035999 HTTP/1.1" 200 77040 "http://dataharbor.africa.hpierson.com/buy.php?item/096000450" "Mozilla/5.0 AppleWebKit/537.36 (KHTML, like Gecko; compatible; GPTBot/1.3; +https://openai.com/gptbot)"
74.7.242.31 - - [04/Apr/2026:12:23:39 +0000] "GET /buy.php?item/258000198 HTTP/1.1" 200 82297 "http://mail.dataharbor.africa/buy.php?item/258000088" "Mozilla/5.0 AppleWebKit/537.36 (KHTML, like Gecko; compatible; GPTBot/1.3; +https://openai.com/gptbot)"
74.7.242.39 - - [04/Apr/2026:12:23:40 +0000] "GET /buy.php?item/085000827 HTTP/1.1" 200 78466 "http://dataharbor.africa/buy.php?special/position/085000516" "Mozilla/5.0 AppleWebKit/537.36 (KHTML, like Gecko; compatible; GPTBot/1.3; +https://openai.com/gptbot)"
74.7.227.135 - - [04/Apr/2026:12:23:41 +0000] "GET /buy.php?item/141003167 HTTP/1.1" 200 73465 "http://dataharbor.africa.hpierson.com/buy.php?special/soften/141007552" "Mozilla/5.0 AppleWebKit/537.36 (KHTML, like Gecko; compatible; GPTBot/1.3; +https://openai.com/gptbot)"
74.7.242.39 - - [04/Apr/2026:12:23:41 +0000] "GET /buy.php?item/085000829 HTTP/1.1" 200 74211 "http://dataharbor.africa/buy.php?special/position/085000516" "Mozilla/5.0 AppleWebKit/537.36 (KHTML, like Gecko; compatible; GPTBot/1.3; +https://openai.com/gptbot)"
74.7.242.31 - - [04/Apr/2026:12:23:42 +0000] "GET /buy.php?item/226000538 HTTP/1.1" 200 75304 "http://mail.dataharbor.africa/buy.php?item/226000708" "Mozilla/5.0 AppleWebKit/537.36 (KHTML, like Gecko; compatible; GPTBot/1.3; +https://openai.com/gptbot)"
74.7.227.135 - - [04/Apr/2026:12:23:42 +0000] "GET /buy.php?item/096000442 HTTP/1.1" 200 80887 "http://dataharbor.africa.hpierson.com/buy.php?item/096000188" "Mozilla/5.0 AppleWebKit/537.36 (KHTML, like Gecko; compatible; GPTBot/1.3; +https://openai.com/gptbot)"
74.7.242.39 - - [04/Apr/2026:12:23:42 +0000] "GET /buy.php?item/085000653 HTTP/1.1" 200 73187 "http://dataharbor.africa/buy.php?item/085000795" "Mozilla/5.0 AppleWebKit/537.36 (KHTML, like Gecko; compatible; GPTBot/1.3; +https://openai.com/gptbot)"
74.7.242.31 - - [04/Apr/2026:12:23:42 +0000] "GET /buy.php?item/222031244 HTTP/1.1" 200 90073 "http://mail.dataharbor.africa/buy.php?item/222013924" "Mozilla/5.0 AppleWebKit/537.36 (KHTML, like Gecko; compatible; GPTBot/1.3; +https://openai.com/gptbot)"
74.7.227.135 - - [04/Apr/2026:12:23:43 +0000] "GET /buy.php?item/096000144 HTTP/1.1" 200 79717 "http://dataharbor.africa.hpierson.com/buy.php?item/096000186" "Mozilla/5.0 AppleWebKit/537.36 (KHTML, like Gecko; compatible; GPTBot/1.3; +https://openai.com/gptbot)"
74.7.242.39 - - [04/Apr/2026:12:23:43 +0000] "GET /buy.php?item/295002545 HTTP/1.1" 200 83471 "http://dataharbor.africa/buy.php?item/096047444" "Mozilla/5.0 AppleWebKit/537.36 (KHTML, like Gecko; compatible; GPTBot/1.3; +https://openai.com/gptbot)"
74.7.242.31 - - [04/Apr/2026:12:23:43 +0000] "GET /buy.php?item/100035694 HTTP/1.1" 200 79063 "http://mail.dataharbor.africa/buy.php?item/100039140" "Mozilla/5.0 AppleWebKit/537.36 (KHTML, like Gecko; compatible; GPTBot/1.3; +https://openai.com/gptbot)"
74.7.242.31 - - [04/Apr/2026:12:23:44 +0000] "GET /buy.php?item/270002598 HTTP/1.1" 200 78882 "http://mail.dataharbor.africa/buy.php?item/270004040" "Mozilla/5.0 AppleWebKit/537.36 (KHTML, like Gecko; compatible; GPTBot/1.3; +https://openai.com/gptbot)"
74.7.227.135 - - [04/Apr/2026:12:23:45 +0000] "GET /buy.php?item/096000146 HTTP/1.1" 200 78842 "http://dataharbor.africa.hpierson.com/buy.php?item/096000186" "Mozilla/5.0 AppleWebKit/537.36 (KHTML, like Gecko; compatible; GPTBot/1.3; +https://openai.com/gptbot)"
74.7.242.39 - - [04/Apr/2026:12:23:46 +0000] "GET /buy.php?item/077011461 HTTP/1.1" 200 81712 "http://dataharbor.africa/buy.php?special/position/085000516" "Mozilla/5.0 AppleWebKit/537.36 (KHTML, like Gecko; compatible; GPTBot/1.3; +https://openai.com/gptbot)"
74.7.227.135 - - [04/Apr/2026:12:23:46 +0000] "GET /buy.php?item/037000131 HTTP/1.1" 200 84273 "http://dataharbor.africa.hpierson.com/buy.php?item/037000329" "Mozilla/5.0 AppleWebKit/537.36 (KHTML, like Gecko; compatible; GPTBot/1.3; +https://openai.com/gptbot)"
74.7.227.135 - - [04/Apr/2026:12:23:47 +0000] "GET /buy.php?item/084000110 HTTP/1.1" 200 91357 "http://dataharbor.africa.hpierson.com/buy.php?item/084000582" "Mozilla/5.0 AppleWebKit/537.36 (KHTML, like Gecko; compatible; GPTBot/1.3; +https://openai.com/gptbot)"
74.7.242.31 - - [04/Apr/2026:12:23:48 +0000] "GET /buy.php?item/120016760 HTTP/1.1" 200 70308 "http://mail.dataharbor.africa/buy.php?item/030003858" "Mozilla/5.0 AppleWebKit/537.36 (KHTML, like Gecko; compatible; GPTBot/1.3; +https://openai.com/gptbot)"
74.7.227.135 - - [04/Apr/2026:12:23:48 +0000] "GET /buy.php?item/037000217 HTTP/1.1" 200 83366 "http://dataharbor.africa.hpierson.com/buy.php?item/037000331" "Mozilla/5.0 AppleWebKit/537.36 (KHTML, like Gecko; compatible; GPTBot/1.3; +https://openai.com/gptbot)"
74.7.242.39 - - [04/Apr/2026:12:23:48 +0000] "GET /buy.php?item/085000615 HTTP/1.1" 200 71231 "http://dataharbor.africa/buy.php?item/085000725" "Mozilla/5.0 AppleWebKit/537.36 (KHTML, like Gecko; compatible; GPTBot/1.3; +https://openai.com/gptbot)"
204.12.208.18 - - [04/Apr/2026:12:23:49 +0000] "GET /wp-includes/pl8fbac3/edit.php HTTP/1.1" 200 6 "http://dataharbor.africa/wp-includes/pl8fbac3/edit.php" "Mozilla/4.0 (compatible; MSIE 6.0; X11; Linux i686; ja) Opera 10.10"
74.7.227.135 - - [04/Apr/2026:12:23:49 +0000] "GET /buy.php?item/037000355 HTTP/1.1" 200 81283 "http://dataharbor.africa.hpierson.com/buy.php?item/037000123" "Mozilla/5.0 AppleWebKit/537.36 (KHTML, like Gecko; compatible; GPTBot/1.3; +https://openai.com/gptbot)"
74.7.227.135 - - [04/Apr/2026:12:23:49 +0000] "GET /buy.php?item/043000993 HTTP/1.1" 200 78194 "http://dataharbor.africa.hpierson.com/buy.php?item/043000461" "Mozilla/5.0 AppleWebKit/537.36 (KHTML, like Gecko; compatible; GPTBot/1.3; +https://openai.com/gptbot)"
74.7.242.39 - - [04/Apr/2026:12:23:49 +0000] "GET /buy.php?item/173035111 HTTP/1.1" 200 74762 "http://dataharbor.africa/buy.php?item/085000517" "Mozilla/5.0 AppleWebKit/537.36 (KHTML, like Gecko; compatible; GPTBot/1.3; +https://openai.com/gptbot)"
74.7.242.31 - - [04/Apr/2026:12:23:49 +0000] "GET /buy.php?item/258000602 HTTP/1.1" 200 75547 "http://mail.dataharbor.africa/buy.php?item/258000198" "Mozilla/5.0 AppleWebKit/537.36 (KHTML, like Gecko; compatible; GPTBot/1.3; +https://openai.com/gptbot)"
74.7.242.39 - - [04/Apr/2026:12:23:50 +0000] "GET /buy.php?item/085000483 HTTP/1.1" 200 72378 "http://dataharbor.africa/buy.php?item/085000527" "Mozilla/5.0 AppleWebKit/537.36 (KHTML, like Gecko; compatible; GPTBot/1.3; +https://openai.com/gptbot)"
74.7.227.135 - - [04/Apr/2026:12:23:50 +0000] "GET /buy.php?item/190001220 HTTP/1.1" 200 77339 "http://dataharbor.africa.hpierson.com/buy.php?item/190005508" "Mozilla/5.0 AppleWebKit/537.36 (KHTML, like Gecko; compatible; GPTBot/1.3; +https://openai.com/gptbot)"
74.7.242.31 - - [04/Apr/2026:12:23:50 +0000] "GET /buy.php?item/268042000 HTTP/1.1" 200 79038 "http://mail.dataharbor.africa/buy.php?item/258000198" "Mozilla/5.0 AppleWebKit/537.36 (KHTML, like Gecko; compatible; GPTBot/1.3; +https://openai.com/gptbot)"
74.7.242.31 - - [04/Apr/2026:12:23:51 +0000] "GET /buy.php?item/226000580 HTTP/1.1" 200 74552 "http://mail.dataharbor.africa/buy.php?item/226000538" "Mozilla/5.0 AppleWebKit/537.36 (KHTML, like Gecko; compatible; GPTBot/1.3; +https://openai.com/gptbot)"
74.7.227.135 - - [04/Apr/2026:12:23:51 +0000] "GET /buy.php?item/247000223 HTTP/1.1" 200 74221 "http://dataharbor.africa.hpierson.com/buy.php?item/096000442" "Mozilla/5.0 AppleWebKit/537.36 (KHTML, like Gecko; compatible; GPTBot/1.3; +https://openai.com/gptbot)"
74.7.242.39 - - [04/Apr/2026:12:23:52 +0000] "GET /buy.php?item/085000753 HTTP/1.1" 200 74020 "http://dataharbor.africa/buy.php?item/085000653" "Mozilla/5.0 AppleWebKit/537.36 (KHTML, like Gecko; compatible; GPTBot/1.3; +https://openai.com/gptbot)"
74.7.242.31 - - [04/Apr/2026:12:23:52 +0000] "GET /buy.php?item/222028526 HTTP/1.1" 200 113086 "http://mail.dataharbor.africa/buy.php?item/222031244" "Mozilla/5.0 AppleWebKit/537.36 (KHTML, like Gecko; compatible; GPTBot/1.3; +https://openai.com/gptbot)"
74.7.227.135 - - [04/Apr/2026:12:23:52 +0000] "GET /buy.php?item/096000376 HTTP/1.1" 200 77358 "http://dataharbor.africa.hpierson.com/buy.php?item/096000442" "Mozilla/5.0 AppleWebKit/537.36 (KHTML, like Gecko; compatible; GPTBot/1.3; +https://openai.com/gptbot)"
74.7.242.31 - - [04/Apr/2026:12:23:53 +0000] "GET /buy.php?item/100038936 HTTP/1.1" 200 86361 "http://mail.dataharbor.africa/buy.php?item/100035694" "Mozilla/5.0 AppleWebKit/537.36 (KHTML, like Gecko; compatible; GPTBot/1.3; +https://openai.com/gptbot)"
74.7.227.135 - - [04/Apr/2026:12:23:53 +0000] "GET /buy.php?item/084000858 HTTP/1.1" 200 82424 "http://dataharbor.africa.hpierson.com/buy.php?item/084000528" "Mozilla/5.0 AppleWebKit/537.36 (KHTML, like Gecko; compatible; GPTBot/1.3; +https://openai.com/gptbot)"
74.7.242.31 - - [04/Apr/2026:12:23:54 +0000] "GET /buy.php?item/270004052 HTTP/1.1" 200 74945 "http://mail.dataharbor.africa/buy.php?item/270002598" "Mozilla/5.0 AppleWebKit/537.36 (KHTML, like Gecko; compatible; GPTBot/1.3; +https://openai.com/gptbot)"
74.7.242.39 - - [04/Apr/2026:12:23:54 +0000] "GET /buy.php?item/085000481 HTTP/1.1" 200 76594 "http://dataharbor.africa/buy.php?item/085000527" "Mozilla/5.0 AppleWebKit/537.36 (KHTML, like Gecko; compatible; GPTBot/1.3; +https://openai.com/gptbot)"
74.7.227.135 - - [04/Apr/2026:12:23:54 +0000] "GET /buy.php?item/043000131 HTTP/1.1" 200 79289 "http://dataharbor.africa.hpierson.com/buy.php?item/043000635" "Mozilla/5.0 AppleWebKit/537.36 (KHTML, like Gecko; compatible; GPTBot/1.3; +https://openai.com/gptbot)"
74.7.242.31 - - [04/Apr/2026:12:23:55 +0000] "GET /buy.php?item/270004054 HTTP/1.1" 200 73013 "http://mail.dataharbor.africa/buy.php?item/270002598" "Mozilla/5.0 AppleWebKit/537.36 (KHTML, like Gecko; compatible; GPTBot/1.3; +https://openai.com/gptbot)"
74.7.242.39 - - [04/Apr/2026:12:23:55 +0000] "GET /buy.php?item/085000659 HTTP/1.1" 200 72985 "http://dataharbor.africa/buy.php?item/085000727" "Mozilla/5.0 AppleWebKit/537.36 (KHTML, like Gecko; compatible; GPTBot/1.3; +https://openai.com/gptbot)"
74.7.227.135 - - [04/Apr/2026:12:23:55 +0000] "GET /buy.php?item/073012243 HTTP/1.1" 200 81327 "http://dataharbor.africa.hpierson.com/buy.php?item/096000146" "Mozilla/5.0 AppleWebKit/537.36 (KHTML, like Gecko; compatible; GPTBot/1.3; +https://openai.com/gptbot)"
74.7.227.135 - - [04/Apr/2026:12:23:56 +0000] "GET /buy.php?item/037000321 HTTP/1.1" 200 80978 "http://dataharbor.africa.hpierson.com/buy.php?item/037000131" "Mozilla/5.0 AppleWebKit/537.36 (KHTML, like Gecko; compatible; GPTBot/1.3; +https://openai.com/gptbot)"
74.7.242.39 - - [04/Apr/2026:12:23:56 +0000] "GET /buy.php?item/085000513 HTTP/1.1" 200 72764 "http://dataharbor.africa/buy.php?item/085000475" "Mozilla/5.0 AppleWebKit/537.36 (KHTML, like Gecko; compatible; GPTBot/1.3; +https://openai.com/gptbot)"
74.7.242.31 - - [04/Apr/2026:12:23:56 +0000] "GET /buy.php?item/258000600 HTTP/1.1" 200 84729 "http://mail.dataharbor.africa/buy.php?item/258000198" "Mozilla/5.0 AppleWebKit/537.36 (KHTML, like Gecko; compatible; GPTBot/1.3; +https://openai.com/gptbot)"
74.7.227.135 - - [04/Apr/2026:12:23:57 +0000] "GET /buy.php?item/084000924 HTTP/1.1" 200 86470 "http://dataharbor.africa.hpierson.com/buy.php?item/084000110" "Mozilla/5.0 AppleWebKit/537.36 (KHTML, like Gecko; compatible; GPTBot/1.3; +https://openai.com/gptbot)"
74.7.242.39 - - [04/Apr/2026:12:23:57 +0000] "GET /buy.php?item/085000657 HTTP/1.1" 200 76098 "http://dataharbor.africa/buy.php?item/085000795" "Mozilla/5.0 AppleWebKit/537.36 (KHTML, like Gecko; compatible; GPTBot/1.3; +https://openai.com/gptbot)"
74.7.227.135 - - [04/Apr/2026:12:23:58 +0000] "GET /buy.php?item/037000119 HTTP/1.1" 200 83457 "http://dataharbor.africa.hpierson.com/buy.php?item/037000355" "Mozilla/5.0 AppleWebKit/537.36 (KHTML, like Gecko; compatible; GPTBot/1.3; +https://openai.com/gptbot)"
74.7.242.31 - - [04/Apr/2026:12:23:59 +0000] "GET /buy.php?item/013007733 HTTP/1.1" 200 72217 "http://mail.dataharbor.africa/buy.php?item/258000602" "Mozilla/5.0 AppleWebKit/537.36 (KHTML, like Gecko; compatible; GPTBot/1.3; +https://openai.com/gptbot)"
74.7.242.39 - - [04/Apr/2026:12:23:59 +0000] "GET /buy.php?special/stick/085000456 HTTP/1.1" 200 69769 "http://dataharbor.africa/buy.php?item/085000483" "Mozilla/5.0 AppleWebKit/537.36 (KHTML, like Gecko; compatible; GPTBot/1.3; +https://openai.com/gptbot)"
74.7.227.135 - - [04/Apr/2026:12:23:59 +0000] "GET /buy.php?item/084000922 HTTP/1.1" 200 92599 "http://dataharbor.africa.hpierson.com/buy.php?item/084000110" "Mozilla/5.0 AppleWebKit/537.36 (KHTML, like Gecko; compatible; GPTBot/1.3; +https://openai.com/gptbot)"
74.7.242.31 - - [04/Apr/2026:12:23:59 +0000] "GET /buy.php?item/240003262 HTTP/1.1" 200 75298 "http://mail.dataharbor.africa/buy.php?item/268042000" "Mozilla/5.0 AppleWebKit/537.36 (KHTML, like Gecko; compatible; GPTBot/1.3; +https://openai.com/gptbot)"
74.7.227.135 - - [04/Apr/2026:12:24:00 +0000] "GET /buy.php?item/190005502 HTTP/1.1" 200 78419 "http://dataharbor.africa.hpierson.com/buy.php?item/190001220" "Mozilla/5.0 AppleWebKit/537.36 (KHTML, like Gecko; compatible; GPTBot/1.3; +https://openai.com/gptbot)"
74.7.242.39 - - [04/Apr/2026:12:24:00 +0000] "GET /buy.php?item/085000457 HTTP/1.1" 200 74170 "http://dataharbor.africa/buy.php?item/085000483" "Mozilla/5.0 AppleWebKit/537.36 (KHTML, like Gecko; compatible; GPTBot/1.3; +https://openai.com/gptbot)"
74.7.242.39 - - [04/Apr/2026:12:24:01 +0000] "GET /buy.php?item/085000459 HTTP/1.1" 200 74419 "http://dataharbor.africa/buy.php?item/085000483" "Mozilla/5.0 AppleWebKit/537.36 (KHTML, like Gecko; compatible; GPTBot/1.3; +https://openai.com/gptbot)"
74.7.227.135 - - [04/Apr/2026:12:24:01 +0000] "GET /buy.php?item/190005504 HTTP/1.1" 200 79108 "http://dataharbor.africa.hpierson.com/buy.php?item/190001220" "Mozilla/5.0 AppleWebKit/537.36 (KHTML, like Gecko; compatible; GPTBot/1.3; +https://openai.com/gptbot)"
74.7.242.31 - - [04/Apr/2026:12:24:01 +0000] "GET /buy.php?item/258000402 HTTP/1.1" 200 78896 "http://mail.dataharbor.africa/buy.php?item/258000602" "Mozilla/5.0 AppleWebKit/537.36 (KHTML, like Gecko; compatible; GPTBot/1.3; +https://openai.com/gptbot)"
74.7.227.135 - - [04/Apr/2026:12:24:02 +0000] "GET /buy.php?item/190005500 HTTP/1.1" 200 73293 "http://dataharbor.africa.hpierson.com/buy.php?item/190001220" "Mozilla/5.0 AppleWebKit/537.36 (KHTML, like Gecko; compatible; GPTBot/1.3; +https://openai.com/gptbot)"
74.7.242.39 - - [04/Apr/2026:12:24:03 +0000] "GET /buy.php?item/085000495 HTTP/1.1" 200 77646 "http://dataharbor.africa/buy.php?item/085000481" "Mozilla/5.0 AppleWebKit/537.36 (KHTML, like Gecko; compatible; GPTBot/1.3; +https://openai.com/gptbot)"
74.7.227.135 - - [04/Apr/2026:12:24:03 +0000] "GET /buy.php?item/084000274 HTTP/1.1" 200 81070 "http://dataharbor.africa.hpierson.com/buy.php?item/084000858" "Mozilla/5.0 AppleWebKit/537.36 (KHTML, like Gecko; compatible; GPTBot/1.3; +https://openai.com/gptbot)"
74.7.242.39 - - [04/Apr/2026:12:24:03 +0000] "GET /buy.php?item/085000715 HTTP/1.1" 200 82432 "http://dataharbor.africa/buy.php?item/085000659" "Mozilla/5.0 AppleWebKit/537.36 (KHTML, like Gecko; compatible; GPTBot/1.3; +https://openai.com/gptbot)"
74.7.242.31 - - [04/Apr/2026:12:24:03 +0000] "GET /buy.php?item/152036396 HTTP/1.1" 200 84159 "http://mail.dataharbor.africa/buy.php?item/270004054" "Mozilla/5.0 AppleWebKit/537.36 (KHTML, like Gecko; compatible; GPTBot/1.3; +https://openai.com/gptbot)"
74.7.227.135 - - [04/Apr/2026:12:24:03 +0000] "GET /buy.php?item/084000272 HTTP/1.1" 200 83077 "http://dataharbor.africa.hpierson.com/buy.php?item/084000858" "Mozilla/5.0 AppleWebKit/537.36 (KHTML, like Gecko; compatible; GPTBot/1.3; +https://openai.com/gptbot)"
