74.7.227.135 - - [04/Apr/2026:12:45:15 +0000] "GET /buy.php?item/048000322 HTTP/1.1" 200 89804 "http://dataharbor.africa.hpierson.com/buy.php?item/048000398" "Mozilla/5.0 AppleWebKit/537.36 (KHTML, like Gecko; compatible; GPTBot/1.3; +https://openai.com/gptbot)"
74.7.242.31 - - [04/Apr/2026:12:45:16 +0000] "GET /buy.php?item/091000657 HTTP/1.1" 200 82627 "http://mail.dataharbor.africa/buy.php?item/091032223" "Mozilla/5.0 AppleWebKit/537.36 (KHTML, like Gecko; compatible; GPTBot/1.3; +https://openai.com/gptbot)"
74.7.242.39 - - [04/Apr/2026:12:45:16 +0000] "GET /buy.php?item/282000910 HTTP/1.1" 200 77546 "http://dataharbor.africa/buy.php?special/deck/282024263" "Mozilla/5.0 AppleWebKit/537.36 (KHTML, like Gecko; compatible; GPTBot/1.3; +https://openai.com/gptbot)"
74.7.227.135 - - [04/Apr/2026:12:45:16 +0000] "GET /buy.php?item/048000374 HTTP/1.1" 200 84256 "http://dataharbor.africa.hpierson.com/buy.php?item/048000360" "Mozilla/5.0 AppleWebKit/537.36 (KHTML, like Gecko; compatible; GPTBot/1.3; +https://openai.com/gptbot)"
74.7.242.31 - - [04/Apr/2026:12:45:17 +0000] "GET /buy.php?item/065000443 HTTP/1.1" 200 85131 "http://mail.dataharbor.africa/buy.php?item/065000231" "Mozilla/5.0 AppleWebKit/537.36 (KHTML, like Gecko; compatible; GPTBot/1.3; +https://openai.com/gptbot)"
74.7.227.135 - - [04/Apr/2026:12:45:17 +0000] "GET /buy.php?item/048000378 HTTP/1.1" 200 86974 "http://dataharbor.africa.hpierson.com/buy.php?item/048000360" "Mozilla/5.0 AppleWebKit/537.36 (KHTML, like Gecko; compatible; GPTBot/1.3; +https://openai.com/gptbot)"
74.7.242.31 - - [04/Apr/2026:12:45:18 +0000] "GET /buy.php?item/065000447 HTTP/1.1" 200 84155 "http://mail.dataharbor.africa/buy.php?item/065000231" "Mozilla/5.0 AppleWebKit/537.36 (KHTML, like Gecko; compatible; GPTBot/1.3; +https://openai.com/gptbot)"
74.7.242.39 - - [04/Apr/2026:12:45:18 +0000] "GET /buy.php?item/282000912 HTTP/1.1" 200 76501 "http://dataharbor.africa/buy.php?special/deck/282024263" "Mozilla/5.0 AppleWebKit/537.36 (KHTML, like Gecko; compatible; GPTBot/1.3; +https://openai.com/gptbot)"
74.7.242.31 - - [04/Apr/2026:12:45:18 +0000] "GET /buy.php?item/065000445 HTTP/1.1" 200 90963 "http://mail.dataharbor.africa/buy.php?item/065000231" "Mozilla/5.0 AppleWebKit/537.36 (KHTML, like Gecko; compatible; GPTBot/1.3; +https://openai.com/gptbot)"
74.7.242.39 - - [04/Apr/2026:12:45:18 +0000] "GET /buy.php?item/222030140 HTTP/1.1" 200 83866 "http://dataharbor.africa/buy.php?item/222029666" "Mozilla/5.0 AppleWebKit/537.36 (KHTML, like Gecko; compatible; GPTBot/1.3; +https://openai.com/gptbot)"
74.7.227.135 - - [04/Apr/2026:12:45:19 +0000] "GET /buy.php?item/084000542 HTTP/1.1" 200 81631 "http://dataharbor.africa.hpierson.com/buy.php?item/084000558" "Mozilla/5.0 AppleWebKit/537.36 (KHTML, like Gecko; compatible; GPTBot/1.3; +https://openai.com/gptbot)"
74.7.242.39 - - [04/Apr/2026:12:45:19 +0000] "GET /buy.php?item/282000908 HTTP/1.1" 200 82904 "http://dataharbor.africa/buy.php?special/deck/282024263" "Mozilla/5.0 AppleWebKit/537.36 (KHTML, like Gecko; compatible; GPTBot/1.3; +https://openai.com/gptbot)"
74.7.242.31 - - [04/Apr/2026:12:45:20 +0000] "GET /buy.php?item/134000590 HTTP/1.1" 200 75284 "http://mail.dataharbor.africa/buy.php?item/134000832" "Mozilla/5.0 AppleWebKit/537.36 (KHTML, like Gecko; compatible; GPTBot/1.3; +https://openai.com/gptbot)"
74.7.227.135 - - [04/Apr/2026:12:45:20 +0000] "GET /buy.php?item/125000921 HTTP/1.1" 200 75418 "http://dataharbor.africa.hpierson.com/buy.php?item/100031066" "Mozilla/5.0 AppleWebKit/537.36 (KHTML, like Gecko; compatible; GPTBot/1.3; +https://openai.com/gptbot)"
74.7.242.39 - - [04/Apr/2026:12:45:20 +0000] "GET /buy.php?item/222022384 HTTP/1.1" 200 87519 "http://dataharbor.africa/buy.php?item/222024412" "Mozilla/5.0 AppleWebKit/537.36 (KHTML, like Gecko; compatible; GPTBot/1.3; +https://openai.com/gptbot)"
74.7.227.135 - - [04/Apr/2026:12:45:21 +0000] "GET /buy.php?item/100031620 HTTP/1.1" 200 78432 "http://dataharbor.africa.hpierson.com/buy.php?item/100031066" "Mozilla/5.0 AppleWebKit/537.36 (KHTML, like Gecko; compatible; GPTBot/1.3; +https://openai.com/gptbot)"
74.7.242.39 - - [04/Apr/2026:12:45:21 +0000] "GET /buy.php?special/garbage/111012464 HTTP/1.1" 200 85960 "http://dataharbor.africa/buy.php?item/111010047" "Mozilla/5.0 AppleWebKit/537.36 (KHTML, like Gecko; compatible; GPTBot/1.3; +https://openai.com/gptbot)"
74.7.227.135 - - [04/Apr/2026:12:45:21 +0000] "GET /buy.php?item/048000358 HTTP/1.1" 200 71843 "http://dataharbor.africa.hpierson.com/buy.php?item/048000218" "Mozilla/5.0 AppleWebKit/537.36 (KHTML, like Gecko; compatible; GPTBot/1.3; +https://openai.com/gptbot)"
74.7.242.39 - - [04/Apr/2026:12:45:22 +0000] "GET /buy.php?item/111012449 HTTP/1.1" 200 87382 "http://dataharbor.africa/buy.php?item/111010047" "Mozilla/5.0 AppleWebKit/537.36 (KHTML, like Gecko; compatible; GPTBot/1.3; +https://openai.com/gptbot)"
74.7.242.39 - - [04/Apr/2026:12:45:22 +0000] "GET /buy.php?item/111012447 HTTP/1.1" 200 78660 "http://dataharbor.africa/buy.php?item/111010047" "Mozilla/5.0 AppleWebKit/537.36 (KHTML, like Gecko; compatible; GPTBot/1.3; +https://openai.com/gptbot)"
74.7.227.135 - - [04/Apr/2026:12:45:23 +0000] "GET /buy.php?item/100031616 HTTP/1.1" 200 74171 "http://dataharbor.africa.hpierson.com/buy.php?item/100031066" "Mozilla/5.0 AppleWebKit/537.36 (KHTML, like Gecko; compatible; GPTBot/1.3; +https://openai.com/gptbot)"
74.7.242.39 - - [04/Apr/2026:12:45:23 +0000] "GET /buy.php?item/107000813 HTTP/1.1" 200 81657 "http://dataharbor.africa/buy.php?item/107000817" "Mozilla/5.0 AppleWebKit/537.36 (KHTML, like Gecko; compatible; GPTBot/1.3; +https://openai.com/gptbot)"
74.7.227.135 - - [04/Apr/2026:12:45:24 +0000] "GET /buy.php?item/084000808 HTTP/1.1" 200 82331 "http://dataharbor.africa.hpierson.com/buy.php?item/084000178" "Mozilla/5.0 AppleWebKit/537.36 (KHTML, like Gecko; compatible; GPTBot/1.3; +https://openai.com/gptbot)"
74.7.242.39 - - [04/Apr/2026:12:45:24 +0000] "GET /buy.php?item/111012461 HTTP/1.1" 200 84397 "http://dataharbor.africa/buy.php?item/111010047" "Mozilla/5.0 AppleWebKit/537.36 (KHTML, like Gecko; compatible; GPTBot/1.3; +https://openai.com/gptbot)"
74.7.227.135 - - [04/Apr/2026:12:45:24 +0000] "GET /buy.php?item/080009482 HTTP/1.1" 200 70088 "http://dataharbor.africa.hpierson.com/buy.php?item/084000178" "Mozilla/5.0 AppleWebKit/537.36 (KHTML, like Gecko; compatible; GPTBot/1.3; +https://openai.com/gptbot)"
74.7.242.31 - - [04/Apr/2026:12:45:25 +0000] "GET /buy.php?jp/065000034.html HTTP/1.1" 200 89882 "http://mail.dataharbor.africa/buy.php?item/065000443" "Mozilla/5.0 AppleWebKit/537.36 (KHTML, like Gecko; compatible; GPTBot/1.3; +https://openai.com/gptbot)"
74.7.227.135 - - [04/Apr/2026:12:45:25 +0000] "GET /buy.php?special/shore/241043456 HTTP/1.1" 200 86338 "http://dataharbor.africa.hpierson.com/buy.php?item/048000374" "Mozilla/5.0 AppleWebKit/537.36 (KHTML, like Gecko; compatible; GPTBot/1.3; +https://openai.com/gptbot)"
74.7.227.135 - - [04/Apr/2026:12:45:26 +0000] "GET /buy.php?item/048000246 HTTP/1.1" 200 75975 "http://dataharbor.africa.hpierson.com/buy.php?item/048000374" "Mozilla/5.0 AppleWebKit/537.36 (KHTML, like Gecko; compatible; GPTBot/1.3; +https://openai.com/gptbot)"
74.7.242.31 - - [04/Apr/2026:12:45:26 +0000] "GET /buy.php?item/065000583 HTTP/1.1" 200 95601 "http://mail.dataharbor.africa/buy.php?item/065000445" "Mozilla/5.0 AppleWebKit/537.36 (KHTML, like Gecko; compatible; GPTBot/1.3; +https://openai.com/gptbot)"
74.7.227.135 - - [04/Apr/2026:12:45:27 +0000] "GET /buy.php?item/048000348 HTTP/1.1" 200 78725 "http://dataharbor.africa.hpierson.com/buy.php?item/048000214" "Mozilla/5.0 AppleWebKit/537.36 (KHTML, like Gecko; compatible; GPTBot/1.3; +https://openai.com/gptbot)"
74.7.227.135 - - [04/Apr/2026:12:45:27 +0000] "GET /buy.php?item/084000544 HTTP/1.1" 200 88698 "http://dataharbor.africa.hpierson.com/buy.php?item/084000558" "Mozilla/5.0 AppleWebKit/537.36 (KHTML, like Gecko; compatible; GPTBot/1.3; +https://openai.com/gptbot)"
74.7.227.135 - - [04/Apr/2026:12:45:28 +0000] "GET /buy.php?item/017000811 HTTP/1.1" 200 79925 "http://dataharbor.africa.hpierson.com/buy.php?item/017000897" "Mozilla/5.0 AppleWebKit/537.36 (KHTML, like Gecko; compatible; GPTBot/1.3; +https://openai.com/gptbot)"
74.7.227.135 - - [04/Apr/2026:12:45:29 +0000] "GET /buy.php?item/038029540 HTTP/1.1" 200 77772 "http://dataharbor.africa.hpierson.com/buy.php?item/100031620" "Mozilla/5.0 AppleWebKit/537.36 (KHTML, like Gecko; compatible; GPTBot/1.3; +https://openai.com/gptbot)"
74.7.227.135 - - [04/Apr/2026:12:45:30 +0000] "GET /buy.php?item/048000258 HTTP/1.1" 200 84491 "http://dataharbor.africa.hpierson.com/buy.php?item/048000358" "Mozilla/5.0 AppleWebKit/537.36 (KHTML, like Gecko; compatible; GPTBot/1.3; +https://openai.com/gptbot)"
74.7.242.39 - - [04/Apr/2026:12:45:29 +0000] "GET /buy.php?item/236000222 HTTP/1.1" 200 77748 "http://dataharbor.africa/buy.php?special/garbage/111012464" "Mozilla/5.0 AppleWebKit/537.36 (KHTML, like Gecko; compatible; GPTBot/1.3; +https://openai.com/gptbot)"
74.7.227.135 - - [04/Apr/2026:12:45:30 +0000] "GET /buy.php?item/048000390 HTTP/1.1" 200 88644 "http://dataharbor.africa.hpierson.com/buy.php?item/048000292" "Mozilla/5.0 AppleWebKit/537.36 (KHTML, like Gecko; compatible; GPTBot/1.3; +https://openai.com/gptbot)"
74.7.242.39 - - [04/Apr/2026:12:45:30 +0000] "GET /buy.php?item/111011699 HTTP/1.1" 200 92484 "http://dataharbor.africa/buy.php?item/111012449" "Mozilla/5.0 AppleWebKit/537.36 (KHTML, like Gecko; compatible; GPTBot/1.3; +https://openai.com/gptbot)"
74.7.227.135 - - [04/Apr/2026:12:45:32 +0000] "GET /buy.php?item/084000288 HTTP/1.1" 200 91627 "http://dataharbor.africa.hpierson.com/buy.php?item/084000808" "Mozilla/5.0 AppleWebKit/537.36 (KHTML, like Gecko; compatible; GPTBot/1.3; +https://openai.com/gptbot)"
74.7.242.31 - - [04/Apr/2026:12:45:32 +0000] "GET /buy.php?item/169000857 HTTP/1.1" 200 78607 "http://mail.dataharbor.africa/buy.php?item/134000590" "Mozilla/5.0 AppleWebKit/537.36 (KHTML, like Gecko; compatible; GPTBot/1.3; +https://openai.com/gptbot)"
74.7.242.39 - - [04/Apr/2026:12:45:33 +0000] "GET /buy.php?item/111010895 HTTP/1.1" 200 94365 "http://dataharbor.africa/buy.php?item/111012461" "Mozilla/5.0 AppleWebKit/537.36 (KHTML, like Gecko; compatible; GPTBot/1.3; +https://openai.com/gptbot)"
74.7.227.135 - - [04/Apr/2026:12:45:33 +0000] "GET /buy.php?special/item/114037785 HTTP/1.1" 200 84258 "http://dataharbor.africa.hpierson.com/buy.php?item/080009482" "Mozilla/5.0 AppleWebKit/537.36 (KHTML, like Gecko; compatible; GPTBot/1.3; +https://openai.com/gptbot)"
74.7.242.31 - - [04/Apr/2026:12:45:33 +0000] "GET /buy.php?item/260006254 HTTP/1.1" 200 91595 "http://mail.dataharbor.africa/buy.php?item/260006730" "Mozilla/5.0 AppleWebKit/537.36 (KHTML, like Gecko; compatible; GPTBot/1.3; +https://openai.com/gptbot)"
74.7.242.39 - - [04/Apr/2026:12:45:34 +0000] "GET /buy.php?item/037000743 HTTP/1.1" 200 76353 "http://dataharbor.africa/buy.php?special/garbage/111012464" "Mozilla/5.0 AppleWebKit/537.36 (KHTML, like Gecko; compatible; GPTBot/1.3; +https://openai.com/gptbot)"
74.7.227.135 - - [04/Apr/2026:12:45:34 +0000] "GET /buy.php?item/043000133 HTTP/1.1" 200 76380 "http://dataharbor.africa.hpierson.com/buy.php?item/043000635" "Mozilla/5.0 AppleWebKit/537.36 (KHTML, like Gecko; compatible; GPTBot/1.3; +https://openai.com/gptbot)"
74.7.227.135 - - [04/Apr/2026:12:45:35 +0000] "GET /buy.php?item/050001094 HTTP/1.1" 200 78596 "http://dataharbor.africa.hpierson.com/buy.php?item/050008896" "Mozilla/5.0 AppleWebKit/537.36 (KHTML, like Gecko; compatible; GPTBot/1.3; +https://openai.com/gptbot)"
74.7.242.31 - - [04/Apr/2026:12:45:36 +0000] "GET /buy.php?item/222003348 HTTP/1.1" 200 105400 "http://mail.dataharbor.africa/buy.php?item/222003282" "Mozilla/5.0 AppleWebKit/537.36 (KHTML, like Gecko; compatible; GPTBot/1.3; +https://openai.com/gptbot)"
74.7.242.39 - - [04/Apr/2026:12:45:37 +0000] "GET /buy.php?item/222027500 HTTP/1.1" 200 95346 "http://dataharbor.africa/buy.php?item/222030140" "Mozilla/5.0 AppleWebKit/537.36 (KHTML, like Gecko; compatible; GPTBot/1.3; +https://openai.com/gptbot)"
74.7.227.135 - - [04/Apr/2026:12:45:37 +0000] "GET /buy.php?item/222041242 HTTP/1.1" 200 76258 "http://dataharbor.africa.hpierson.com/buy.php?item/222007642" "Mozilla/5.0 AppleWebKit/537.36 (KHTML, like Gecko; compatible; GPTBot/1.3; +https://openai.com/gptbot)"
74.7.227.135 - - [04/Apr/2026:12:45:37 +0000] "GET /buy.php?item/017000857 HTTP/1.1" 200 78191 "http://dataharbor.africa.hpierson.com/buy.php?item/017000811" "Mozilla/5.0 AppleWebKit/537.36 (KHTML, like Gecko; compatible; GPTBot/1.3; +https://openai.com/gptbot)"
74.7.242.39 - - [04/Apr/2026:12:45:37 +0000] "GET /buy.php?item/111012481 HTTP/1.1" 200 89242 "http://dataharbor.africa/buy.php?item/111010047" "Mozilla/5.0 AppleWebKit/537.36 (KHTML, like Gecko; compatible; GPTBot/1.3; +https://openai.com/gptbot)"
74.7.227.135 - - [04/Apr/2026:12:45:38 +0000] "GET /buy.php?item/017000861 HTTP/1.1" 200 77158 "http://dataharbor.africa.hpierson.com/buy.php?item/017000811" "Mozilla/5.0 AppleWebKit/537.36 (KHTML, like Gecko; compatible; GPTBot/1.3; +https://openai.com/gptbot)"
74.7.242.39 - - [04/Apr/2026:12:45:38 +0000] "GET /buy.php?item/111009959 HTTP/1.1" 200 83853 "http://dataharbor.africa/buy.php?item/111012447" "Mozilla/5.0 AppleWebKit/537.36 (KHTML, like Gecko; compatible; GPTBot/1.3; +https://openai.com/gptbot)"
74.7.242.39 - - [04/Apr/2026:12:45:39 +0000] "GET /buy.php?item/111010885 HTTP/1.1" 200 86501 "http://dataharbor.africa/buy.php?item/111012461" "Mozilla/5.0 AppleWebKit/537.36 (KHTML, like Gecko; compatible; GPTBot/1.3; +https://openai.com/gptbot)"
74.7.242.31 - - [04/Apr/2026:12:45:40 +0000] "GET /buy.php?item/295000631 HTTP/1.1" 200 75057 "http://mail.dataharbor.africa/buy.php?item/295000609" "Mozilla/5.0 AppleWebKit/537.36 (KHTML, like Gecko; compatible; GPTBot/1.3; +https://openai.com/gptbot)"
74.7.227.135 - - [04/Apr/2026:12:45:40 +0000] "GET /buy.php?item/096000266 HTTP/1.1" 200 72869 "http://dataharbor.africa.hpierson.com/buy.php?item/096000388" "Mozilla/5.0 AppleWebKit/537.36 (KHTML, like Gecko; compatible; GPTBot/1.3; +https://openai.com/gptbot)"
74.7.242.39 - - [04/Apr/2026:12:45:40 +0000] "GET /buy.php?item/074000114 HTTP/1.1" 200 86264 "http://dataharbor.africa/buy.php?item/074000226" "Mozilla/5.0 AppleWebKit/537.36 (KHTML, like Gecko; compatible; GPTBot/1.3; +https://openai.com/gptbot)"
74.7.227.135 - - [04/Apr/2026:12:45:41 +0000] "GET /buy.php?item/200023224 HTTP/1.1" 200 83849 "http://dataharbor.africa.hpierson.com/buy.php?item/200023628" "Mozilla/5.0 AppleWebKit/537.36 (KHTML, like Gecko; compatible; GPTBot/1.3; +https://openai.com/gptbot)"
74.7.242.31 - - [04/Apr/2026:12:45:41 +0000] "GET /buy.php?item/033046999 HTTP/1.1" 200 82639 "http://mail.dataharbor.africa/buy.php?item/098000772" "Mozilla/5.0 AppleWebKit/537.36 (KHTML, like Gecko; compatible; GPTBot/1.3; +https://openai.com/gptbot)"
74.7.227.135 - - [04/Apr/2026:12:45:42 +0000] "GET /buy.php?item/222006702 HTTP/1.1" 200 80725 "http://dataharbor.africa.hpierson.com/buy.php?item/222005428" "Mozilla/5.0 AppleWebKit/537.36 (KHTML, like Gecko; compatible; GPTBot/1.3; +https://openai.com/gptbot)"
74.7.242.39 - - [04/Apr/2026:12:45:42 +0000] "GET /buy.php?item/111002401 HTTP/1.1" 200 78185 "http://dataharbor.africa/buy.php?item/111001431" "Mozilla/5.0 AppleWebKit/537.36 (KHTML, like Gecko; compatible; GPTBot/1.3; +https://openai.com/gptbot)"
74.7.227.135 - - [04/Apr/2026:12:45:42 +0000] "GET /buy.php?item/084000510 HTTP/1.1" 200 81294 "http://dataharbor.africa.hpierson.com/buy.php?item/084000560" "Mozilla/5.0 AppleWebKit/537.36 (KHTML, like Gecko; compatible; GPTBot/1.3; +https://openai.com/gptbot)"
74.7.227.135 - - [04/Apr/2026:12:45:43 +0000] "GET /buy.php?item/020006466 HTTP/1.1" 200 82872 "http://dataharbor.africa.hpierson.com/buy.php?item/020007566" "Mozilla/5.0 AppleWebKit/537.36 (KHTML, like Gecko; compatible; GPTBot/1.3; +https://openai.com/gptbot)"
74.7.227.135 - - [04/Apr/2026:12:45:44 +0000] "GET /buy.php?item/043000779 HTTP/1.1" 200 74653 "http://dataharbor.africa.hpierson.com/buy.php?item/043000133" "Mozilla/5.0 AppleWebKit/537.36 (KHTML, like Gecko; compatible; GPTBot/1.3; +https://openai.com/gptbot)"
74.7.242.39 - - [04/Apr/2026:12:45:44 +0000] "GET /buy.php?item/222001440 HTTP/1.1" 200 80200 "http://dataharbor.africa/buy.php?item/222004078" "Mozilla/5.0 AppleWebKit/537.36 (KHTML, like Gecko; compatible; GPTBot/1.3; +https://openai.com/gptbot)"
74.7.227.135 - - [04/Apr/2026:12:45:44 +0000] "GET /buy.php?item/050009458 HTTP/1.1" 200 77632 "http://dataharbor.africa.hpierson.com/buy.php?item/050001094" "Mozilla/5.0 AppleWebKit/537.36 (KHTML, like Gecko; compatible; GPTBot/1.3; +https://openai.com/gptbot)"
74.7.242.31 - - [04/Apr/2026:12:45:45 +0000] "GET /buy.php?item/222002688 HTTP/1.1" 200 105226 "http://mail.dataharbor.africa/buy.php?item/222003348" "Mozilla/5.0 AppleWebKit/537.36 (KHTML, like Gecko; compatible; GPTBot/1.3; +https://openai.com/gptbot)"
74.7.242.39 - - [04/Apr/2026:12:45:45 +0000] "GET /buy.php?item/100019080 HTTP/1.1" 200 82791 "http://dataharbor.africa/buy.php?item/100019408" "Mozilla/5.0 AppleWebKit/537.36 (KHTML, like Gecko; compatible; GPTBot/1.3; +https://openai.com/gptbot)"
74.7.227.135 - - [04/Apr/2026:12:45:45 +0000] "GET /buy.php?item/222004932 HTTP/1.1" 200 82169 "http://dataharbor.africa.hpierson.com/buy.php?item/222041242" "Mozilla/5.0 AppleWebKit/537.36 (KHTML, like Gecko; compatible; GPTBot/1.3; +https://openai.com/gptbot)"
74.7.242.31 - - [04/Apr/2026:12:45:45 +0000] "GET /buy.php?item/200039934 HTTP/1.1" 200 72692 "http://mail.dataharbor.africa/buy.php?item/200041200" "Mozilla/5.0 AppleWebKit/537.36 (KHTML, like Gecko; compatible; GPTBot/1.3; +https://openai.com/gptbot)"
74.7.242.39 - - [04/Apr/2026:12:45:46 +0000] "GET /buy.php?item/222032314 HTTP/1.1" 200 90746 "http://dataharbor.africa/buy.php?item/222027500" "Mozilla/5.0 AppleWebKit/537.36 (KHTML, like Gecko; compatible; GPTBot/1.3; +https://openai.com/gptbot)"
74.7.227.135 - - [04/Apr/2026:12:45:46 +0000] "GET /buy.php?item/222004962 HTTP/1.1" 200 86212 "http://dataharbor.africa.hpierson.com/buy.php?item/222041242" "Mozilla/5.0 AppleWebKit/537.36 (KHTML, like Gecko; compatible; GPTBot/1.3; +https://openai.com/gptbot)"
74.7.227.135 - - [04/Apr/2026:12:45:47 +0000] "GET /buy.php?item/222004930 HTTP/1.1" 200 88793 "http://dataharbor.africa.hpierson.com/buy.php?item/222041242" "Mozilla/5.0 AppleWebKit/537.36 (KHTML, like Gecko; compatible; GPTBot/1.3; +https://openai.com/gptbot)"
74.7.242.39 - - [04/Apr/2026:12:45:47 +0000] "GET /buy.php?item/222032316 HTTP/1.1" 200 95201 "http://dataharbor.africa/buy.php?item/222027500" "Mozilla/5.0 AppleWebKit/537.36 (KHTML, like Gecko; compatible; GPTBot/1.3; +https://openai.com/gptbot)"
74.7.242.39 - - [04/Apr/2026:12:45:48 +0000] "GET /buy.php?item/222032318 HTTP/1.1" 200 87642 "http://dataharbor.africa/buy.php?item/222027500" "Mozilla/5.0 AppleWebKit/537.36 (KHTML, like Gecko; compatible; GPTBot/1.3; +https://openai.com/gptbot)"
74.7.227.135 - - [04/Apr/2026:12:45:48 +0000] "GET /buy.php?item/017000879 HTTP/1.1" 200 81283 "http://dataharbor.africa.hpierson.com/buy.php?item/017000861" "Mozilla/5.0 AppleWebKit/537.36 (KHTML, like Gecko; compatible; GPTBot/1.3; +https://openai.com/gptbot)"
74.7.242.31 - - [04/Apr/2026:12:45:48 +0000] "GET /buy.php?item/222036892 HTTP/1.1" 200 89920 "http://mail.dataharbor.africa/buy.php?item/222039242" "Mozilla/5.0 AppleWebKit/537.36 (KHTML, like Gecko; compatible; GPTBot/1.3; +https://openai.com/gptbot)"
74.7.242.39 - - [04/Apr/2026:12:45:48 +0000] "GET /buy.php?item/111012705 HTTP/1.1" 200 87646 "http://dataharbor.africa/buy.php?item/111010885" "Mozilla/5.0 AppleWebKit/537.36 (KHTML, like Gecko; compatible; GPTBot/1.3; +https://openai.com/gptbot)"
74.7.227.135 - - [04/Apr/2026:12:45:49 +0000] "GET /buy.php?item/200019270 HTTP/1.1" 200 79825 "http://dataharbor.africa.hpierson.com/buy.php?item/200023224" "Mozilla/5.0 AppleWebKit/537.36 (KHTML, like Gecko; compatible; GPTBot/1.3; +https://openai.com/gptbot)"
74.7.242.39 - - [04/Apr/2026:12:45:49 +0000] "GET /buy.php?item/074000534 HTTP/1.1" 200 81441 "http://dataharbor.africa/buy.php?item/074000114" "Mozilla/5.0 AppleWebKit/537.36 (KHTML, like Gecko; compatible; GPTBot/1.3; +https://openai.com/gptbot)"
74.7.242.31 - - [04/Apr/2026:12:45:50 +0000] "GET /buy.php?item/070006970 HTTP/1.1" 200 69299 "http://mail.dataharbor.africa/buy.php?item/033046999" "Mozilla/5.0 AppleWebKit/537.36 (KHTML, like Gecko; compatible; GPTBot/1.3; +https://openai.com/gptbot)"
74.7.227.135 - - [04/Apr/2026:12:45:51 +0000] "GET /buy.php?item/222041410 HTTP/1.1" 200 89170 "http://dataharbor.africa.hpierson.com/buy.php?item/222006702" "Mozilla/5.0 AppleWebKit/537.36 (KHTML, like Gecko; compatible; GPTBot/1.3; +https://openai.com/gptbot)"
74.7.242.31 - - [04/Apr/2026:12:45:51 +0000] "GET /buy.php?item/057011149 HTTP/1.1" 200 97126 "http://mail.dataharbor.africa/buy.php?special/plead/003005410" "Mozilla/5.0 AppleWebKit/537.36 (KHTML, like Gecko; compatible; GPTBot/1.3; +https://openai.com/gptbot)"
74.7.242.39 - - [04/Apr/2026:12:45:51 +0000] "GET /buy.php?item/111001451 HTTP/1.1" 200 76311 "http://dataharbor.africa/buy.php?item/111002401" "Mozilla/5.0 AppleWebKit/537.36 (KHTML, like Gecko; compatible; GPTBot/1.3; +https://openai.com/gptbot)"
74.7.227.135 - - [04/Apr/2026:12:45:52 +0000] "GET /buy.php?item/020006368 HTTP/1.1" 200 90072 "http://dataharbor.africa.hpierson.com/buy.php?item/020006466" "Mozilla/5.0 AppleWebKit/537.36 (KHTML, like Gecko; compatible; GPTBot/1.3; +https://openai.com/gptbot)"
74.7.242.31 - - [04/Apr/2026:12:45:52 +0000] "GET /buy.php?item/230007962 HTTP/1.1" 200 72807 "http://mail.dataharbor.africa/buy.php?item/230007990" "Mozilla/5.0 AppleWebKit/537.36 (KHTML, like Gecko; compatible; GPTBot/1.3; +https://openai.com/gptbot)"
74.7.242.31 - - [04/Apr/2026:12:45:53 +0000] "GET /buy.php?item/100012694 HTTP/1.1" 200 74795 "http://mail.dataharbor.africa/buy.php?item/100012814" "Mozilla/5.0 AppleWebKit/537.36 (KHTML, like Gecko; compatible; GPTBot/1.3; +https://openai.com/gptbot)"
74.7.227.135 - - [04/Apr/2026:12:45:53 +0000] "GET /buy.php?item/043000381 HTTP/1.1" 200 78093 "http://dataharbor.africa.hpierson.com/buy.php?item/043000779" "Mozilla/5.0 AppleWebKit/537.36 (KHTML, like Gecko; compatible; GPTBot/1.3; +https://openai.com/gptbot)"
74.7.242.39 - - [04/Apr/2026:12:45:53 +0000] "GET /buy.php?item/222001742 HTTP/1.1" 200 93258 "http://dataharbor.africa/buy.php?item/222001440" "Mozilla/5.0 AppleWebKit/537.36 (KHTML, like Gecko; compatible; GPTBot/1.3; +https://openai.com/gptbot)"
74.7.227.135 - - [04/Apr/2026:12:45:53 +0000] "GET /buy.php?item/056003222 HTTP/1.1" 200 84694 "http://dataharbor.africa.hpierson.com/buy.php?item/050009458" "Mozilla/5.0 AppleWebKit/537.36 (KHTML, like Gecko; compatible; GPTBot/1.3; +https://openai.com/gptbot)"
74.7.242.31 - - [04/Apr/2026:12:45:54 +0000] "GET /buy.php?item/200049640 HTTP/1.1" 200 74394 "http://mail.dataharbor.africa/buy.php?item/200039934" "Mozilla/5.0 AppleWebKit/537.36 (KHTML, like Gecko; compatible; GPTBot/1.3; +https://openai.com/gptbot)"
74.7.242.39 - - [04/Apr/2026:12:45:54 +0000] "GET /buy.php?item/166039072 HTTP/1.1" 200 81569 "http://dataharbor.africa/buy.php?item/100019080" "Mozilla/5.0 AppleWebKit/537.36 (KHTML, like Gecko; compatible; GPTBot/1.3; +https://openai.com/gptbot)"
74.7.242.31 - - [04/Apr/2026:12:45:55 +0000] "GET /buy.php?item/023026333 HTTP/1.1" 200 81300 "http://mail.dataharbor.africa/buy.php?item/200039934" "Mozilla/5.0 AppleWebKit/537.36 (KHTML, like Gecko; compatible; GPTBot/1.3; +https://openai.com/gptbot)"
74.7.227.135 - - [04/Apr/2026:12:45:55 +0000] "GET /buy.php?item/222004608 HTTP/1.1" 200 79246 "http://dataharbor.africa.hpierson.com/buy.php?item/222004932" "Mozilla/5.0 AppleWebKit/537.36 (KHTML, like Gecko; compatible; GPTBot/1.3; +https://openai.com/gptbot)"
74.7.242.39 - - [04/Apr/2026:12:45:55 +0000] "GET /buy.php?item/222030440 HTTP/1.1" 200 96859 "http://dataharbor.africa/buy.php?item/222032314" "Mozilla/5.0 AppleWebKit/537.36 (KHTML, like Gecko; compatible; GPTBot/1.3; +https://openai.com/gptbot)"
74.7.227.135 - - [04/Apr/2026:12:45:56 +0000] "GET /buy.php?item/043000379 HTTP/1.1" 200 76295 "http://dataharbor.africa.hpierson.com/buy.php?item/043000779" "Mozilla/5.0 AppleWebKit/537.36 (KHTML, like Gecko; compatible; GPTBot/1.3; +https://openai.com/gptbot)"
74.7.242.39 - - [04/Apr/2026:12:45:57 +0000] "GET /buy.php?item/222032858 HTTP/1.1" 200 94058 "http://dataharbor.africa/buy.php?item/222032318" "Mozilla/5.0 AppleWebKit/537.36 (KHTML, like Gecko; compatible; GPTBot/1.3; +https://openai.com/gptbot)"
74.7.227.135 - - [04/Apr/2026:12:45:57 +0000] "GET /buy.php?item/043000383 HTTP/1.1" 200 76262 "http://dataharbor.africa.hpierson.com/buy.php?item/043000779" "Mozilla/5.0 AppleWebKit/537.36 (KHTML, like Gecko; compatible; GPTBot/1.3; +https://openai.com/gptbot)"
74.7.242.31 - - [04/Apr/2026:12:45:58 +0000] "GET /buy.php?item/111045363 HTTP/1.1" 200 72985 "http://mail.dataharbor.africa/buy.php?item/111045815" "Mozilla/5.0 AppleWebKit/537.36 (KHTML, like Gecko; compatible; GPTBot/1.3; +https://openai.com/gptbot)"
74.7.227.135 - - [04/Apr/2026:12:45:58 +0000] "GET /buy.php?item/017000697 HTTP/1.1" 200 76203 "http://dataharbor.africa.hpierson.com/buy.php?item/017000879" "Mozilla/5.0 AppleWebKit/537.36 (KHTML, like Gecko; compatible; GPTBot/1.3; +https://openai.com/gptbot)"
74.7.242.39 - - [04/Apr/2026:12:45:59 +0000] "GET /buy.php?item/296000680 HTTP/1.1" 200 83151 "http://dataharbor.africa/buy.php?item/111012705" "Mozilla/5.0 AppleWebKit/537.36 (KHTML, like Gecko; compatible; GPTBot/1.3; +https://openai.com/gptbot)"
74.7.227.135 - - [04/Apr/2026:12:45:59 +0000] "GET /buy.php?item/017000699 HTTP/1.1" 200 76143 "http://dataharbor.africa.hpierson.com/buy.php?item/017000879" "Mozilla/5.0 AppleWebKit/537.36 (KHTML, like Gecko; compatible; GPTBot/1.3; +https://openai.com/gptbot)"
74.7.227.135 - - [04/Apr/2026:12:46:00 +0000] "GET /buy.php?item/222004524 HTTP/1.1" 200 83363 "http://dataharbor.africa.hpierson.com/buy.php?item/222004932" "Mozilla/5.0 AppleWebKit/537.36 (KHTML, like Gecko; compatible; GPTBot/1.3; +https://openai.com/gptbot)"
74.7.242.31 - - [04/Apr/2026:12:46:00 +0000] "GET /buy.php?item/230007702 HTTP/1.1" 200 78766 "http://mail.dataharbor.africa/buy.php?item/230007962" "Mozilla/5.0 AppleWebKit/537.36 (KHTML, like Gecko; compatible; GPTBot/1.3; +https://openai.com/gptbot)"
74.7.227.135 - - [04/Apr/2026:12:46:01 +0000] "GET /buy.php?special/admire/084024501 HTTP/1.1" 200 78855 "http://dataharbor.africa.hpierson.com/buy.php?item/222041410" "Mozilla/5.0 AppleWebKit/537.36 (KHTML, like Gecko; compatible; GPTBot/1.3; +https://openai.com/gptbot)"
74.7.242.39 - - [04/Apr/2026:12:46:01 +0000] "GET /buy.php?item/222001740 HTTP/1.1" 200 93602 "http://dataharbor.africa/buy.php?item/222001440" "Mozilla/5.0 AppleWebKit/537.36 (KHTML, like Gecko; compatible; GPTBot/1.3; +https://openai.com/gptbot)"
74.7.242.31 - - [04/Apr/2026:12:46:01 +0000] "GET /buy.php?item/100012800 HTTP/1.1" 200 77550 "http://mail.dataharbor.africa/buy.php?item/100012694" "Mozilla/5.0 AppleWebKit/537.36 (KHTML, like Gecko; compatible; GPTBot/1.3; +https://openai.com/gptbot)"
74.7.227.135 - - [04/Apr/2026:12:46:02 +0000] "GET /buy.php?item/222002764 HTTP/1.1" 200 89587 "http://dataharbor.africa.hpierson.com/buy.php?item/222041410" "Mozilla/5.0 AppleWebKit/537.36 (KHTML, like Gecko; compatible; GPTBot/1.3; +https://openai.com/gptbot)"
74.7.242.31 - - [04/Apr/2026:12:46:02 +0000] "GET /buy.php?item/230007700 HTTP/1.1" 200 72361 "http://mail.dataharbor.africa/buy.php?item/230007962" "Mozilla/5.0 AppleWebKit/537.36 (KHTML, like Gecko; compatible; GPTBot/1.3; +https://openai.com/gptbot)"
74.7.227.135 - - [04/Apr/2026:12:46:02 +0000] "GET /buy.php?item/054026222 HTTP/1.1" 200 72153 "http://dataharbor.africa.hpierson.com/buy.php?item/043000381" "Mozilla/5.0 AppleWebKit/537.36 (KHTML, like Gecko; compatible; GPTBot/1.3; +https://openai.com/gptbot)"
74.7.242.31 - - [04/Apr/2026:12:46:03 +0000] "GET /buy.php?item/200040062 HTTP/1.1" 200 74062 "http://mail.dataharbor.africa/buy.php?item/200049640" "Mozilla/5.0 AppleWebKit/537.36 (KHTML, like Gecko; compatible; GPTBot/1.3; +https://openai.com/gptbot)"
74.7.242.39 - - [04/Apr/2026:12:46:04 +0000] "GET /buy.php?item/166039000 HTTP/1.1" 200 76376 "http://dataharbor.africa/buy.php?item/166039072" "Mozilla/5.0 AppleWebKit/537.36 (KHTML, like Gecko; compatible; GPTBot/1.3; +https://openai.com/gptbot)"
74.7.227.135 - - [04/Apr/2026:12:46:04 +0000] "GET /buy.php?item/222002766 HTTP/1.1" 200 86644 "http://dataharbor.africa.hpierson.com/buy.php?item/222041410" "Mozilla/5.0 AppleWebKit/537.36 (KHTML, like Gecko; compatible; GPTBot/1.3; +https://openai.com/gptbot)"
74.7.242.39 - - [04/Apr/2026:12:46:04 +0000] "GET /buy.php?item/090005484 HTTP/1.1" 200 72397 "http://dataharbor.africa/buy.php?item/222030440" "Mozilla/5.0 AppleWebKit/537.36 (KHTML, like Gecko; compatible; GPTBot/1.3; +https://openai.com/gptbot)"
74.7.242.31 - - [04/Apr/2026:12:46:04 +0000] "GET /buy.php?item/230007698 HTTP/1.1" 200 77602 "http://mail.dataharbor.africa/buy.php?item/230007962" "Mozilla/5.0 AppleWebKit/537.36 (KHTML, like Gecko; compatible; GPTBot/1.3; +https://openai.com/gptbot)"
74.7.227.135 - - [04/Apr/2026:12:46:05 +0000] "GET /buy.php?item/043000451 HTTP/1.1" 200 78228 "http://dataharbor.africa.hpierson.com/buy.php?item/043000379" "Mozilla/5.0 AppleWebKit/537.36 (KHTML, like Gecko; compatible; GPTBot/1.3; +https://openai.com/gptbot)"
74.7.242.39 - - [04/Apr/2026:12:46:05 +0000] "GET /buy.php?item/222027508 HTTP/1.1" 200 86861 "http://dataharbor.africa/buy.php?item/222030440" "Mozilla/5.0 AppleWebKit/537.36 (KHTML, like Gecko; compatible; GPTBot/1.3; +https://openai.com/gptbot)"
74.7.227.135 - - [04/Apr/2026:12:46:06 +0000] "GET /buy.php?item/146009000 HTTP/1.1" 200 74463 "http://dataharbor.africa.hpierson.com/buy.php?item/017000857" "Mozilla/5.0 AppleWebKit/537.36 (KHTML, like Gecko; compatible; GPTBot/1.3; +https://openai.com/gptbot)"
74.7.242.31 - - [04/Apr/2026:12:46:06 +0000] "GET /buy.php?item/111045411 HTTP/1.1" 200 81539 "http://mail.dataharbor.africa/buy.php?item/111045363" "Mozilla/5.0 AppleWebKit/537.36 (KHTML, like Gecko; compatible; GPTBot/1.3; +https://openai.com/gptbot)"
74.7.242.39 - - [04/Apr/2026:12:46:06 +0000] "GET /buy.php?item/222027510 HTTP/1.1" 200 86352 "http://dataharbor.africa/buy.php?item/222030440" "Mozilla/5.0 AppleWebKit/537.36 (KHTML, like Gecko; compatible; GPTBot/1.3; +https://openai.com/gptbot)"
74.7.227.135 - - [04/Apr/2026:12:46:06 +0000] "GET /buy.php?item/043000213 HTTP/1.1" 200 74570 "http://dataharbor.africa.hpierson.com/buy.php?item/043000383" "Mozilla/5.0 AppleWebKit/537.36 (KHTML, like Gecko; compatible; GPTBot/1.3; +https://openai.com/gptbot)"
74.7.242.31 - - [04/Apr/2026:12:46:07 +0000] "GET /buy.php?item/260004116 HTTP/1.1" 200 85886 "http://mail.dataharbor.africa/buy.php?item/260003888" "Mozilla/5.0 AppleWebKit/537.36 (KHTML, like Gecko; compatible; GPTBot/1.3; +https://openai.com/gptbot)"
74.7.242.39 - - [04/Apr/2026:12:46:07 +0000] "GET /buy.php?item/222032860 HTTP/1.1" 200 108569 "http://dataharbor.africa/buy.php?item/222032318" "Mozilla/5.0 AppleWebKit/537.36 (KHTML, like Gecko; compatible; GPTBot/1.3; +https://openai.com/gptbot)"
74.7.227.135 - - [04/Apr/2026:12:46:07 +0000] "GET /buy.php?item/043000211 HTTP/1.1" 200 76811 "http://dataharbor.africa.hpierson.com/buy.php?item/043000383" "Mozilla/5.0 AppleWebKit/537.36 (KHTML, like Gecko; compatible; GPTBot/1.3; +https://openai.com/gptbot)"
74.7.227.135 - - [04/Apr/2026:12:46:08 +0000] "GET /buy.php?item/017000651 HTTP/1.1" 200 77423 "http://dataharbor.africa.hpierson.com/buy.php?item/017000699" "Mozilla/5.0 AppleWebKit/537.36 (KHTML, like Gecko; compatible; GPTBot/1.3; +https://openai.com/gptbot)"
74.7.242.31 - - [04/Apr/2026:12:46:08 +0000] "GET /buy.php?item/230007888 HTTP/1.1" 200 80415 "http://mail.dataharbor.africa/buy.php?item/230007702" "Mozilla/5.0 AppleWebKit/537.36 (KHTML, like Gecko; compatible; GPTBot/1.3; +https://openai.com/gptbot)"
74.7.227.135 - - [04/Apr/2026:12:46:09 +0000] "GET /buy.php?item/222002734 HTTP/1.1" 200 74297 "http://dataharbor.africa.hpierson.com/buy.php?item/222004524" "Mozilla/5.0 AppleWebKit/537.36 (KHTML, like Gecko; compatible; GPTBot/1.3; +https://openai.com/gptbot)"
74.7.242.31 - - [04/Apr/2026:12:46:09 +0000] "GET /buy.php?special/instruction/084015401 HTTP/1.1" 200 82256 "http://mail.dataharbor.africa/buy.php?item/100012800" "Mozilla/5.0 AppleWebKit/537.36 (KHTML, like Gecko; compatible; GPTBot/1.3; +https://openai.com/gptbot)"
74.7.227.135 - - [04/Apr/2026:12:46:09 +0000] "GET /buy.php?item/017000709 HTTP/1.1" 200 75770 "http://dataharbor.africa.hpierson.com/buy.php?item/017000697" "Mozilla/5.0 AppleWebKit/537.36 (KHTML, like Gecko; compatible; GPTBot/1.3; +https://openai.com/gptbot)"
74.7.242.31 - - [04/Apr/2026:12:46:10 +0000] "GET /buy.php?item/250006088 HTTP/1.1" 200 85965 "http://mail.dataharbor.africa/buy.php?item/100012800" "Mozilla/5.0 AppleWebKit/537.36 (KHTML, like Gecko; compatible; GPTBot/1.3; +https://openai.com/gptbot)"
74.7.227.135 - - [04/Apr/2026:12:46:10 +0000] "GET /buy.php?item/222003098 HTTP/1.1" 200 80416 "http://dataharbor.africa.hpierson.com/buy.php?item/222002764" "Mozilla/5.0 AppleWebKit/537.36 (KHTML, like Gecko; compatible; GPTBot/1.3; +https://openai.com/gptbot)"
74.7.227.135 - - [04/Apr/2026:12:46:11 +0000] "GET /buy.php?item/222003214 HTTP/1.1" 200 75995 "http://dataharbor.africa.hpierson.com/buy.php?item/222002764" "Mozilla/5.0 AppleWebKit/537.36 (KHTML, like Gecko; compatible; GPTBot/1.3; +https://openai.com/gptbot)"
74.7.242.31 - - [04/Apr/2026:12:46:11 +0000] "GET /buy.php?item/210008700 HTTP/1.1" 200 71247 "http://mail.dataharbor.africa/buy.php?item/100012800" "Mozilla/5.0 AppleWebKit/537.36 (KHTML, like Gecko; compatible; GPTBot/1.3; +https://openai.com/gptbot)"
74.7.227.135 - - [04/Apr/2026:12:46:12 +0000] "GET /buy.php?item/020003132 HTTP/1.1" 200 77588 "http://dataharbor.africa.hpierson.com/buy.php?item/020003672" "Mozilla/5.0 AppleWebKit/537.36 (KHTML, like Gecko; compatible; GPTBot/1.3; +https://openai.com/gptbot)"
74.7.227.135 - - [04/Apr/2026:12:46:13 +0000] "GET /buy.php?item/043000945 HTTP/1.1" 200 76803 "http://dataharbor.africa.hpierson.com/buy.php?item/043000451" "Mozilla/5.0 AppleWebKit/537.36 (KHTML, like Gecko; compatible; GPTBot/1.3; +https://openai.com/gptbot)"
74.7.242.31 - - [04/Apr/2026:12:46:13 +0000] "GET /buy.php?item/230007882 HTTP/1.1" 200 78430 "http://mail.dataharbor.africa/buy.php?item/230007700" "Mozilla/5.0 AppleWebKit/537.36 (KHTML, like Gecko; compatible; GPTBot/1.3; +https://openai.com/gptbot)"
74.7.242.39 - - [04/Apr/2026:12:46:13 +0000] "GET /buy.php?item/222027512 HTTP/1.1" 200 90456 "http://dataharbor.africa/buy.php?item/222030440" "Mozilla/5.0 AppleWebKit/537.36 (KHTML, like Gecko; compatible; GPTBot/1.3; +https://openai.com/gptbot)"
74.7.227.135 - - [04/Apr/2026:12:46:14 +0000] "GET /buy.php?item/043000947 HTTP/1.1" 200 73060 "http://dataharbor.africa.hpierson.com/buy.php?item/043000451" "Mozilla/5.0 AppleWebKit/537.36 (KHTML, like Gecko; compatible; GPTBot/1.3; +https://openai.com/gptbot)"
74.7.242.39 - - [04/Apr/2026:12:46:14 +0000] "GET /buy.php?item/222032046 HTTP/1.1" 200 111094 "http://dataharbor.africa/buy.php?item/222027508" "Mozilla/5.0 AppleWebKit/537.36 (KHTML, like Gecko; compatible; GPTBot/1.3; +https://openai.com/gptbot)"
74.7.227.135 - - [04/Apr/2026:12:46:15 +0000] "GET /buy.php?item/043000129 HTTP/1.1" 200 72436 "http://dataharbor.africa.hpierson.com/buy.php?item/043000213" "Mozilla/5.0 AppleWebKit/537.36 (KHTML, like Gecko; compatible; GPTBot/1.3; +https://openai.com/gptbot)"
74.7.242.39 - - [04/Apr/2026:12:46:15 +0000] "GET /buy.php?item/117028353 HTTP/1.1" 200 82143 "http://dataharbor.africa/buy.php?item/222027510" "Mozilla/5.0 AppleWebKit/537.36 (KHTML, like Gecko; compatible; GPTBot/1.3; +https://openai.com/gptbot)"
74.7.242.39 - - [04/Apr/2026:12:46:16 +0000] "GET /buy.php?special/pure/222028309 HTTP/1.1" 200 106706 "http://dataharbor.africa/buy.php?item/222027510" "Mozilla/5.0 AppleWebKit/537.36 (KHTML, like Gecko; compatible; GPTBot/1.3; +https://openai.com/gptbot)"
74.7.227.135 - - [04/Apr/2026:12:46:16 +0000] "GET /buy.php?item/024015444 HTTP/1.1" 200 78484 "http://dataharbor.africa.hpierson.com/buy.php?item/017000651" "Mozilla/5.0 AppleWebKit/537.36 (KHTML, like Gecko; compatible; GPTBot/1.3; +https://openai.com/gptbot)"
74.7.227.135 - - [04/Apr/2026:12:46:16 +0000] "GET /buy.php?item/222002874 HTTP/1.1" 200 73638 "http://dataharbor.africa.hpierson.com/buy.php?item/222002734" "Mozilla/5.0 AppleWebKit/537.36 (KHTML, like Gecko; compatible; GPTBot/1.3; +https://openai.com/gptbot)"
74.7.242.31 - - [04/Apr/2026:12:46:17 +0000] "GET /buy.php?item/230007732 HTTP/1.1" 200 71646 "http://mail.dataharbor.africa/buy.php?item/230007888" "Mozilla/5.0 AppleWebKit/537.36 (KHTML, like Gecko; compatible; GPTBot/1.3; +https://openai.com/gptbot)"
74.7.227.135 - - [04/Apr/2026:12:46:17 +0000] "GET /buy.php?item/043000445 HTTP/1.1" 200 79494 "http://dataharbor.africa.hpierson.com/buy.php?item/043000211" "Mozilla/5.0 AppleWebKit/537.36 (KHTML, like Gecko; compatible; GPTBot/1.3; +https://openai.com/gptbot)"
74.7.242.39 - - [04/Apr/2026:12:46:18 +0000] "GET /buy.php?item/222032048 HTTP/1.1" 200 133354 "http://dataharbor.africa/buy.php?item/222027508" "Mozilla/5.0 AppleWebKit/537.36 (KHTML, like Gecko; compatible; GPTBot/1.3; +https://openai.com/gptbot)"
74.7.227.135 - - [04/Apr/2026:12:46:18 +0000] "GET /buy.php?item/222005046 HTTP/1.1" 200 79087 "http://dataharbor.africa.hpierson.com/buy.php?item/222003098" "Mozilla/5.0 AppleWebKit/537.36 (KHTML, like Gecko; compatible; GPTBot/1.3; +https://openai.com/gptbot)"
74.7.242.31 - - [04/Apr/2026:12:46:18 +0000] "GET /buy.php?item/084001112 HTTP/1.1" 200 85178 "http://mail.dataharbor.africa/buy.php?special/instruction/084015401" "Mozilla/5.0 AppleWebKit/537.36 (KHTML, like Gecko; compatible; GPTBot/1.3; +https://openai.com/gptbot)"
74.7.242.39 - - [04/Apr/2026:12:46:18 +0000] "GET /buy.php?item/222032044 HTTP/1.1" 200 117816 "http://dataharbor.africa/buy.php?item/222027508" "Mozilla/5.0 AppleWebKit/537.36 (KHTML, like Gecko; compatible; GPTBot/1.3; +https://openai.com/gptbot)"
74.7.242.31 - - [04/Apr/2026:12:46:19 +0000] "GET /buy.php?item/264003988 HTTP/1.1" 200 77927 "http://mail.dataharbor.africa/buy.php?item/250006088" "Mozilla/5.0 AppleWebKit/537.36 (KHTML, like Gecko; compatible; GPTBot/1.3; +https://openai.com/gptbot)"
74.7.227.135 - - [04/Apr/2026:12:46:18 +0000] "GET /buy.php?special/press/222002057 HTTP/1.1" 200 90076 "http://dataharbor.africa.hpierson.com/buy.php?item/222003214" "Mozilla/5.0 AppleWebKit/537.36 (KHTML, like Gecko; compatible; GPTBot/1.3; +https://openai.com/gptbot)"
74.7.227.135 - - [04/Apr/2026:12:46:19 +0000] "GET /buy.php?item/043000447 HTTP/1.1" 200 72840 "http://dataharbor.africa.hpierson.com/buy.php?item/043000211" "Mozilla/5.0 AppleWebKit/537.36 (KHTML, like Gecko; compatible; GPTBot/1.3; +https://openai.com/gptbot)"
74.7.227.135 - - [04/Apr/2026:12:46:20 +0000] "GET /buy.php?item/020003868 HTTP/1.1" 200 88927 "http://dataharbor.africa.hpierson.com/buy.php?item/020003132" "Mozilla/5.0 AppleWebKit/537.36 (KHTML, like Gecko; compatible; GPTBot/1.3; +https://openai.com/gptbot)"
74.7.242.31 - - [04/Apr/2026:12:46:20 +0000] "GET /buy.php?item/210008602 HTTP/1.1" 200 74050 "http://mail.dataharbor.africa/buy.php?item/210008700" "Mozilla/5.0 AppleWebKit/537.36 (KHTML, like Gecko; compatible; GPTBot/1.3; +https://openai.com/gptbot)"
74.7.227.135 - - [04/Apr/2026:12:46:21 +0000] "GET /buy.php?special/dried/193033756 HTTP/1.1" 200 72087 "http://dataharbor.africa.hpierson.com/buy.php?item/043000945" "Mozilla/5.0 AppleWebKit/537.36 (KHTML, like Gecko; compatible; GPTBot/1.3; +https://openai.com/gptbot)"
74.7.242.31 - - [04/Apr/2026:12:46:22 +0000] "GET /buy.php?item/169002111 HTTP/1.1" 200 73735 "http://mail.dataharbor.africa/buy.php?item/230007882" "Mozilla/5.0 AppleWebKit/537.36 (KHTML, like Gecko; compatible; GPTBot/1.3; +https://openai.com/gptbot)"
74.7.227.135 - - [04/Apr/2026:12:46:22 +0000] "GET /buy.php?item/043000893 HTTP/1.1" 200 75392 "http://dataharbor.africa.hpierson.com/buy.php?item/043000945" "Mozilla/5.0 AppleWebKit/537.36 (KHTML, like Gecko; compatible; GPTBot/1.3; +https://openai.com/gptbot)"
74.7.242.31 - - [04/Apr/2026:12:46:22 +0000] "GET /buy.php?item/250005070 HTTP/1.1" 200 73822 "http://mail.dataharbor.africa/buy.php?item/250006088" "Mozilla/5.0 AppleWebKit/537.36 (KHTML, like Gecko; compatible; GPTBot/1.3; +https://openai.com/gptbot)"
74.7.227.135 - - [04/Apr/2026:12:46:23 +0000] "GET /buy.php?item/043000771 HTTP/1.1" 200 74588 "http://dataharbor.africa.hpierson.com/buy.php?item/043000129" "Mozilla/5.0 AppleWebKit/537.36 (KHTML, like Gecko; compatible; GPTBot/1.3; +https://openai.com/gptbot)"
74.7.242.31 - - [04/Apr/2026:12:46:23 +0000] "GET /buy.php?item/230007730 HTTP/1.1" 200 74980 "http://mail.dataharbor.africa/buy.php?item/230007888" "Mozilla/5.0 AppleWebKit/537.36 (KHTML, like Gecko; compatible; GPTBot/1.3; +https://openai.com/gptbot)"
74.7.242.39 - - [04/Apr/2026:12:46:23 +0000] "GET /buy.php?item/222015280 HTTP/1.1" 200 90001 "http://dataharbor.africa/buy.php?special/pure/222028309" "Mozilla/5.0 AppleWebKit/537.36 (KHTML, like Gecko; compatible; GPTBot/1.3; +https://openai.com/gptbot)"
74.7.227.135 - - [04/Apr/2026:12:46:23 +0000] "GET /buy.php?item/300022490 HTTP/1.1" 200 76829 "http://dataharbor.africa.hpierson.com/buy.php?item/043000129" "Mozilla/5.0 AppleWebKit/537.36 (KHTML, like Gecko; compatible; GPTBot/1.3; +https://openai.com/gptbot)"
74.7.242.39 - - [04/Apr/2026:12:46:24 +0000] "GET /buy.php?item/222015282 HTTP/1.1" 200 87516 "http://dataharbor.africa/buy.php?special/pure/222028309" "Mozilla/5.0 AppleWebKit/537.36 (KHTML, like Gecko; compatible; GPTBot/1.3; +https://openai.com/gptbot)"
74.7.242.39 - - [04/Apr/2026:12:46:25 +0000] "GET /buy.php?item/222017010 HTTP/1.1" 200 88568 "http://dataharbor.africa/buy.php?item/222032858" "Mozilla/5.0 AppleWebKit/537.36 (KHTML, like Gecko; compatible; GPTBot/1.3; +https://openai.com/gptbot)"
74.7.242.31 - - [04/Apr/2026:12:46:25 +0000] "GET /buy.php?item/230007774 HTTP/1.1" 200 71632 "http://mail.dataharbor.africa/buy.php?item/230007732" "Mozilla/5.0 AppleWebKit/537.36 (KHTML, like Gecko; compatible; GPTBot/1.3; +https://openai.com/gptbot)"
74.7.242.39 - - [04/Apr/2026:12:46:26 +0000] "GET /buy.php?item/200012606 HTTP/1.1" 200 72006 "http://dataharbor.africa/buy.php?item/222032316" "Mozilla/5.0 AppleWebKit/537.36 (KHTML, like Gecko; compatible; GPTBot/1.3; +https://openai.com/gptbot)"
74.7.227.135 - - [04/Apr/2026:12:46:26 +0000] "GET /buy.php?item/076000636 HTTP/1.1" 200 82821 "http://dataharbor.africa.hpierson.com/buy.php?item/222001950" "Mozilla/5.0 AppleWebKit/537.36 (KHTML, like Gecko; compatible; GPTBot/1.3; +https://openai.com/gptbot)"
74.7.227.135 - - [04/Apr/2026:12:46:27 +0000] "GET /buy.php?item/222041482 HTTP/1.1" 200 78807 "http://dataharbor.africa.hpierson.com/buy.php?item/222005046" "Mozilla/5.0 AppleWebKit/537.36 (KHTML, like Gecko; compatible; GPTBot/1.3; +https://openai.com/gptbot)"
74.7.242.31 - - [04/Apr/2026:12:46:27 +0000] "GET /buy.php?item/230007776 HTTP/1.1" 200 75887 "http://mail.dataharbor.africa/buy.php?item/230007732" "Mozilla/5.0 AppleWebKit/537.36 (KHTML, like Gecko; compatible; GPTBot/1.3; +https://openai.com/gptbot)"
74.7.227.135 - - [04/Apr/2026:12:46:27 +0000] "GET /buy.php?item/222041600 HTTP/1.1" 200 76735 "http://dataharbor.africa.hpierson.com/buy.php?special/press/222002057" "Mozilla/5.0 AppleWebKit/537.36 (KHTML, like Gecko; compatible; GPTBot/1.3; +https://openai.com/gptbot)"
74.7.227.135 - - [04/Apr/2026:12:46:28 +0000] "GET /buy.php?item/090007502 HTTP/1.1" 200 79418 "http://dataharbor.africa.hpierson.com/buy.php?item/090005442" "Mozilla/5.0 AppleWebKit/537.36 (KHTML, like Gecko; compatible; GPTBot/1.3; +https://openai.com/gptbot)"
74.7.242.39 - - [04/Apr/2026:12:46:29 +0000] "GET /buy.php?item/222014440 HTTP/1.1" 200 90319 "http://dataharbor.africa/buy.php?item/222027512" "Mozilla/5.0 AppleWebKit/537.36 (KHTML, like Gecko; compatible; GPTBot/1.3; +https://openai.com/gptbot)"
74.7.227.135 - - [04/Apr/2026:12:46:29 +0000] "GET /buy.php?item/020003390 HTTP/1.1" 200 89419 "http://dataharbor.africa.hpierson.com/buy.php?item/020003868" "Mozilla/5.0 AppleWebKit/537.36 (KHTML, like Gecko; compatible; GPTBot/1.3; +https://openai.com/gptbot)"
74.7.227.135 - - [04/Apr/2026:12:46:30 +0000] "GET /buy.php?item/020003392 HTTP/1.1" 200 89114 "http://dataharbor.africa.hpierson.com/buy.php?item/020003868" "Mozilla/5.0 AppleWebKit/537.36 (KHTML, like Gecko; compatible; GPTBot/1.3; +https://openai.com/gptbot)"
74.7.242.31 - - [04/Apr/2026:12:46:30 +0000] "GET /buy.php?item/210009094 HTTP/1.1" 200 74806 "http://mail.dataharbor.africa/buy.php?item/210008602" "Mozilla/5.0 AppleWebKit/537.36 (KHTML, like Gecko; compatible; GPTBot/1.3; +https://openai.com/gptbot)"
74.7.227.135 - - [04/Apr/2026:12:46:31 +0000] "GET /buy.php?item/043000103 HTTP/1.1" 200 73108 "http://dataharbor.africa.hpierson.com/buy.php?item/043000893" "Mozilla/5.0 AppleWebKit/537.36 (KHTML, like Gecko; compatible; GPTBot/1.3; +https://openai.com/gptbot)"
74.7.242.31 - - [04/Apr/2026:12:46:31 +0000] "GET /buy.php?item/230007902 HTTP/1.1" 200 72432 "http://mail.dataharbor.africa/buy.php?item/230007730" "Mozilla/5.0 AppleWebKit/537.36 (KHTML, like Gecko; compatible; GPTBot/1.3; +https://openai.com/gptbot)"
74.7.242.39 - - [04/Apr/2026:12:46:32 +0000] "GET /buy.php?item/222029540 HTTP/1.1" 200 76695 "http://dataharbor.africa/buy.php?item/222015282" "Mozilla/5.0 AppleWebKit/537.36 (KHTML, like Gecko; compatible; GPTBot/1.3; +https://openai.com/gptbot)"
74.7.227.135 - - [04/Apr/2026:12:46:32 +0000] "GET /buy.php?item/043000235 HTTP/1.1" 200 73538 "http://dataharbor.africa.hpierson.com/buy.php?item/043000771" "Mozilla/5.0 AppleWebKit/537.36 (KHTML, like Gecko; compatible; GPTBot/1.3; +https://openai.com/gptbot)"
74.7.242.39 - - [04/Apr/2026:12:46:33 +0000] "GET /buy.php?item/222029544 HTTP/1.1" 200 76678 "http://dataharbor.africa/buy.php?item/222015282" "Mozilla/5.0 AppleWebKit/537.36 (KHTML, like Gecko; compatible; GPTBot/1.3; +https://openai.com/gptbot)"
74.7.242.31 - - [04/Apr/2026:12:46:33 +0000] "GET /buy.php?item/210009088 HTTP/1.1" 200 73405 "http://mail.dataharbor.africa/buy.php?item/210008602" "Mozilla/5.0 AppleWebKit/537.36 (KHTML, like Gecko; compatible; GPTBot/1.3; +https://openai.com/gptbot)"
74.7.227.135 - - [04/Apr/2026:12:46:33 +0000] "GET /buy.php?item/300022492 HTTP/1.1" 200 80807 "http://dataharbor.africa.hpierson.com/buy.php?item/300022490" "Mozilla/5.0 AppleWebKit/537.36 (KHTML, like Gecko; compatible; GPTBot/1.3; +https://openai.com/gptbot)"
74.7.242.39 - - [04/Apr/2026:12:46:34 +0000] "GET /buy.php?item/289008889 HTTP/1.1" 200 85240 "http://dataharbor.africa/buy.php?item/222017010" "Mozilla/5.0 AppleWebKit/537.36 (KHTML, like Gecko; compatible; GPTBot/1.3; +https://openai.com/gptbot)"
74.7.227.135 - - [04/Apr/2026:12:46:34 +0000] "GET /buy.php?item/043000231 HTTP/1.1" 200 75952 "http://dataharbor.africa.hpierson.com/buy.php?item/043000771" "Mozilla/5.0 AppleWebKit/537.36 (KHTML, like Gecko; compatible; GPTBot/1.3; +https://openai.com/gptbot)"
74.7.242.39 - - [04/Apr/2026:12:46:34 +0000] "GET /buy.php?item/222029542 HTTP/1.1" 200 79838 "http://dataharbor.africa/buy.php?item/222015282" "Mozilla/5.0 AppleWebKit/537.36 (KHTML, like Gecko; compatible; GPTBot/1.3; +https://openai.com/gptbot)"
74.7.227.135 - - [04/Apr/2026:12:46:35 +0000] "GET /buy.php?item/043000101 HTTP/1.1" 200 75069 "http://dataharbor.africa.hpierson.com/buy.php?item/043000893" "Mozilla/5.0 AppleWebKit/537.36 (KHTML, like Gecko; compatible; GPTBot/1.3; +https://openai.com/gptbot)"
74.7.242.39 - - [04/Apr/2026:12:46:36 +0000] "GET /buy.php?item/222001992 HTTP/1.1" 200 104726 "http://dataharbor.africa/buy.php?item/222001742" "Mozilla/5.0 AppleWebKit/537.36 (KHTML, like Gecko; compatible; GPTBot/1.3; +https://openai.com/gptbot)"
74.7.242.31 - - [04/Apr/2026:12:46:36 +0000] "GET /buy.php?special/calm/124020697 HTTP/1.1" 200 79278 "http://mail.dataharbor.africa/buy.php?item/230007776" "Mozilla/5.0 AppleWebKit/537.36 (KHTML, like Gecko; compatible; GPTBot/1.3; +https://openai.com/gptbot)"
74.7.227.135 - - [04/Apr/2026:12:46:37 +0000] "GET /buy.php?item/222005482 HTTP/1.1" 200 83560 "http://dataharbor.africa.hpierson.com/buy.php?item/222041482" "Mozilla/5.0 AppleWebKit/537.36 (KHTML, like Gecko; compatible; GPTBot/1.3; +https://openai.com/gptbot)"
74.7.242.39 - - [04/Apr/2026:12:46:37 +0000] "GET /buy.php?item/222030444 HTTP/1.1" 200 92361 "http://dataharbor.africa/buy.php?item/222032314" "Mozilla/5.0 AppleWebKit/537.36 (KHTML, like Gecko; compatible; GPTBot/1.3; +https://openai.com/gptbot)"
74.7.227.135 - - [04/Apr/2026:12:46:37 +0000] "GET /buy.php?item/090005180 HTTP/1.1" 200 78552 "http://dataharbor.africa.hpierson.com/buy.php?item/090006336" "Mozilla/5.0 AppleWebKit/537.36 (KHTML, like Gecko; compatible; GPTBot/1.3; +https://openai.com/gptbot)"
74.7.242.39 - - [04/Apr/2026:12:46:38 +0000] "GET /buy.php?item/222011234 HTTP/1.1" 200 83802 "http://dataharbor.africa/buy.php?item/222014440" "Mozilla/5.0 AppleWebKit/537.36 (KHTML, like Gecko; compatible; GPTBot/1.3; +https://openai.com/gptbot)"
74.7.227.135 - - [04/Apr/2026:12:46:38 +0000] "GET /buy.php?item/020007046 HTTP/1.1" 200 98895 "http://dataharbor.africa.hpierson.com/buy.php?item/020006846" "Mozilla/5.0 AppleWebKit/537.36 (KHTML, like Gecko; compatible; GPTBot/1.3; +https://openai.com/gptbot)"
74.7.242.39 - - [04/Apr/2026:12:46:39 +0000] "GET /buy.php?item/222011236 HTTP/1.1" 200 88130 "http://dataharbor.africa/buy.php?item/222014440" "Mozilla/5.0 AppleWebKit/537.36 (KHTML, like Gecko; compatible; GPTBot/1.3; +https://openai.com/gptbot)"
