74.7.227.135 - - [04/Apr/2026:12:21:07 +0000] "GET /buy.php?item/084000548 HTTP/1.1" 200 88364 "http://dataharbor.africa.hpierson.com/buy.php?item/084000424" "Mozilla/5.0 AppleWebKit/537.36 (KHTML, like Gecko; compatible; GPTBot/1.3; +https://openai.com/gptbot)"
74.7.242.39 - - [04/Apr/2026:12:21:07 +0000] "GET /buy.php?item/190009818 HTTP/1.1" 200 86309 "http://dataharbor.africa/buy.php?item/190009850" "Mozilla/5.0 AppleWebKit/537.36 (KHTML, like Gecko; compatible; GPTBot/1.3; +https://openai.com/gptbot)"
74.7.227.135 - - [04/Apr/2026:12:21:08 +0000] "GET /buy.php?item/096000346 HTTP/1.1" 200 74824 "http://dataharbor.africa.hpierson.com/buy.php?item/096000108" "Mozilla/5.0 AppleWebKit/537.36 (KHTML, like Gecko; compatible; GPTBot/1.3; +https://openai.com/gptbot)"
74.7.242.39 - - [04/Apr/2026:12:21:08 +0000] "GET /buy.php?item/190009820 HTTP/1.1" 200 86757 "http://dataharbor.africa/buy.php?item/190009850" "Mozilla/5.0 AppleWebKit/537.36 (KHTML, like Gecko; compatible; GPTBot/1.3; +https://openai.com/gptbot)"
74.7.242.31 - - [04/Apr/2026:12:21:08 +0000] "GET /buy.php?item/290008732 HTTP/1.1" 200 77438 "http://mail.dataharbor.africa/buy.php?item/290006250" "Mozilla/5.0 AppleWebKit/537.36 (KHTML, like Gecko; compatible; GPTBot/1.3; +https://openai.com/gptbot)"
74.7.227.135 - - [04/Apr/2026:12:21:08 +0000] "GET /buy.php?item/096000344 HTTP/1.1" 200 76127 "http://dataharbor.africa.hpierson.com/buy.php?item/096000108" "Mozilla/5.0 AppleWebKit/537.36 (KHTML, like Gecko; compatible; GPTBot/1.3; +https://openai.com/gptbot)"
74.7.227.135 - - [04/Apr/2026:12:21:09 +0000] "GET /buy.php?item/090006104 HTTP/1.1" 200 73483 "http://dataharbor.africa.hpierson.com/buy.php?item/090006334" "Mozilla/5.0 AppleWebKit/537.36 (KHTML, like Gecko; compatible; GPTBot/1.3; +https://openai.com/gptbot)"
74.7.242.39 - - [04/Apr/2026:12:21:09 +0000] "GET /buy.php?item/190009908 HTTP/1.1" 200 78452 "http://dataharbor.africa/buy.php?item/190009928" "Mozilla/5.0 AppleWebKit/537.36 (KHTML, like Gecko; compatible; GPTBot/1.3; +https://openai.com/gptbot)"
74.7.227.135 - - [04/Apr/2026:12:21:10 +0000] "GET /buy.php?item/111022161 HTTP/1.1" 200 78698 "http://dataharbor.africa.hpierson.com/buy.php?item/111022595" "Mozilla/5.0 AppleWebKit/537.36 (KHTML, like Gecko; compatible; GPTBot/1.3; +https://openai.com/gptbot)"
74.7.242.31 - - [04/Apr/2026:12:21:10 +0000] "GET /buy.php?item/200019616 HTTP/1.1" 200 84823 "http://mail.dataharbor.africa/buy.php?item/200018010" "Mozilla/5.0 AppleWebKit/537.36 (KHTML, like Gecko; compatible; GPTBot/1.3; +https://openai.com/gptbot)"
74.7.242.39 - - [04/Apr/2026:12:21:10 +0000] "GET /buy.php?item/111002811 HTTP/1.1" 200 75776 "http://dataharbor.africa/buy.php?item/111004331" "Mozilla/5.0 AppleWebKit/537.36 (KHTML, like Gecko; compatible; GPTBot/1.3; +https://openai.com/gptbot)"
74.7.227.135 - - [04/Apr/2026:12:21:11 +0000] "GET /buy.php?item/090006560 HTTP/1.1" 200 75857 "http://dataharbor.africa.hpierson.com/buy.php?item/090004914" "Mozilla/5.0 AppleWebKit/537.36 (KHTML, like Gecko; compatible; GPTBot/1.3; +https://openai.com/gptbot)"
74.7.227.135 - - [04/Apr/2026:12:21:12 +0000] "GET /buy.php?item/037000365 HTTP/1.1" 200 86140 "http://dataharbor.africa.hpierson.com/buy.php?item/037000327" "Mozilla/5.0 AppleWebKit/537.36 (KHTML, like Gecko; compatible; GPTBot/1.3; +https://openai.com/gptbot)"
74.7.242.31 - - [04/Apr/2026:12:21:12 +0000] "GET /buy.php?item/111038359 HTTP/1.1" 200 81510 "http://mail.dataharbor.africa/buy.php?item/111038729" "Mozilla/5.0 AppleWebKit/537.36 (KHTML, like Gecko; compatible; GPTBot/1.3; +https://openai.com/gptbot)"
74.7.242.39 - - [04/Apr/2026:12:21:12 +0000] "GET /buy.php?item/190009930 HTTP/1.1" 200 94550 "http://dataharbor.africa/buy.php?item/190009922" "Mozilla/5.0 AppleWebKit/537.36 (KHTML, like Gecko; compatible; GPTBot/1.3; +https://openai.com/gptbot)"
74.7.227.135 - - [04/Apr/2026:12:21:13 +0000] "GET /buy.php?item/037000367 HTTP/1.1" 200 85595 "http://dataharbor.africa.hpierson.com/buy.php?item/037000327" "Mozilla/5.0 AppleWebKit/537.36 (KHTML, like Gecko; compatible; GPTBot/1.3; +https://openai.com/gptbot)"
74.7.242.39 - - [04/Apr/2026:12:21:13 +0000] "GET /buy.php?item/230002276 HTTP/1.1" 200 71427 "http://dataharbor.africa/buy.php?item/230002064" "Mozilla/5.0 AppleWebKit/537.36 (KHTML, like Gecko; compatible; GPTBot/1.3; +https://openai.com/gptbot)"
74.7.227.135 - - [04/Apr/2026:12:21:13 +0000] "GET /buy.php?item/043000903 HTTP/1.1" 200 78581 "http://dataharbor.africa.hpierson.com/buy.php?item/017000691" "Mozilla/5.0 AppleWebKit/537.36 (KHTML, like Gecko; compatible; GPTBot/1.3; +https://openai.com/gptbot)"
74.7.242.31 - - [04/Apr/2026:12:21:14 +0000] "GET /buy.php?item/222016740 HTTP/1.1" 200 84322 "http://mail.dataharbor.africa/buy.php?item/222012660" "Mozilla/5.0 AppleWebKit/537.36 (KHTML, like Gecko; compatible; GPTBot/1.3; +https://openai.com/gptbot)"
74.7.242.39 - - [04/Apr/2026:12:21:14 +0000] "GET /buy.php?item/033000893 HTTP/1.1" 200 75723 "http://dataharbor.africa/buy.php?item/033000493" "Mozilla/5.0 AppleWebKit/537.36 (KHTML, like Gecko; compatible; GPTBot/1.3; +https://openai.com/gptbot)"
74.7.227.135 - - [04/Apr/2026:12:21:14 +0000] "GET /buy.php?item/090005888 HTTP/1.1" 200 72302 "http://dataharbor.africa.hpierson.com/buy.php?item/090007996" "Mozilla/5.0 AppleWebKit/537.36 (KHTML, like Gecko; compatible; GPTBot/1.3; +https://openai.com/gptbot)"
74.7.242.39 - - [04/Apr/2026:12:21:15 +0000] "GET /buy.php?item/230002278 HTTP/1.1" 200 71827 "http://dataharbor.africa/buy.php?item/230002064" "Mozilla/5.0 AppleWebKit/537.36 (KHTML, like Gecko; compatible; GPTBot/1.3; +https://openai.com/gptbot)"
74.7.227.135 - - [04/Apr/2026:12:21:15 +0000] "GET /buy.php?item/084000638 HTTP/1.1" 200 88174 "http://dataharbor.africa.hpierson.com/buy.php?item/084000546" "Mozilla/5.0 AppleWebKit/537.36 (KHTML, like Gecko; compatible; GPTBot/1.3; +https://openai.com/gptbot)"
74.7.242.39 - - [04/Apr/2026:12:21:16 +0000] "GET /buy.php?item/222028266 HTTP/1.1" 200 88562 "http://dataharbor.africa/buy.php?item/222012136" "Mozilla/5.0 AppleWebKit/537.36 (KHTML, like Gecko; compatible; GPTBot/1.3; +https://openai.com/gptbot)"
74.7.242.31 - - [04/Apr/2026:12:21:16 +0000] "GET /buy.php?item/290003566 HTTP/1.1" 200 76672 "http://mail.dataharbor.africa/buy.php?item/290003430" "Mozilla/5.0 AppleWebKit/537.36 (KHTML, like Gecko; compatible; GPTBot/1.3; +https://openai.com/gptbot)"
74.7.227.135 - - [04/Apr/2026:12:21:16 +0000] "GET /buy.php?item/084000642 HTTP/1.1" 200 82479 "http://dataharbor.africa.hpierson.com/buy.php?item/084000546" "Mozilla/5.0 AppleWebKit/537.36 (KHTML, like Gecko; compatible; GPTBot/1.3; +https://openai.com/gptbot)"
74.7.227.135 - - [04/Apr/2026:12:21:17 +0000] "GET /buy.php?item/096000398 HTTP/1.1" 200 80538 "http://dataharbor.africa.hpierson.com/buy.php?item/096000346" "Mozilla/5.0 AppleWebKit/537.36 (KHTML, like Gecko; compatible; GPTBot/1.3; +https://openai.com/gptbot)"
74.7.242.39 - - [04/Apr/2026:12:21:17 +0000] "GET /buy.php?item/190009914 HTTP/1.1" 200 74605 "http://dataharbor.africa/buy.php?item/190009818" "Mozilla/5.0 AppleWebKit/537.36 (KHTML, like Gecko; compatible; GPTBot/1.3; +https://openai.com/gptbot)"
74.7.242.39 - - [04/Apr/2026:12:21:18 +0000] "GET /buy.php?item/190009920 HTTP/1.1" 200 84753 "http://dataharbor.africa/buy.php?item/190009818" "Mozilla/5.0 AppleWebKit/537.36 (KHTML, like Gecko; compatible; GPTBot/1.3; +https://openai.com/gptbot)"
74.7.227.135 - - [04/Apr/2026:12:21:18 +0000] "GET /buy.php?item/096000486 HTTP/1.1" 200 78456 "http://dataharbor.africa.hpierson.com/buy.php?item/096000344" "Mozilla/5.0 AppleWebKit/537.36 (KHTML, like Gecko; compatible; GPTBot/1.3; +https://openai.com/gptbot)"
74.7.227.135 - - [04/Apr/2026:12:21:19 +0000] "GET /buy.php?item/090007818 HTTP/1.1" 200 75421 "http://dataharbor.africa.hpierson.com/buy.php?item/090006104" "Mozilla/5.0 AppleWebKit/537.36 (KHTML, like Gecko; compatible; GPTBot/1.3; +https://openai.com/gptbot)"
74.7.242.39 - - [04/Apr/2026:12:21:19 +0000] "GET /buy.php?item/190009888 HTTP/1.1" 200 77932 "http://dataharbor.africa/buy.php?item/190009908" "Mozilla/5.0 AppleWebKit/537.36 (KHTML, like Gecko; compatible; GPTBot/1.3; +https://openai.com/gptbot)"
74.7.242.31 - - [04/Apr/2026:12:21:19 +0000] "GET /buy.php?item/290007204 HTTP/1.1" 200 96526 "http://mail.dataharbor.africa/buy.php?item/290008732" "Mozilla/5.0 AppleWebKit/537.36 (KHTML, like Gecko; compatible; GPTBot/1.3; +https://openai.com/gptbot)"
74.7.242.39 - - [04/Apr/2026:12:21:20 +0000] "GET /buy.php?item/111002781 HTTP/1.1" 200 74294 "http://dataharbor.africa/buy.php?item/111002811" "Mozilla/5.0 AppleWebKit/537.36 (KHTML, like Gecko; compatible; GPTBot/1.3; +https://openai.com/gptbot)"
74.7.242.31 - - [04/Apr/2026:12:21:20 +0000] "GET /buy.php?item/204000736 HTTP/1.1" 200 73943 "http://mail.dataharbor.africa/buy.php?item/204000974" "Mozilla/5.0 AppleWebKit/537.36 (KHTML, like Gecko; compatible; GPTBot/1.3; +https://openai.com/gptbot)"
74.7.242.31 - - [04/Apr/2026:12:21:21 +0000] "GET /buy.php?item/200003338 HTTP/1.1" 200 82788 "http://mail.dataharbor.africa/buy.php?item/200019616" "Mozilla/5.0 AppleWebKit/537.36 (KHTML, like Gecko; compatible; GPTBot/1.3; +https://openai.com/gptbot)"
74.7.227.135 - - [04/Apr/2026:12:21:21 +0000] "GET /buy.php?special/bedroom/090006541 HTTP/1.1" 200 79351 "http://dataharbor.africa.hpierson.com/buy.php?item/090006560" "Mozilla/5.0 AppleWebKit/537.36 (KHTML, like Gecko; compatible; GPTBot/1.3; +https://openai.com/gptbot)"
74.7.227.135 - - [04/Apr/2026:12:21:22 +0000] "GET /buy.php?item/037000243 HTTP/1.1" 200 80690 "http://dataharbor.africa.hpierson.com/buy.php?item/037000365" "Mozilla/5.0 AppleWebKit/537.36 (KHTML, like Gecko; compatible; GPTBot/1.3; +https://openai.com/gptbot)"
74.7.242.39 - - [04/Apr/2026:12:21:23 +0000] "GET /buy.php?item/190009880 HTTP/1.1" 200 80179 "http://dataharbor.africa/buy.php?item/190009908" "Mozilla/5.0 AppleWebKit/537.36 (KHTML, like Gecko; compatible; GPTBot/1.3; +https://openai.com/gptbot)"
74.7.227.135 - - [04/Apr/2026:12:21:23 +0000] "GET /buy.php?item/084000502 HTTP/1.1" 200 85514 "http://dataharbor.africa.hpierson.com/buy.php?item/084000548" "Mozilla/5.0 AppleWebKit/537.36 (KHTML, like Gecko; compatible; GPTBot/1.3; +https://openai.com/gptbot)"
74.7.242.31 - - [04/Apr/2026:12:21:23 +0000] "GET /buy.php?item/111039139 HTTP/1.1" 200 113630 "http://mail.dataharbor.africa/buy.php?item/111038359" "Mozilla/5.0 AppleWebKit/537.36 (KHTML, like Gecko; compatible; GPTBot/1.3; +https://openai.com/gptbot)"
74.7.242.39 - - [04/Apr/2026:12:21:24 +0000] "GET /buy.php?item/033000801 HTTP/1.1" 200 74677 "http://dataharbor.africa/buy.php?item/033000893" "Mozilla/5.0 AppleWebKit/537.36 (KHTML, like Gecko; compatible; GPTBot/1.3; +https://openai.com/gptbot)"
74.7.227.135 - - [04/Apr/2026:12:21:24 +0000] "GET /buy.php?item/044045480 HTTP/1.1" 200 76705 "http://dataharbor.africa.hpierson.com/buy.php?item/043000903" "Mozilla/5.0 AppleWebKit/537.36 (KHTML, like Gecko; compatible; GPTBot/1.3; +https://openai.com/gptbot)"
74.7.242.31 - - [04/Apr/2026:12:21:25 +0000] "GET /buy.php?item/111039131 HTTP/1.1" 200 82489 "http://mail.dataharbor.africa/buy.php?item/111038359" "Mozilla/5.0 AppleWebKit/537.36 (KHTML, like Gecko; compatible; GPTBot/1.3; +https://openai.com/gptbot)"
74.7.227.135 - - [04/Apr/2026:12:21:25 +0000] "GET /buy.php?item/043000225 HTTP/1.1" 200 74293 "http://dataharbor.africa.hpierson.com/buy.php?item/043000903" "Mozilla/5.0 AppleWebKit/537.36 (KHTML, like Gecko; compatible; GPTBot/1.3; +https://openai.com/gptbot)"
74.7.242.31 - - [04/Apr/2026:12:21:26 +0000] "GET /buy.php?item/222012820 HTTP/1.1" 200 98299 "http://mail.dataharbor.africa/buy.php?item/222016740" "Mozilla/5.0 AppleWebKit/537.36 (KHTML, like Gecko; compatible; GPTBot/1.3; +https://openai.com/gptbot)"
74.7.242.39 - - [04/Apr/2026:12:21:26 +0000] "GET /buy.php?special/wedding/222031269 HTTP/1.1" 200 81477 "http://dataharbor.africa/buy.php?item/222028266" "Mozilla/5.0 AppleWebKit/537.36 (KHTML, like Gecko; compatible; GPTBot/1.3; +https://openai.com/gptbot)"
74.7.242.31 - - [04/Apr/2026:12:21:26 +0000] "GET /buy.php?item/111039141 HTTP/1.1" 200 97629 "http://mail.dataharbor.africa/buy.php?item/111038359" "Mozilla/5.0 AppleWebKit/537.36 (KHTML, like Gecko; compatible; GPTBot/1.3; +https://openai.com/gptbot)"
74.7.227.135 - - [04/Apr/2026:12:21:26 +0000] "GET /buy.php?item/043000221 HTTP/1.1" 200 79352 "http://dataharbor.africa.hpierson.com/buy.php?item/043000903" "Mozilla/5.0 AppleWebKit/537.36 (KHTML, like Gecko; compatible; GPTBot/1.3; +https://openai.com/gptbot)"
74.7.227.135 - - [04/Apr/2026:12:21:27 +0000] "GET /buy.php?item/090004622 HTTP/1.1" 200 73872 "http://dataharbor.africa.hpierson.com/buy.php?item/090005888" "Mozilla/5.0 AppleWebKit/537.36 (KHTML, like Gecko; compatible; GPTBot/1.3; +https://openai.com/gptbot)"
74.7.242.31 - - [04/Apr/2026:12:21:27 +0000] "GET /buy.php?item/200003334 HTTP/1.1" 200 81765 "http://mail.dataharbor.africa/buy.php?item/200019616" "Mozilla/5.0 AppleWebKit/537.36 (KHTML, like Gecko; compatible; GPTBot/1.3; +https://openai.com/gptbot)"
74.7.227.135 - - [04/Apr/2026:12:21:28 +0000] "GET /buy.php?item/090004624 HTTP/1.1" 200 72087 "http://dataharbor.africa.hpierson.com/buy.php?item/090005888" "Mozilla/5.0 AppleWebKit/537.36 (KHTML, like Gecko; compatible; GPTBot/1.3; +https://openai.com/gptbot)"
74.7.242.39 - - [04/Apr/2026:12:21:28 +0000] "GET /buy.php?item/222031270 HTTP/1.1" 200 78835 "http://dataharbor.africa/buy.php?item/222028266" "Mozilla/5.0 AppleWebKit/537.36 (KHTML, like Gecko; compatible; GPTBot/1.3; +https://openai.com/gptbot)"
74.7.227.135 - - [04/Apr/2026:12:21:29 +0000] "GET /buy.php?item/190005096 HTTP/1.1" 200 81538 "http://dataharbor.africa.hpierson.com/buy.php?item/084000638" "Mozilla/5.0 AppleWebKit/537.36 (KHTML, like Gecko; compatible; GPTBot/1.3; +https://openai.com/gptbot)"
74.7.242.39 - - [04/Apr/2026:12:21:29 +0000] "GET /buy.php?item/230002036 HTTP/1.1" 200 74228 "http://dataharbor.africa/buy.php?item/230002278" "Mozilla/5.0 AppleWebKit/537.36 (KHTML, like Gecko; compatible; GPTBot/1.3; +https://openai.com/gptbot)"
74.7.227.135 - - [04/Apr/2026:12:21:30 +0000] "GET /buy.php?item/084000776 HTTP/1.1" 200 83116 "http://dataharbor.africa.hpierson.com/buy.php?item/084000642" "Mozilla/5.0 AppleWebKit/537.36 (KHTML, like Gecko; compatible; GPTBot/1.3; +https://openai.com/gptbot)"
74.7.242.39 - - [04/Apr/2026:12:21:30 +0000] "GET /buy.php?item/230002034 HTTP/1.1" 200 76367 "http://dataharbor.africa/buy.php?item/230002278" "Mozilla/5.0 AppleWebKit/537.36 (KHTML, like Gecko; compatible; GPTBot/1.3; +https://openai.com/gptbot)"
74.7.242.39 - - [04/Apr/2026:12:21:31 +0000] "GET /buy.php?item/111015333 HTTP/1.1" 200 90815 "http://dataharbor.africa/buy.php?item/111016451" "Mozilla/5.0 AppleWebKit/537.36 (KHTML, like Gecko; compatible; GPTBot/1.3; +https://openai.com/gptbot)"
74.7.227.135 - - [04/Apr/2026:12:21:32 +0000] "GET /buy.php?item/090006952 HTTP/1.1" 200 75710 "http://dataharbor.africa.hpierson.com/buy.php?special/bedroom/090006541" "Mozilla/5.0 AppleWebKit/537.36 (KHTML, like Gecko; compatible; GPTBot/1.3; +https://openai.com/gptbot)"
74.7.242.39 - - [04/Apr/2026:12:21:32 +0000] "GET /buy.php?item/025044407 HTTP/1.1" 200 74057 "http://dataharbor.africa/buy.php?item/111002781" "Mozilla/5.0 AppleWebKit/537.36 (KHTML, like Gecko; compatible; GPTBot/1.3; +https://openai.com/gptbot)"
74.7.242.31 - - [04/Apr/2026:12:21:32 +0000] "GET /buy.php?item/066000372 HTTP/1.1" 200 85876 "http://mail.dataharbor.africa/buy.php?item/200003338" "Mozilla/5.0 AppleWebKit/537.36 (KHTML, like Gecko; compatible; GPTBot/1.3; +https://openai.com/gptbot)"
74.7.242.39 - - [04/Apr/2026:12:21:33 +0000] "GET /buy.php?item/111003091 HTTP/1.1" 200 72684 "http://dataharbor.africa/buy.php?item/111002781" "Mozilla/5.0 AppleWebKit/537.36 (KHTML, like Gecko; compatible; GPTBot/1.3; +https://openai.com/gptbot)"
74.7.227.135 - - [04/Apr/2026:12:21:33 +0000] "GET /buy.php?item/090006948 HTTP/1.1" 200 72476 "http://dataharbor.africa.hpierson.com/buy.php?special/bedroom/090006541" "Mozilla/5.0 AppleWebKit/537.36 (KHTML, like Gecko; compatible; GPTBot/1.3; +https://openai.com/gptbot)"
74.7.227.135 - - [04/Apr/2026:12:21:34 +0000] "GET /buy.php?item/037000157 HTTP/1.1" 200 84306 "http://dataharbor.africa.hpierson.com/buy.php?item/037000243" "Mozilla/5.0 AppleWebKit/537.36 (KHTML, like Gecko; compatible; GPTBot/1.3; +https://openai.com/gptbot)"
74.7.227.135 - - [04/Apr/2026:12:21:34 +0000] "GET /buy.php?item/084000836 HTTP/1.1" 200 86303 "http://dataharbor.africa.hpierson.com/buy.php?item/084000638" "Mozilla/5.0 AppleWebKit/537.36 (KHTML, like Gecko; compatible; GPTBot/1.3; +https://openai.com/gptbot)"
74.7.242.31 - - [04/Apr/2026:12:21:35 +0000] "GET /buy.php?item/092039046 HTTP/1.1" 200 66383 "http://mail.dataharbor.africa/buy.php?item/111039131" "Mozilla/5.0 AppleWebKit/537.36 (KHTML, like Gecko; compatible; GPTBot/1.3; +https://openai.com/gptbot)"
74.7.227.135 - - [04/Apr/2026:12:21:35 +0000] "GET /buy.php?item/043000459 HTTP/1.1" 200 76598 "http://dataharbor.africa.hpierson.com/buy.php?item/043000225" "Mozilla/5.0 AppleWebKit/537.36 (KHTML, like Gecko; compatible; GPTBot/1.3; +https://openai.com/gptbot)"
74.7.242.31 - - [04/Apr/2026:12:21:36 +0000] "GET /buy.php?item/111027901 HTTP/1.1" 200 92995 "http://mail.dataharbor.africa/buy.php?item/111039131" "Mozilla/5.0 AppleWebKit/537.36 (KHTML, like Gecko; compatible; GPTBot/1.3; +https://openai.com/gptbot)"
74.7.227.135 - - [04/Apr/2026:12:21:36 +0000] "GET /buy.php?item/043000277 HTTP/1.1" 200 77997 "http://dataharbor.africa.hpierson.com/buy.php?item/043000221" "Mozilla/5.0 AppleWebKit/537.36 (KHTML, like Gecko; compatible; GPTBot/1.3; +https://openai.com/gptbot)"
74.7.242.31 - - [04/Apr/2026:12:21:37 +0000] "GET /buy.php?item/111038413 HTTP/1.1" 200 89099 "http://mail.dataharbor.africa/buy.php?item/111039141" "Mozilla/5.0 AppleWebKit/537.36 (KHTML, like Gecko; compatible; GPTBot/1.3; +https://openai.com/gptbot)"
74.7.242.31 - - [04/Apr/2026:12:21:37 +0000] "GET /buy.php?item/111038419 HTTP/1.1" 200 93837 "http://mail.dataharbor.africa/buy.php?item/111039141" "Mozilla/5.0 AppleWebKit/537.36 (KHTML, like Gecko; compatible; GPTBot/1.3; +https://openai.com/gptbot)"
74.7.242.39 - - [04/Apr/2026:12:21:37 +0000] "GET /buy.php?item/222033366 HTTP/1.1" 200 103826 "http://dataharbor.africa/buy.php?special/wedding/222031269" "Mozilla/5.0 AppleWebKit/537.36 (KHTML, like Gecko; compatible; GPTBot/1.3; +https://openai.com/gptbot)"
74.7.227.135 - - [04/Apr/2026:12:21:38 +0000] "GET /buy.php?item/043000457 HTTP/1.1" 200 77725 "http://dataharbor.africa.hpierson.com/buy.php?item/043000225" "Mozilla/5.0 AppleWebKit/537.36 (KHTML, like Gecko; compatible; GPTBot/1.3; +https://openai.com/gptbot)"
74.7.242.39 - - [04/Apr/2026:12:21:38 +0000] "GET /buy.php?item/222032820 HTTP/1.1" 200 78288 "http://dataharbor.africa/buy.php?item/222031270" "Mozilla/5.0 AppleWebKit/537.36 (KHTML, like Gecko; compatible; GPTBot/1.3; +https://openai.com/gptbot)"
74.7.227.135 - - [04/Apr/2026:12:21:39 +0000] "GET /buy.php?item/084000774 HTTP/1.1" 200 86429 "http://dataharbor.africa.hpierson.com/buy.php?item/084000642" "Mozilla/5.0 AppleWebKit/537.36 (KHTML, like Gecko; compatible; GPTBot/1.3; +https://openai.com/gptbot)"
74.7.242.39 - - [04/Apr/2026:12:21:39 +0000] "GET /buy.php?item/204000906 HTTP/1.1" 200 75779 "http://dataharbor.africa/buy.php?item/204000950" "Mozilla/5.0 AppleWebKit/537.36 (KHTML, like Gecko; compatible; GPTBot/1.3; +https://openai.com/gptbot)"
74.7.227.135 - - [04/Apr/2026:12:21:40 +0000] "GET /buy.php?item/084000754 HTTP/1.1" 200 86795 "http://dataharbor.africa.hpierson.com/buy.php?item/084000776" "Mozilla/5.0 AppleWebKit/537.36 (KHTML, like Gecko; compatible; GPTBot/1.3; +https://openai.com/gptbot)"
74.7.242.39 - - [04/Apr/2026:12:21:40 +0000] "GET /buy.php?item/230002098 HTTP/1.1" 200 73810 "http://dataharbor.africa/buy.php?item/230002034" "Mozilla/5.0 AppleWebKit/537.36 (KHTML, like Gecko; compatible; GPTBot/1.3; +https://openai.com/gptbot)"
74.7.227.135 - - [04/Apr/2026:12:21:40 +0000] "GET /buy.php?item/084000758 HTTP/1.1" 200 82639 "http://dataharbor.africa.hpierson.com/buy.php?item/084000776" "Mozilla/5.0 AppleWebKit/537.36 (KHTML, like Gecko; compatible; GPTBot/1.3; +https://openai.com/gptbot)"
74.7.227.135 - - [04/Apr/2026:12:21:41 +0000] "GET /buy.php?item/096000402 HTTP/1.1" 200 74958 "http://dataharbor.africa.hpierson.com/buy.php?item/096000346" "Mozilla/5.0 AppleWebKit/537.36 (KHTML, like Gecko; compatible; GPTBot/1.3; +https://openai.com/gptbot)"
74.7.242.39 - - [04/Apr/2026:12:21:41 +0000] "GET /buy.php?item/111015831 HTTP/1.1" 200 85377 "http://dataharbor.africa/buy.php?item/111015333" "Mozilla/5.0 AppleWebKit/537.36 (KHTML, like Gecko; compatible; GPTBot/1.3; +https://openai.com/gptbot)"
74.7.227.135 - - [04/Apr/2026:12:21:43 +0000] "GET /buy.php?item/111012617 HTTP/1.1" 200 88752 "http://dataharbor.africa.hpierson.com/buy.php?special/bedroom/090006541" "Mozilla/5.0 AppleWebKit/537.36 (KHTML, like Gecko; compatible; GPTBot/1.3; +https://openai.com/gptbot)"
74.7.227.135 - - [04/Apr/2026:12:21:43 +0000] "GET /buy.php?item/190005506 HTTP/1.1" 200 80859 "http://dataharbor.africa.hpierson.com/buy.php?item/037000157" "Mozilla/5.0 AppleWebKit/537.36 (KHTML, like Gecko; compatible; GPTBot/1.3; +https://openai.com/gptbot)"
74.7.227.135 - - [04/Apr/2026:12:21:44 +0000] "GET /buy.php?item/037000369 HTTP/1.1" 200 79452 "http://dataharbor.africa.hpierson.com/buy.php?item/037000157" "Mozilla/5.0 AppleWebKit/537.36 (KHTML, like Gecko; compatible; GPTBot/1.3; +https://openai.com/gptbot)"
74.7.242.31 - - [04/Apr/2026:12:21:46 +0000] "GET /buy.php?item/111038731 HTTP/1.1" 200 80555 "http://mail.dataharbor.africa/buy.php?item/111027901" "Mozilla/5.0 AppleWebKit/537.36 (KHTML, like Gecko; compatible; GPTBot/1.3; +https://openai.com/gptbot)"
74.7.227.135 - - [04/Apr/2026:12:21:47 +0000] "GET /buy.php?item/043000637 HTTP/1.1" 200 76006 "http://dataharbor.africa.hpierson.com/buy.php?item/043000277" "Mozilla/5.0 AppleWebKit/537.36 (KHTML, like Gecko; compatible; GPTBot/1.3; +https://openai.com/gptbot)"
74.7.227.135 - - [04/Apr/2026:12:21:49 +0000] "GET /buy.php?item/043000325 HTTP/1.1" 200 79540 "http://dataharbor.africa.hpierson.com/buy.php?item/043000457" "Mozilla/5.0 AppleWebKit/537.36 (KHTML, like Gecko; compatible; GPTBot/1.3; +https://openai.com/gptbot)"
74.7.227.135 - - [04/Apr/2026:12:21:49 +0000] "GET /buy.php?item/043000321 HTTP/1.1" 200 78005 "http://dataharbor.africa.hpierson.com/buy.php?item/043000457" "Mozilla/5.0 AppleWebKit/537.36 (KHTML, like Gecko; compatible; GPTBot/1.3; +https://openai.com/gptbot)"
74.7.242.31 - - [04/Apr/2026:12:21:51 +0000] "GET /buy.php?item/060022272 HTTP/1.1" 200 82207 "http://mail.dataharbor.africa/buy.php?item/111038419" "Mozilla/5.0 AppleWebKit/537.36 (KHTML, like Gecko; compatible; GPTBot/1.3; +https://openai.com/gptbot)"
74.7.227.135 - - [04/Apr/2026:12:21:51 +0000] "GET /buy.php?item/096000388 HTTP/1.1" 200 79497 "http://dataharbor.africa.hpierson.com/buy.php?item/096000402" "Mozilla/5.0 AppleWebKit/537.36 (KHTML, like Gecko; compatible; GPTBot/1.3; +https://openai.com/gptbot)"
74.7.242.39 - - [04/Apr/2026:12:21:51 +0000] "GET /buy.php?item/111003961 HTTP/1.1" 200 76461 "http://dataharbor.africa/buy.php?item/111003091" "Mozilla/5.0 AppleWebKit/537.36 (KHTML, like Gecko; compatible; GPTBot/1.3; +https://openai.com/gptbot)"
74.7.227.135 - - [04/Apr/2026:12:21:52 +0000] "GET /buy.php?item/247046777 HTTP/1.1" 200 74863 "http://dataharbor.africa.hpierson.com/buy.php?item/084000754" "Mozilla/5.0 AppleWebKit/537.36 (KHTML, like Gecko; compatible; GPTBot/1.3; +https://openai.com/gptbot)"
74.7.227.135 - - [04/Apr/2026:12:21:53 +0000] "GET /buy.php?category/9053_9054/1 HTTP/1.1" 200 80052 "http://dataharbor.africa.hpierson.com/buy.php?item/190005506" "Mozilla/5.0 AppleWebKit/537.36 (KHTML, like Gecko; compatible; GPTBot/1.3; +https://openai.com/gptbot)"
74.7.242.31 - - [04/Apr/2026:12:21:53 +0000] "GET /buy.php?item/297044333 HTTP/1.1" 200 73983 "http://mail.dataharbor.africa/buy.php?item/200006344" "Mozilla/5.0 AppleWebKit/537.36 (KHTML, like Gecko; compatible; GPTBot/1.3; +https://openai.com/gptbot)"
74.7.242.39 - - [04/Apr/2026:12:21:53 +0000] "GET /buy.php?item/111021225 HTTP/1.1" 200 76376 "http://dataharbor.africa/buy.php?item/111021091" "Mozilla/5.0 AppleWebKit/537.36 (KHTML, like Gecko; compatible; GPTBot/1.3; +https://openai.com/gptbot)"
74.7.227.135 - - [04/Apr/2026:12:21:54 +0000] "GET /buy.php?item/190005508 HTTP/1.1" 200 76666 "http://dataharbor.africa.hpierson.com/buy.php?item/190005506" "Mozilla/5.0 AppleWebKit/537.36 (KHTML, like Gecko; compatible; GPTBot/1.3; +https://openai.com/gptbot)"
74.7.227.135 - - [04/Apr/2026:12:21:55 +0000] "GET /buy.php?item/037000315 HTTP/1.1" 200 83309 "http://dataharbor.africa.hpierson.com/buy.php?item/037000369" "Mozilla/5.0 AppleWebKit/537.36 (KHTML, like Gecko; compatible; GPTBot/1.3; +https://openai.com/gptbot)"
74.7.242.31 - - [04/Apr/2026:12:21:55 +0000] "GET /buy.php?special/odds/111038994 HTTP/1.1" 200 93269 "http://mail.dataharbor.africa/buy.php?item/111038731" "Mozilla/5.0 AppleWebKit/537.36 (KHTML, like Gecko; compatible; GPTBot/1.3; +https://openai.com/gptbot)"
74.7.227.135 - - [04/Apr/2026:12:21:56 +0000] "GET /buy.php?item/096000392 HTTP/1.1" 200 74590 "http://dataharbor.africa.hpierson.com/buy.php?item/096000402" "Mozilla/5.0 AppleWebKit/537.36 (KHTML, like Gecko; compatible; GPTBot/1.3; +https://openai.com/gptbot)"
74.7.242.31 - - [04/Apr/2026:12:21:56 +0000] "GET /buy.php?item/111038991 HTTP/1.1" 200 77244 "http://mail.dataharbor.africa/buy.php?item/111038731" "Mozilla/5.0 AppleWebKit/537.36 (KHTML, like Gecko; compatible; GPTBot/1.3; +https://openai.com/gptbot)"
74.7.227.135 - - [04/Apr/2026:12:21:57 +0000] "GET /buy.php?item/043000611 HTTP/1.1" 200 72572 "http://dataharbor.africa.hpierson.com/buy.php?item/043000637" "Mozilla/5.0 AppleWebKit/537.36 (KHTML, like Gecko; compatible; GPTBot/1.3; +https://openai.com/gptbot)"
74.7.242.39 - - [04/Apr/2026:12:21:57 +0000] "GET /buy.php?item/222009322 HTTP/1.1" 200 94325 "http://dataharbor.africa/buy.php?item/222033366" "Mozilla/5.0 AppleWebKit/537.36 (KHTML, like Gecko; compatible; GPTBot/1.3; +https://openai.com/gptbot)"
74.7.242.39 - - [04/Apr/2026:12:21:58 +0000] "GET /buy.php?item/300025820 HTTP/1.1" 200 79934 "http://dataharbor.africa/buy.php?item/204000906" "Mozilla/5.0 AppleWebKit/537.36 (KHTML, like Gecko; compatible; GPTBot/1.3; +https://openai.com/gptbot)"
74.7.227.135 - - [04/Apr/2026:12:21:58 +0000] "GET /buy.php?item/043000613 HTTP/1.1" 200 72852 "http://dataharbor.africa.hpierson.com/buy.php?item/043000637" "Mozilla/5.0 AppleWebKit/537.36 (KHTML, like Gecko; compatible; GPTBot/1.3; +https://openai.com/gptbot)"
74.7.242.31 - - [04/Apr/2026:12:21:59 +0000] "GET /buy.php?item/222018346 HTTP/1.1" 200 100481 "http://mail.dataharbor.africa/buy.php?item/222023356" "Mozilla/5.0 AppleWebKit/537.36 (KHTML, like Gecko; compatible; GPTBot/1.3; +https://openai.com/gptbot)"
74.7.227.135 - - [04/Apr/2026:12:21:59 +0000] "GET /buy.php?item/043000899 HTTP/1.1" 200 77987 "http://dataharbor.africa.hpierson.com/buy.php?item/043000321" "Mozilla/5.0 AppleWebKit/537.36 (KHTML, like Gecko; compatible; GPTBot/1.3; +https://openai.com/gptbot)"
74.7.242.39 - - [04/Apr/2026:12:21:59 +0000] "GET /buy.php?item/230003098 HTTP/1.1" 200 74002 "http://dataharbor.africa/buy.php?item/230002098" "Mozilla/5.0 AppleWebKit/537.36 (KHTML, like Gecko; compatible; GPTBot/1.3; +https://openai.com/gptbot)"
74.7.242.31 - - [04/Apr/2026:12:22:00 +0000] "GET /buy.php?item/111028791 HTTP/1.1" 200 75085 "http://mail.dataharbor.africa/buy.php?item/111028373" "Mozilla/5.0 AppleWebKit/537.36 (KHTML, like Gecko; compatible; GPTBot/1.3; +https://openai.com/gptbot)"
74.7.227.135 - - [04/Apr/2026:12:22:00 +0000] "GET /buy.php?item/037000319 HTTP/1.1" 200 82638 "http://dataharbor.africa.hpierson.com/buy.php?item/037000369" "Mozilla/5.0 AppleWebKit/537.36 (KHTML, like Gecko; compatible; GPTBot/1.3; +https://openai.com/gptbot)"
74.7.242.39 - - [04/Apr/2026:12:22:00 +0000] "GET /buy.php?item/111016817 HTTP/1.1" 200 73224 "http://dataharbor.africa/buy.php?item/111015831" "Mozilla/5.0 AppleWebKit/537.36 (KHTML, like Gecko; compatible; GPTBot/1.3; +https://openai.com/gptbot)"
74.7.227.135 - - [04/Apr/2026:12:22:01 +0000] "GET /buy.php?item/096000264 HTTP/1.1" 200 72743 "http://dataharbor.africa.hpierson.com/buy.php?item/096000388" "Mozilla/5.0 AppleWebKit/537.36 (KHTML, like Gecko; compatible; GPTBot/1.3; +https://openai.com/gptbot)"
74.7.242.39 - - [04/Apr/2026:12:22:01 +0000] "GET /buy.php?item/111002299 HTTP/1.1" 200 72433 "http://dataharbor.africa/buy.php?item/111003961" "Mozilla/5.0 AppleWebKit/537.36 (KHTML, like Gecko; compatible; GPTBot/1.3; +https://openai.com/gptbot)"
74.7.242.31 - - [04/Apr/2026:12:22:01 +0000] "GET /buy.php?item/060022228 HTTP/1.1" 200 77780 "http://mail.dataharbor.africa/buy.php?item/060022272" "Mozilla/5.0 AppleWebKit/537.36 (KHTML, like Gecko; compatible; GPTBot/1.3; +https://openai.com/gptbot)"
74.7.227.135 - - [04/Apr/2026:12:22:01 +0000] "GET /buy.php?item/096000268 HTTP/1.1" 200 76293 "http://dataharbor.africa.hpierson.com/buy.php?item/096000388" "Mozilla/5.0 AppleWebKit/537.36 (KHTML, like Gecko; compatible; GPTBot/1.3; +https://openai.com/gptbot)"
74.7.242.39 - - [04/Apr/2026:12:22:02 +0000] "GET /buy.php?item/181000311 HTTP/1.1" 200 75834 "http://dataharbor.africa/buy.php?item/111003961" "Mozilla/5.0 AppleWebKit/537.36 (KHTML, like Gecko; compatible; GPTBot/1.3; +https://openai.com/gptbot)"
74.7.242.31 - - [04/Apr/2026:12:22:02 +0000] "GET /buy.php?item/245000389 HTTP/1.1" 200 66055 "http://mail.dataharbor.africa/buy.php?item/060022272" "Mozilla/5.0 AppleWebKit/537.36 (KHTML, like Gecko; compatible; GPTBot/1.3; +https://openai.com/gptbot)"
74.7.227.135 - - [04/Apr/2026:12:22:02 +0000] "GET /buy.php?special/phenomenon/094001131 HTTP/1.1" 200 74901 "http://dataharbor.africa.hpierson.com/buy.php?category/9053_9054/1" "Mozilla/5.0 AppleWebKit/537.36 (KHTML, like Gecko; compatible; GPTBot/1.3; +https://openai.com/gptbot)"
74.7.242.39 - - [04/Apr/2026:12:22:02 +0000] "GET /buy.php?item/111016819 HTTP/1.1" 200 88080 "http://dataharbor.africa/buy.php?item/111015831" "Mozilla/5.0 AppleWebKit/537.36 (KHTML, like Gecko; compatible; GPTBot/1.3; +https://openai.com/gptbot)"
74.7.242.31 - - [04/Apr/2026:12:22:03 +0000] "GET /buy.php?item/300019494 HTTP/1.1" 200 85107 "http://mail.dataharbor.africa/buy.php?item/300020170" "Mozilla/5.0 AppleWebKit/537.36 (KHTML, like Gecko; compatible; GPTBot/1.3; +https://openai.com/gptbot)"
74.7.227.135 - - [04/Apr/2026:12:22:04 +0000] "GET /buy.php?special/nurse/286029487 HTTP/1.1" 200 77626 "http://dataharbor.africa.hpierson.com/buy.php?item/037000315" "Mozilla/5.0 AppleWebKit/537.36 (KHTML, like Gecko; compatible; GPTBot/1.3; +https://openai.com/gptbot)"
74.7.242.39 - - [04/Apr/2026:12:22:04 +0000] "GET /buy.php?item/230003100 HTTP/1.1" 200 76352 "http://dataharbor.africa/buy.php?item/230002098" "Mozilla/5.0 AppleWebKit/537.36 (KHTML, like Gecko; compatible; GPTBot/1.3; +https://openai.com/gptbot)"
74.7.227.135 - - [04/Apr/2026:12:22:05 +0000] "GET /buy.php?item/096000298 HTTP/1.1" 200 79379 "http://dataharbor.africa.hpierson.com/buy.php?item/096000392" "Mozilla/5.0 AppleWebKit/537.36 (KHTML, like Gecko; compatible; GPTBot/1.3; +https://openai.com/gptbot)"
74.7.242.39 - - [04/Apr/2026:12:22:05 +0000] "GET /buy.php?item/036000180 HTTP/1.1" 200 71029 "http://dataharbor.africa/buy.php?item/222013620" "Mozilla/5.0 AppleWebKit/537.36 (KHTML, like Gecko; compatible; GPTBot/1.3; +https://openai.com/gptbot)"
74.7.242.31 - - [04/Apr/2026:12:22:05 +0000] "GET /buy.php?item/111037999 HTTP/1.1" 200 112287 "http://mail.dataharbor.africa/buy.php?item/111038991" "Mozilla/5.0 AppleWebKit/537.36 (KHTML, like Gecko; compatible; GPTBot/1.3; +https://openai.com/gptbot)"
74.7.227.135 - - [04/Apr/2026:12:22:06 +0000] "GET /buy.php?item/037000153 HTTP/1.1" 200 78422 "http://dataharbor.africa.hpierson.com/buy.php?item/037000315" "Mozilla/5.0 AppleWebKit/537.36 (KHTML, like Gecko; compatible; GPTBot/1.3; +https://openai.com/gptbot)"
74.7.242.39 - - [04/Apr/2026:12:22:06 +0000] "GET /buy.php?item/111049711 HTTP/1.1" 200 78878 "http://dataharbor.africa/buy.php?item/111010839" "Mozilla/5.0 AppleWebKit/537.36 (KHTML, like Gecko; compatible; GPTBot/1.3; +https://openai.com/gptbot)"
74.7.242.39 - - [04/Apr/2026:12:22:07 +0000] "GET /buy.php?item/200030024 HTTP/1.1" 200 78250 "http://dataharbor.africa/buy.php?item/200029724" "Mozilla/5.0 AppleWebKit/537.36 (KHTML, like Gecko; compatible; GPTBot/1.3; +https://openai.com/gptbot)"
74.7.227.135 - - [04/Apr/2026:12:22:07 +0000] "GET /buy.php?item/037000155 HTTP/1.1" 200 84907 "http://dataharbor.africa.hpierson.com/buy.php?item/037000315" "Mozilla/5.0 AppleWebKit/537.36 (KHTML, like Gecko; compatible; GPTBot/1.3; +https://openai.com/gptbot)"
74.7.227.135 - - [04/Apr/2026:12:22:08 +0000] "GET /buy.php?item/043000479 HTTP/1.1" 200 76236 "http://dataharbor.africa.hpierson.com/buy.php?item/043000613" "Mozilla/5.0 AppleWebKit/537.36 (KHTML, like Gecko; compatible; GPTBot/1.3; +https://openai.com/gptbot)"
74.7.242.31 - - [04/Apr/2026:12:22:08 +0000] "GET /buy.php?item/222019120 HTTP/1.1" 200 85212 "http://mail.dataharbor.africa/buy.php?item/222018346" "Mozilla/5.0 AppleWebKit/537.36 (KHTML, like Gecko; compatible; GPTBot/1.3; +https://openai.com/gptbot)"
74.7.242.39 - - [04/Apr/2026:12:22:08 +0000] "GET /buy.php?item/227000279 HTTP/1.1" 200 83360 "http://dataharbor.africa/buy.php?item/227000055" "Mozilla/5.0 AppleWebKit/537.36 (KHTML, like Gecko; compatible; GPTBot/1.3; +https://openai.com/gptbot)"
74.7.227.135 - - [04/Apr/2026:12:22:09 +0000] "GET /buy.php?item/037000229 HTTP/1.1" 200 84867 "http://dataharbor.africa.hpierson.com/buy.php?item/037000319" "Mozilla/5.0 AppleWebKit/537.36 (KHTML, like Gecko; compatible; GPTBot/1.3; +https://openai.com/gptbot)"
74.7.242.31 - - [04/Apr/2026:12:22:09 +0000] "GET /buy.php?item/083000481 HTTP/1.1" 200 72646 "http://mail.dataharbor.africa/buy.php?item/222018346" "Mozilla/5.0 AppleWebKit/537.36 (KHTML, like Gecko; compatible; GPTBot/1.3; +https://openai.com/gptbot)"
74.7.242.39 - - [04/Apr/2026:12:22:09 +0000] "GET /buy.php?item/008000318 HTTP/1.1" 200 80588 "http://dataharbor.africa/buy.php?item/008000766" "Mozilla/5.0 AppleWebKit/537.36 (KHTML, like Gecko; compatible; GPTBot/1.3; +https://openai.com/gptbot)"
74.7.242.39 - - [04/Apr/2026:12:22:10 +0000] "GET /buy.php?item/226000466 HTTP/1.1" 200 81626 "http://dataharbor.africa/buy.php?item/226000802" "Mozilla/5.0 AppleWebKit/537.36 (KHTML, like Gecko; compatible; GPTBot/1.3; +https://openai.com/gptbot)"
74.7.227.135 - - [04/Apr/2026:12:22:10 +0000] "GET /buy.php?item/037000231 HTTP/1.1" 200 85376 "http://dataharbor.africa.hpierson.com/buy.php?item/037000319" "Mozilla/5.0 AppleWebKit/537.36 (KHTML, like Gecko; compatible; GPTBot/1.3; +https://openai.com/gptbot)"
74.7.242.31 - - [04/Apr/2026:12:22:10 +0000] "GET /buy.php?special/extreme/060022269 HTTP/1.1" 200 82581 "http://mail.dataharbor.africa/buy.php?item/060022228" "Mozilla/5.0 AppleWebKit/537.36 (KHTML, like Gecko; compatible; GPTBot/1.3; +https://openai.com/gptbot)"
74.7.242.39 - - [04/Apr/2026:12:22:11 +0000] "GET /buy.php?item/181000261 HTTP/1.1" 200 76439 "http://dataharbor.africa/buy.php?item/181000311" "Mozilla/5.0 AppleWebKit/537.36 (KHTML, like Gecko; compatible; GPTBot/1.3; +https://openai.com/gptbot)"
74.7.227.135 - - [04/Apr/2026:12:22:11 +0000] "GET /buy.php?item/094000936 HTTP/1.1" 200 76140 "http://dataharbor.africa.hpierson.com/buy.php?special/phenomenon/094001131" "Mozilla/5.0 AppleWebKit/537.36 (KHTML, like Gecko; compatible; GPTBot/1.3; +https://openai.com/gptbot)"
74.7.242.31 - - [04/Apr/2026:12:22:11 +0000] "GET /buy.php?item/060022258 HTTP/1.1" 200 77625 "http://mail.dataharbor.africa/buy.php?item/060022228" "Mozilla/5.0 AppleWebKit/537.36 (KHTML, like Gecko; compatible; GPTBot/1.3; +https://openai.com/gptbot)"
74.7.227.135 - - [04/Apr/2026:12:22:12 +0000] "GET /buy.php?item/043000481 HTTP/1.1" 200 74523 "http://dataharbor.africa.hpierson.com/buy.php?item/043000613" "Mozilla/5.0 AppleWebKit/537.36 (KHTML, like Gecko; compatible; GPTBot/1.3; +https://openai.com/gptbot)"
74.7.242.31 - - [04/Apr/2026:12:22:12 +0000] "GET /buy.php?item/060022256 HTTP/1.1" 200 78601 "http://mail.dataharbor.africa/buy.php?item/060022228" "Mozilla/5.0 AppleWebKit/537.36 (KHTML, like Gecko; compatible; GPTBot/1.3; +https://openai.com/gptbot)"
74.7.242.39 - - [04/Apr/2026:12:22:12 +0000] "GET /buy.php?item/110004414 HTTP/1.1" 200 82476 "http://dataharbor.africa/buy.php?item/018011184" "Mozilla/5.0 AppleWebKit/537.36 (KHTML, like Gecko; compatible; GPTBot/1.3; +https://openai.com/gptbot)"
74.7.227.135 - - [04/Apr/2026:12:22:13 +0000] "GET /buy.php?item/094000932 HTTP/1.1" 200 72276 "http://dataharbor.africa.hpierson.com/buy.php?special/phenomenon/094001131" "Mozilla/5.0 AppleWebKit/537.36 (KHTML, like Gecko; compatible; GPTBot/1.3; +https://openai.com/gptbot)"
74.7.242.31 - - [04/Apr/2026:12:22:13 +0000] "GET /buy.php?item/060022266 HTTP/1.1" 200 81460 "http://mail.dataharbor.africa/buy.php?item/060022228" "Mozilla/5.0 AppleWebKit/537.36 (KHTML, like Gecko; compatible; GPTBot/1.3; +https://openai.com/gptbot)"
74.7.242.39 - - [04/Apr/2026:12:22:13 +0000] "GET /buy.php?special/nine/222017765 HTTP/1.1" 200 110200 "http://dataharbor.africa/buy.php?item/230003100" "Mozilla/5.0 AppleWebKit/537.36 (KHTML, like Gecko; compatible; GPTBot/1.3; +https://openai.com/gptbot)"
74.7.227.135 - - [04/Apr/2026:12:22:14 +0000] "GET /buy.php?item/096000294 HTTP/1.1" 200 74068 "http://dataharbor.africa.hpierson.com/buy.php?item/096000392" "Mozilla/5.0 AppleWebKit/537.36 (KHTML, like Gecko; compatible; GPTBot/1.3; +https://openai.com/gptbot)"
74.7.242.31 - - [04/Apr/2026:12:22:14 +0000] "GET /buy.php?item/060022250 HTTP/1.1" 200 75738 "http://mail.dataharbor.africa/buy.php?item/060022228" "Mozilla/5.0 AppleWebKit/537.36 (KHTML, like Gecko; compatible; GPTBot/1.3; +https://openai.com/gptbot)"
74.7.242.39 - - [04/Apr/2026:12:22:14 +0000] "GET /buy.php?item/230003314 HTTP/1.1" 200 77075 "http://dataharbor.africa/buy.php?item/230003100" "Mozilla/5.0 AppleWebKit/537.36 (KHTML, like Gecko; compatible; GPTBot/1.3; +https://openai.com/gptbot)"
74.7.227.135 - - [04/Apr/2026:12:22:14 +0000] "GET /buy.php?item/037000121 HTTP/1.1" 200 83086 "http://dataharbor.africa.hpierson.com/buy.php?item/037000153" "Mozilla/5.0 AppleWebKit/537.36 (KHTML, like Gecko; compatible; GPTBot/1.3; +https://openai.com/gptbot)"
74.7.242.39 - - [04/Apr/2026:12:22:15 +0000] "GET /buy.php?item/230003312 HTTP/1.1" 200 74355 "http://dataharbor.africa/buy.php?item/230003100" "Mozilla/5.0 AppleWebKit/537.36 (KHTML, like Gecko; compatible; GPTBot/1.3; +https://openai.com/gptbot)"
74.7.227.135 - - [04/Apr/2026:12:22:15 +0000] "GET /buy.php?item/096000338 HTTP/1.1" 200 72975 "http://dataharbor.africa.hpierson.com/buy.php?item/096000298" "Mozilla/5.0 AppleWebKit/537.36 (KHTML, like Gecko; compatible; GPTBot/1.3; +https://openai.com/gptbot)"
74.7.242.39 - - [04/Apr/2026:12:22:16 +0000] "GET /buy.php?item/200029872 HTTP/1.1" 200 76343 "http://dataharbor.africa/buy.php?item/200030024" "Mozilla/5.0 AppleWebKit/537.36 (KHTML, like Gecko; compatible; GPTBot/1.3; +https://openai.com/gptbot)"
74.7.227.135 - - [04/Apr/2026:12:22:16 +0000] "GET /buy.php?item/037000293 HTTP/1.1" 200 85545 "http://dataharbor.africa.hpierson.com/buy.php?item/037000155" "Mozilla/5.0 AppleWebKit/537.36 (KHTML, like Gecko; compatible; GPTBot/1.3; +https://openai.com/gptbot)"
74.7.227.135 - - [04/Apr/2026:12:22:16 +0000] "GET /buy.php?item/084000266 HTTP/1.1" 200 88171 "http://dataharbor.africa.hpierson.com/buy.php?item/084000758" "Mozilla/5.0 AppleWebKit/537.36 (KHTML, like Gecko; compatible; GPTBot/1.3; +https://openai.com/gptbot)"
74.7.242.39 - - [04/Apr/2026:12:22:17 +0000] "GET /buy.php?item/227000245 HTTP/1.1" 200 90958 "http://dataharbor.africa/buy.php?item/227000279" "Mozilla/5.0 AppleWebKit/537.36 (KHTML, like Gecko; compatible; GPTBot/1.3; +https://openai.com/gptbot)"
74.7.242.31 - - [04/Apr/2026:12:22:17 +0000] "GET /buy.php?item/200039392 HTTP/1.1" 200 72639 "http://mail.dataharbor.africa/buy.php?item/222019120" "Mozilla/5.0 AppleWebKit/537.36 (KHTML, like Gecko; compatible; GPTBot/1.3; +https://openai.com/gptbot)"
74.7.227.135 - - [04/Apr/2026:12:22:17 +0000] "GET /buy.php?item/037000411 HTTP/1.1" 200 85886 "http://dataharbor.africa.hpierson.com/buy.php?item/037000229" "Mozilla/5.0 AppleWebKit/537.36 (KHTML, like Gecko; compatible; GPTBot/1.3; +https://openai.com/gptbot)"
74.7.242.39 - - [04/Apr/2026:12:22:18 +0000] "GET /buy.php?item/008000198 HTTP/1.1" 200 81279 "http://dataharbor.africa/buy.php?item/008000318" "Mozilla/5.0 AppleWebKit/537.36 (KHTML, like Gecko; compatible; GPTBot/1.3; +https://openai.com/gptbot)"
74.7.227.135 - - [04/Apr/2026:12:22:18 +0000] "GET /buy.php?item/096000332 HTTP/1.1" 200 72482 "http://dataharbor.africa.hpierson.com/buy.php?item/096000268" "Mozilla/5.0 AppleWebKit/537.36 (KHTML, like Gecko; compatible; GPTBot/1.3; +https://openai.com/gptbot)"
74.7.242.39 - - [04/Apr/2026:12:22:18 +0000] "GET /buy.php?item/190001030 HTTP/1.1" 200 88812 "http://dataharbor.africa/buy.php?item/190001122" "Mozilla/5.0 AppleWebKit/537.36 (KHTML, like Gecko; compatible; GPTBot/1.3; +https://openai.com/gptbot)"
74.7.227.135 - - [04/Apr/2026:12:22:19 +0000] "GET /buy.php?item/037000123 HTTP/1.1" 200 79028 "http://dataharbor.africa.hpierson.com/buy.php?item/037000153" "Mozilla/5.0 AppleWebKit/537.36 (KHTML, like Gecko; compatible; GPTBot/1.3; +https://openai.com/gptbot)"
74.7.242.39 - - [04/Apr/2026:12:22:19 +0000] "GET /buy.php?item/210008032 HTTP/1.1" 200 76062 "http://dataharbor.africa/buy.php?item/226000466" "Mozilla/5.0 AppleWebKit/537.36 (KHTML, like Gecko; compatible; GPTBot/1.3; +https://openai.com/gptbot)"
74.7.227.135 - - [04/Apr/2026:12:22:20 +0000] "GET /buy.php?item/043000635 HTTP/1.1" 200 78827 "http://dataharbor.africa.hpierson.com/buy.php?item/043000277" "Mozilla/5.0 AppleWebKit/537.36 (KHTML, like Gecko; compatible; GPTBot/1.3; +https://openai.com/gptbot)"
74.7.227.135 - - [04/Apr/2026:12:22:20 +0000] "GET /buy.php?item/043000837 HTTP/1.1" 200 75991 "http://dataharbor.africa.hpierson.com/buy.php?item/043000481" "Mozilla/5.0 AppleWebKit/537.36 (KHTML, like Gecko; compatible; GPTBot/1.3; +https://openai.com/gptbot)"
74.7.242.39 - - [04/Apr/2026:12:22:21 +0000] "GET /buy.php?item/110005034 HTTP/1.1" 200 81238 "http://dataharbor.africa/buy.php?item/110004414" "Mozilla/5.0 AppleWebKit/537.36 (KHTML, like Gecko; compatible; GPTBot/1.3; +https://openai.com/gptbot)"
74.7.242.31 - - [04/Apr/2026:12:22:21 +0000] "GET /buy.php?item/065036153 HTTP/1.1" 200 75319 "http://mail.dataharbor.africa/buy.php?item/060022256" "Mozilla/5.0 AppleWebKit/537.36 (KHTML, like Gecko; compatible; GPTBot/1.3; +https://openai.com/gptbot)"
74.7.227.135 - - [04/Apr/2026:12:22:21 +0000] "GET /buy.php?item/293039951 HTTP/1.1" 200 72438 "http://dataharbor.africa.hpierson.com/buy.php?item/094000932" "Mozilla/5.0 AppleWebKit/537.36 (KHTML, like Gecko; compatible; GPTBot/1.3; +https://openai.com/gptbot)"
74.7.242.39 - - [04/Apr/2026:12:22:22 +0000] "GET /buy.php?item/110005032 HTTP/1.1" 200 79348 "http://dataharbor.africa/buy.php?item/110004414" "Mozilla/5.0 AppleWebKit/537.36 (KHTML, like Gecko; compatible; GPTBot/1.3; +https://openai.com/gptbot)"
74.7.242.31 - - [04/Apr/2026:12:22:22 +0000] "GET /buy.php?item/060022284 HTTP/1.1" 200 85902 "http://mail.dataharbor.africa/buy.php?special/extreme/060022269" "Mozilla/5.0 AppleWebKit/537.36 (KHTML, like Gecko; compatible; GPTBot/1.3; +https://openai.com/gptbot)"
74.7.227.135 - - [04/Apr/2026:12:22:22 +0000] "GET /buy.php?item/094000968 HTTP/1.1" 200 73288 "http://dataharbor.africa.hpierson.com/buy.php?item/094000932" "Mozilla/5.0 AppleWebKit/537.36 (KHTML, like Gecko; compatible; GPTBot/1.3; +https://openai.com/gptbot)"
74.7.242.39 - - [04/Apr/2026:12:22:22 +0000] "GET /buy.php?item/040003180 HTTP/1.1" 200 72281 "http://dataharbor.africa/buy.php?item/040002614" "Mozilla/5.0 AppleWebKit/537.36 (KHTML, like Gecko; compatible; GPTBot/1.3; +https://openai.com/gptbot)"
74.7.227.135 - - [04/Apr/2026:12:22:23 +0000] "GET /buy.php?special/catch/037000050 HTTP/1.1" 200 83311 "http://dataharbor.africa.hpierson.com/buy.php?item/037000121" "Mozilla/5.0 AppleWebKit/537.36 (KHTML, like Gecko; compatible; GPTBot/1.3; +https://openai.com/gptbot)"
74.7.227.135 - - [04/Apr/2026:12:22:23 +0000] "GET /buy.php?item/096000454 HTTP/1.1" 200 73916 "http://dataharbor.africa.hpierson.com/buy.php?item/096000338" "Mozilla/5.0 AppleWebKit/537.36 (KHTML, like Gecko; compatible; GPTBot/1.3; +https://openai.com/gptbot)"
74.7.242.39 - - [04/Apr/2026:12:22:24 +0000] "GET /buy.php?item/085000843 HTTP/1.1" 200 72325 "http://dataharbor.africa/buy.php?item/230003312" "Mozilla/5.0 AppleWebKit/537.36 (KHTML, like Gecko; compatible; GPTBot/1.3; +https://openai.com/gptbot)"
74.7.227.135 - - [04/Apr/2026:12:22:24 +0000] "GET /buy.php?item/176039040 HTTP/1.1" 200 72501 "http://dataharbor.africa.hpierson.com/buy.php?item/037000293" "Mozilla/5.0 AppleWebKit/537.36 (KHTML, like Gecko; compatible; GPTBot/1.3; +https://openai.com/gptbot)"
74.7.242.39 - - [04/Apr/2026:12:22:25 +0000] "GET /buy.php?item/200030166 HTTP/1.1" 200 76969 "http://dataharbor.africa/buy.php?item/200029872" "Mozilla/5.0 AppleWebKit/537.36 (KHTML, like Gecko; compatible; GPTBot/1.3; +https://openai.com/gptbot)"
74.7.242.31 - - [04/Apr/2026:12:22:25 +0000] "GET /buy.php?item/222023990 HTTP/1.1" 200 86286 "http://mail.dataharbor.africa/buy.php?item/222019120" "Mozilla/5.0 AppleWebKit/537.36 (KHTML, like Gecko; compatible; GPTBot/1.3; +https://openai.com/gptbot)"
74.7.242.39 - - [04/Apr/2026:12:22:26 +0000] "GET /buy.php?item/227000373 HTTP/1.1" 200 81559 "http://dataharbor.africa/buy.php?item/227000245" "Mozilla/5.0 AppleWebKit/537.36 (KHTML, like Gecko; compatible; GPTBot/1.3; +https://openai.com/gptbot)"
74.7.227.135 - - [04/Apr/2026:12:22:26 +0000] "GET /buy.php?item/037000147 HTTP/1.1" 200 85248 "http://dataharbor.africa.hpierson.com/buy.php?item/037000411" "Mozilla/5.0 AppleWebKit/537.36 (KHTML, like Gecko; compatible; GPTBot/1.3; +https://openai.com/gptbot)"
74.7.242.39 - - [04/Apr/2026:12:22:27 +0000] "GET /buy.php?goods/008000198 HTTP/1.1" 200 73569 "http://dataharbor.africa/buy.php?item/008000198" "Mozilla/5.0 AppleWebKit/537.36 (KHTML, like Gecko; compatible; GPTBot/1.3; +https://openai.com/gptbot)"
74.7.227.135 - - [04/Apr/2026:12:22:27 +0000] "GET /buy.php?item/043000835 HTTP/1.1" 200 74463 "http://dataharbor.africa.hpierson.com/buy.php?item/043000481" "Mozilla/5.0 AppleWebKit/537.36 (KHTML, like Gecko; compatible; GPTBot/1.3; +https://openai.com/gptbot)"
74.7.242.31 - - [04/Apr/2026:12:22:28 +0000] "GET /buy.php?item/083000505 HTTP/1.1" 200 79961 "http://mail.dataharbor.africa/buy.php?item/083000481" "Mozilla/5.0 AppleWebKit/537.36 (KHTML, like Gecko; compatible; GPTBot/1.3; +https://openai.com/gptbot)"
74.7.227.135 - - [04/Apr/2026:12:22:29 +0000] "GET /buy.php?item/043000135 HTTP/1.1" 200 72536 "http://dataharbor.africa.hpierson.com/buy.php?item/043000635" "Mozilla/5.0 AppleWebKit/537.36 (KHTML, like Gecko; compatible; GPTBot/1.3; +https://openai.com/gptbot)"
74.7.242.31 - - [04/Apr/2026:12:22:29 +0000] "GET /buy.php?item/060022282 HTTP/1.1" 200 80542 "http://mail.dataharbor.africa/buy.php?special/extreme/060022269" "Mozilla/5.0 AppleWebKit/537.36 (KHTML, like Gecko; compatible; GPTBot/1.3; +https://openai.com/gptbot)"
74.7.227.135 - - [04/Apr/2026:12:22:30 +0000] "GET /buy.php?item/276044400 HTTP/1.1" 200 71509 "http://dataharbor.africa.hpierson.com/buy.php?item/096000332" "Mozilla/5.0 AppleWebKit/537.36 (KHTML, like Gecko; compatible; GPTBot/1.3; +https://openai.com/gptbot)"
74.7.242.31 - - [04/Apr/2026:12:22:30 +0000] "GET /buy.php?item/060022286 HTTP/1.1" 200 87238 "http://mail.dataharbor.africa/buy.php?special/extreme/060022269" "Mozilla/5.0 AppleWebKit/537.36 (KHTML, like Gecko; compatible; GPTBot/1.3; +https://openai.com/gptbot)"
74.7.242.31 - - [04/Apr/2026:12:22:31 +0000] "GET /buy.php?item/060022280 HTTP/1.1" 200 78366 "http://mail.dataharbor.africa/buy.php?item/060022256" "Mozilla/5.0 AppleWebKit/537.36 (KHTML, like Gecko; compatible; GPTBot/1.3; +https://openai.com/gptbot)"
74.7.227.135 - - [04/Apr/2026:12:22:32 +0000] "GET /buy.php?item/096000198 HTTP/1.1" 200 77625 "http://dataharbor.africa.hpierson.com/buy.php?item/096000332" "Mozilla/5.0 AppleWebKit/537.36 (KHTML, like Gecko; compatible; GPTBot/1.3; +https://openai.com/gptbot)"
74.7.242.31 - - [04/Apr/2026:12:22:32 +0000] "GET /buy.php?item/060022270 HTTP/1.1" 200 82835 "http://mail.dataharbor.africa/buy.php?item/060022258" "Mozilla/5.0 AppleWebKit/537.36 (KHTML, like Gecko; compatible; GPTBot/1.3; +https://openai.com/gptbot)"
74.7.242.39 - - [04/Apr/2026:12:22:32 +0000] "GET /buy.php?item/111012531 HTTP/1.1" 200 77484 "http://dataharbor.africa/buy.php?item/111013045" "Mozilla/5.0 AppleWebKit/537.36 (KHTML, like Gecko; compatible; GPTBot/1.3; +https://openai.com/gptbot)"
74.7.227.135 - - [04/Apr/2026:12:22:32 +0000] "GET /buy.php?item/037000287 HTTP/1.1" 200 85885 "http://dataharbor.africa.hpierson.com/buy.php?special/catch/037000050" "Mozilla/5.0 AppleWebKit/537.36 (KHTML, like Gecko; compatible; GPTBot/1.3; +https://openai.com/gptbot)"
74.7.242.31 - - [04/Apr/2026:12:22:33 +0000] "GET /buy.php?item/060022276 HTTP/1.1" 200 80715 "http://mail.dataharbor.africa/buy.php?item/060022266" "Mozilla/5.0 AppleWebKit/537.36 (KHTML, like Gecko; compatible; GPTBot/1.3; +https://openai.com/gptbot)"
74.7.227.135 - - [04/Apr/2026:12:22:33 +0000] "GET /buy.php?item/037000151 HTTP/1.1" 200 86401 "http://dataharbor.africa.hpierson.com/buy.php?item/037000411" "Mozilla/5.0 AppleWebKit/537.36 (KHTML, like Gecko; compatible; GPTBot/1.3; +https://openai.com/gptbot)"
