74.7.227.135 - - [04/Apr/2026:12:55:08 +0000] "GET /buy.php?item/290002526 HTTP/1.1" 200 80524 "http://dataharbor.africa.hpierson.com/buy.php?item/047000499" "Mozilla/5.0 AppleWebKit/537.36 (KHTML, like Gecko; compatible; GPTBot/1.3; +https://openai.com/gptbot)"
74.7.227.135 - - [04/Apr/2026:12:55:09 +0000] "GET /buy.php?special/ideological/122027245 HTTP/1.1" 200 75626 "http://dataharbor.africa.hpierson.com/buy.php?item/222031124" "Mozilla/5.0 AppleWebKit/537.36 (KHTML, like Gecko; compatible; GPTBot/1.3; +https://openai.com/gptbot)"
74.7.242.31 - - [04/Apr/2026:12:55:09 +0000] "GET /buy.php?item/130001602 HTTP/1.1" 200 96328 "http://mail.dataharbor.africa/buy.php?item/180008830" "Mozilla/5.0 AppleWebKit/537.36 (KHTML, like Gecko; compatible; GPTBot/1.3; +https://openai.com/gptbot)"
74.7.227.135 - - [04/Apr/2026:12:55:10 +0000] "GET /buy.php?item/222032640 HTTP/1.1" 200 87762 "http://dataharbor.africa.hpierson.com/buy.php?item/222031124" "Mozilla/5.0 AppleWebKit/537.36 (KHTML, like Gecko; compatible; GPTBot/1.3; +https://openai.com/gptbot)"
74.7.242.39 - - [04/Apr/2026:12:55:10 +0000] "GET /buy.php?item/222023642 HTTP/1.1" 200 88807 "http://dataharbor.africa/buy.php?item/222001130" "Mozilla/5.0 AppleWebKit/537.36 (KHTML, like Gecko; compatible; GPTBot/1.3; +https://openai.com/gptbot)"
74.7.227.135 - - [04/Apr/2026:12:55:10 +0000] "GET /buy.php?item/222030492 HTTP/1.1" 200 96666 "http://dataharbor.africa.hpierson.com/buy.php?item/222016712" "Mozilla/5.0 AppleWebKit/537.36 (KHTML, like Gecko; compatible; GPTBot/1.3; +https://openai.com/gptbot)"
74.7.242.39 - - [04/Apr/2026:12:55:11 +0000] "GET /buy.php?item/200032900 HTTP/1.1" 200 73715 "http://dataharbor.africa/buy.php?item/200035070" "Mozilla/5.0 AppleWebKit/537.36 (KHTML, like Gecko; compatible; GPTBot/1.3; +https://openai.com/gptbot)"
74.7.227.135 - - [04/Apr/2026:12:55:11 +0000] "GET /buy.php?item/222030490 HTTP/1.1" 200 94172 "http://dataharbor.africa.hpierson.com/buy.php?item/222016712" "Mozilla/5.0 AppleWebKit/537.36 (KHTML, like Gecko; compatible; GPTBot/1.3; +https://openai.com/gptbot)"
74.7.242.39 - - [04/Apr/2026:12:55:12 +0000] "GET /buy.php?item/117044401 HTTP/1.1" 200 78738 "http://dataharbor.africa/buy.php?item/090006434" "Mozilla/5.0 AppleWebKit/537.36 (KHTML, like Gecko; compatible; GPTBot/1.3; +https://openai.com/gptbot)"
74.7.227.135 - - [04/Apr/2026:12:55:13 +0000] "GET /buy.php?item/222031342 HTTP/1.1" 200 128759 "http://dataharbor.africa.hpierson.com/buy.php?item/222028758" "Mozilla/5.0 AppleWebKit/537.36 (KHTML, like Gecko; compatible; GPTBot/1.3; +https://openai.com/gptbot)"
74.7.242.39 - - [04/Apr/2026:12:55:13 +0000] "GET /buy.php?item/042000544 HTTP/1.1" 200 85200 "http://dataharbor.africa/buy.php?item/042000750" "Mozilla/5.0 AppleWebKit/537.36 (KHTML, like Gecko; compatible; GPTBot/1.3; +https://openai.com/gptbot)"
74.7.242.39 - - [04/Apr/2026:12:55:14 +0000] "GET /buy.php?item/100033352 HTTP/1.1" 200 87985 "http://dataharbor.africa/buy.php?item/100033020" "Mozilla/5.0 AppleWebKit/537.36 (KHTML, like Gecko; compatible; GPTBot/1.3; +https://openai.com/gptbot)"
74.7.227.135 - - [04/Apr/2026:12:55:15 +0000] "GET /buy.php?item/047000687 HTTP/1.1" 200 78646 "http://dataharbor.africa.hpierson.com/buy.php?item/047000721" "Mozilla/5.0 AppleWebKit/537.36 (KHTML, like Gecko; compatible; GPTBot/1.3; +https://openai.com/gptbot)"
74.7.242.39 - - [04/Apr/2026:12:55:15 +0000] "GET /buy.php?item/100033348 HTTP/1.1" 200 86356 "http://dataharbor.africa/buy.php?item/100033020" "Mozilla/5.0 AppleWebKit/537.36 (KHTML, like Gecko; compatible; GPTBot/1.3; +https://openai.com/gptbot)"
74.7.227.135 - - [04/Apr/2026:12:55:16 +0000] "GET /buy.php?item/222028760 HTTP/1.1" 200 118080 "http://dataharbor.africa.hpierson.com/buy.php?item/222010142" "Mozilla/5.0 AppleWebKit/537.36 (KHTML, like Gecko; compatible; GPTBot/1.3; +https://openai.com/gptbot)"
74.7.242.39 - - [04/Apr/2026:12:55:16 +0000] "GET /buy.php?item/084000918 HTTP/1.1" 200 88160 "http://dataharbor.africa/buy.php?item/084000438" "Mozilla/5.0 AppleWebKit/537.36 (KHTML, like Gecko; compatible; GPTBot/1.3; +https://openai.com/gptbot)"
74.7.227.135 - - [04/Apr/2026:12:55:17 +0000] "GET /buy.php?item/047000697 HTTP/1.1" 200 74075 "http://dataharbor.africa.hpierson.com/buy.php?item/047000719" "Mozilla/5.0 AppleWebKit/537.36 (KHTML, like Gecko; compatible; GPTBot/1.3; +https://openai.com/gptbot)"
74.7.242.39 - - [04/Apr/2026:12:55:17 +0000] "GET /buy.php?special/known/235046194 HTTP/1.1" 200 78039 "http://dataharbor.africa/buy.php?item/160005014" "Mozilla/5.0 AppleWebKit/537.36 (KHTML, like Gecko; compatible; GPTBot/1.3; +https://openai.com/gptbot)"
74.7.227.135 - - [04/Apr/2026:12:55:19 +0000] "GET /buy.php?item/119014861 HTTP/1.1" 200 78069 "http://dataharbor.africa.hpierson.com/buy.php?special/ideological/122027245" "Mozilla/5.0 AppleWebKit/537.36 (KHTML, like Gecko; compatible; GPTBot/1.3; +https://openai.com/gptbot)"
74.7.227.135 - - [04/Apr/2026:12:55:19 +0000] "GET /buy.php?special/modern/122027245 HTTP/1.1" 200 79313 "http://dataharbor.africa.hpierson.com/buy.php?special/ideological/122027245" "Mozilla/5.0 AppleWebKit/537.36 (KHTML, like Gecko; compatible; GPTBot/1.3; +https://openai.com/gptbot)"
74.7.242.39 - - [04/Apr/2026:12:55:20 +0000] "GET /buy.php?item/220005120 HTTP/1.1" 200 83708 "http://dataharbor.africa/buy.php?item/220006780" "Mozilla/5.0 AppleWebKit/537.36 (KHTML, like Gecko; compatible; GPTBot/1.3; +https://openai.com/gptbot)"
74.7.227.135 - - [04/Apr/2026:12:55:20 +0000] "GET /buy.php?item/222014140 HTTP/1.1" 200 101915 "http://dataharbor.africa.hpierson.com/buy.php?item/222032640" "Mozilla/5.0 AppleWebKit/537.36 (KHTML, like Gecko; compatible; GPTBot/1.3; +https://openai.com/gptbot)"
74.7.242.31 - - [04/Apr/2026:12:55:20 +0000] "GET /buy.php?item/200016904 HTTP/1.1" 200 72292 "http://mail.dataharbor.africa/buy.php?item/200024690" "Mozilla/5.0 AppleWebKit/537.36 (KHTML, like Gecko; compatible; GPTBot/1.3; +https://openai.com/gptbot)"
74.7.242.39 - - [04/Apr/2026:12:55:21 +0000] "GET /buy.php?item/200034094 HTTP/1.1" 200 77091 "http://dataharbor.africa/buy.php?item/200032900" "Mozilla/5.0 AppleWebKit/537.36 (KHTML, like Gecko; compatible; GPTBot/1.3; +https://openai.com/gptbot)"
74.7.242.31 - - [04/Apr/2026:12:55:21 +0000] "GET /buy.php?item/222045726 HTTP/1.1" 200 81995 "http://mail.dataharbor.africa/buy.php?item/222045402" "Mozilla/5.0 AppleWebKit/537.36 (KHTML, like Gecko; compatible; GPTBot/1.3; +https://openai.com/gptbot)"
74.7.227.135 - - [04/Apr/2026:12:55:21 +0000] "GET /buy.php?item/222027884 HTTP/1.1" 200 83715 "http://dataharbor.africa.hpierson.com/buy.php?item/222030490" "Mozilla/5.0 AppleWebKit/537.36 (KHTML, like Gecko; compatible; GPTBot/1.3; +https://openai.com/gptbot)"
74.7.242.39 - - [04/Apr/2026:12:55:21 +0000] "GET /buy.php?item/200034092 HTTP/1.1" 200 73584 "http://dataharbor.africa/buy.php?item/200032900" "Mozilla/5.0 AppleWebKit/537.36 (KHTML, like Gecko; compatible; GPTBot/1.3; +https://openai.com/gptbot)"
74.7.242.31 - - [04/Apr/2026:12:55:22 +0000] "GET /buy.php?item/111022933 HTTP/1.1" 200 87105 "http://mail.dataharbor.africa/buy.php?item/111002521" "Mozilla/5.0 AppleWebKit/537.36 (KHTML, like Gecko; compatible; GPTBot/1.3; +https://openai.com/gptbot)"
74.7.227.135 - - [04/Apr/2026:12:55:22 +0000] "GET /buy.php?item/290003802 HTTP/1.1" 200 80516 "http://dataharbor.africa.hpierson.com/buy.php?item/290002526" "Mozilla/5.0 AppleWebKit/537.36 (KHTML, like Gecko; compatible; GPTBot/1.3; +https://openai.com/gptbot)"
74.7.227.135 - - [04/Apr/2026:12:55:23 +0000] "GET /buy.php?item/222027882 HTTP/1.1" 200 90752 "http://dataharbor.africa.hpierson.com/buy.php?item/222030490" "Mozilla/5.0 AppleWebKit/537.36 (KHTML, like Gecko; compatible; GPTBot/1.3; +https://openai.com/gptbot)"
74.7.242.39 - - [04/Apr/2026:12:55:23 +0000] "GET /buy.php?item/042000682 HTTP/1.1" 200 72998 "http://dataharbor.africa/buy.php?item/042000544" "Mozilla/5.0 AppleWebKit/537.36 (KHTML, like Gecko; compatible; GPTBot/1.3; +https://openai.com/gptbot)"
74.7.242.39 - - [04/Apr/2026:12:55:24 +0000] "GET /buy.php?item/042000684 HTTP/1.1" 200 70053 "http://dataharbor.africa/buy.php?item/042000544" "Mozilla/5.0 AppleWebKit/537.36 (KHTML, like Gecko; compatible; GPTBot/1.3; +https://openai.com/gptbot)"
74.7.242.39 - - [04/Apr/2026:12:55:25 +0000] "GET /buy.php?item/020002162 HTTP/1.1" 200 76190 "http://dataharbor.africa/buy.php?item/100033348" "Mozilla/5.0 AppleWebKit/537.36 (KHTML, like Gecko; compatible; GPTBot/1.3; +https://openai.com/gptbot)"
74.7.227.135 - - [04/Apr/2026:12:55:26 +0000] "GET /buy.php?item/270011180 HTTP/1.1" 200 76413 "http://dataharbor.africa.hpierson.com/buy.php?item/222028760" "Mozilla/5.0 AppleWebKit/537.36 (KHTML, like Gecko; compatible; GPTBot/1.3; +https://openai.com/gptbot)"
74.7.227.135 - - [04/Apr/2026:12:55:26 +0000] "GET /buy.php?special/lead/047000658 HTTP/1.1" 200 72576 "http://dataharbor.africa.hpierson.com/buy.php?item/047000697" "Mozilla/5.0 AppleWebKit/537.36 (KHTML, like Gecko; compatible; GPTBot/1.3; +https://openai.com/gptbot)"
74.7.242.39 - - [04/Apr/2026:12:55:27 +0000] "GET /buy.php?item/260008830 HTTP/1.1" 200 93269 "http://dataharbor.africa/buy.php?special/known/235046194" "Mozilla/5.0 AppleWebKit/537.36 (KHTML, like Gecko; compatible; GPTBot/1.3; +https://openai.com/gptbot)"
74.7.227.135 - - [04/Apr/2026:12:55:28 +0000] "GET /buy.php?item/222009630 HTTP/1.1" 200 84988 "http://dataharbor.africa.hpierson.com/buy.php?item/222028760" "Mozilla/5.0 AppleWebKit/537.36 (KHTML, like Gecko; compatible; GPTBot/1.3; +https://openai.com/gptbot)"
74.7.227.135 - - [04/Apr/2026:12:55:29 +0000] "GET /buy.php?item/047000661 HTTP/1.1" 200 80752 "http://dataharbor.africa.hpierson.com/buy.php?item/047000697" "Mozilla/5.0 AppleWebKit/537.36 (KHTML, like Gecko; compatible; GPTBot/1.3; +https://openai.com/gptbot)"
74.7.242.39 - - [04/Apr/2026:12:55:31 +0000] "GET /buy.php?item/120003202 HTTP/1.1" 200 78783 "http://dataharbor.africa/buy.php?item/120002800" "Mozilla/5.0 AppleWebKit/537.36 (KHTML, like Gecko; compatible; GPTBot/1.3; +https://openai.com/gptbot)"
74.7.227.135 - - [04/Apr/2026:12:55:30 +0000] "GET /buy.php?item/222009628 HTTP/1.1" 200 84186 "http://dataharbor.africa.hpierson.com/buy.php?item/222028760" "Mozilla/5.0 AppleWebKit/537.36 (KHTML, like Gecko; compatible; GPTBot/1.3; +https://openai.com/gptbot)"
74.7.242.39 - - [04/Apr/2026:12:55:31 +0000] "GET /buy.php?item/040006690 HTTP/1.1" 200 72602 "http://dataharbor.africa/buy.php?item/040008894" "Mozilla/5.0 AppleWebKit/537.36 (KHTML, like Gecko; compatible; GPTBot/1.3; +https://openai.com/gptbot)"
74.7.242.31 - - [04/Apr/2026:12:55:32 +0000] "GET /buy.php?item/200007140 HTTP/1.1" 200 75500 "http://mail.dataharbor.africa/buy.php?item/200016904" "Mozilla/5.0 AppleWebKit/537.36 (KHTML, like Gecko; compatible; GPTBot/1.3; +https://openai.com/gptbot)"
74.7.227.135 - - [04/Apr/2026:12:55:32 +0000] "GET /buy.php?item/050006698 HTTP/1.1" 200 85781 "http://dataharbor.africa.hpierson.com/buy.php?item/290003802" "Mozilla/5.0 AppleWebKit/537.36 (KHTML, like Gecko; compatible; GPTBot/1.3; +https://openai.com/gptbot)"
74.7.242.39 - - [04/Apr/2026:12:55:33 +0000] "GET /buy.php?item/108023000 HTTP/1.1" 200 75413 "http://dataharbor.africa/buy.php?item/222023372" "Mozilla/5.0 AppleWebKit/537.36 (KHTML, like Gecko; compatible; GPTBot/1.3; +https://openai.com/gptbot)"
74.7.242.39 - - [04/Apr/2026:12:55:34 +0000] "GET /buy.php?special/identify/042023601 HTTP/1.1" 200 70794 "http://dataharbor.africa/buy.php?item/042000684" "Mozilla/5.0 AppleWebKit/537.36 (KHTML, like Gecko; compatible; GPTBot/1.3; +https://openai.com/gptbot)"
74.7.242.39 - - [04/Apr/2026:12:55:34 +0000] "GET /buy.php?item/020002738 HTTP/1.1" 200 87207 "http://dataharbor.africa/buy.php?item/020002162" "Mozilla/5.0 AppleWebKit/537.36 (KHTML, like Gecko; compatible; GPTBot/1.3; +https://openai.com/gptbot)"
74.7.227.135 - - [04/Apr/2026:12:55:35 +0000] "GET /buy.php?item/222032962 HTTP/1.1" 200 86559 "http://dataharbor.africa.hpierson.com/buy.php?item/222027868" "Mozilla/5.0 AppleWebKit/537.36 (KHTML, like Gecko; compatible; GPTBot/1.3; +https://openai.com/gptbot)"
74.7.242.39 - - [04/Apr/2026:12:55:35 +0000] "GET /buy.php?item/020002740 HTTP/1.1" 200 78932 "http://dataharbor.africa/buy.php?item/020002162" "Mozilla/5.0 AppleWebKit/537.36 (KHTML, like Gecko; compatible; GPTBot/1.3; +https://openai.com/gptbot)"
74.7.227.135 - - [04/Apr/2026:12:55:35 +0000] "GET /buy.php?item/222012472 HTTP/1.1" 200 87924 "http://dataharbor.africa.hpierson.com/buy.php?item/222012592" "Mozilla/5.0 AppleWebKit/537.36 (KHTML, like Gecko; compatible; GPTBot/1.3; +https://openai.com/gptbot)"
74.7.227.135 - - [04/Apr/2026:12:55:36 +0000] "GET /buy.php?item/222010610 HTTP/1.1" 200 99453 "http://dataharbor.africa.hpierson.com/buy.php?item/222010172" "Mozilla/5.0 AppleWebKit/537.36 (KHTML, like Gecko; compatible; GPTBot/1.3; +https://openai.com/gptbot)"
74.7.242.39 - - [04/Apr/2026:12:55:36 +0000] "GET /buy.php?item/110008850 HTTP/1.1" 200 81598 "http://dataharbor.africa/buy.php?item/110001594" "Mozilla/5.0 AppleWebKit/537.36 (KHTML, like Gecko; compatible; GPTBot/1.3; +https://openai.com/gptbot)"
74.7.242.31 - - [04/Apr/2026:12:55:37 +0000] "GET /buy.php?item/260002964 HTTP/1.1" 200 81282 "http://mail.dataharbor.africa/buy.php?item/260003662" "Mozilla/5.0 AppleWebKit/537.36 (KHTML, like Gecko; compatible; GPTBot/1.3; +https://openai.com/gptbot)"
74.7.227.135 - - [04/Apr/2026:12:55:37 +0000] "GET /buy.php?item/222033636 HTTP/1.1" 200 124331 "http://dataharbor.africa.hpierson.com/buy.php?item/222033512" "Mozilla/5.0 AppleWebKit/537.36 (KHTML, like Gecko; compatible; GPTBot/1.3; +https://openai.com/gptbot)"
74.7.242.39 - - [04/Apr/2026:12:55:37 +0000] "GET /buy.php?item/110008058 HTTP/1.1" 200 93933 "http://dataharbor.africa/buy.php?item/110001236" "Mozilla/5.0 AppleWebKit/537.36 (KHTML, like Gecko; compatible; GPTBot/1.3; +https://openai.com/gptbot)"
74.7.227.135 - - [04/Apr/2026:12:55:38 +0000] "GET /buy.php?item/047000501 HTTP/1.1" 200 79341 "http://dataharbor.africa.hpierson.com/buy.php?item/047000557" "Mozilla/5.0 AppleWebKit/537.36 (KHTML, like Gecko; compatible; GPTBot/1.3; +https://openai.com/gptbot)"
74.7.227.135 - - [04/Apr/2026:12:55:39 +0000] "GET /buy.php?item/047000643 HTTP/1.1" 200 73394 "http://dataharbor.africa.hpierson.com/buy.php?item/047000661" "Mozilla/5.0 AppleWebKit/537.36 (KHTML, like Gecko; compatible; GPTBot/1.3; +https://openai.com/gptbot)"
74.7.242.39 - - [04/Apr/2026:12:55:39 +0000] "GET /buy.php?special/learning/110013603 HTTP/1.1" 200 75186 "http://dataharbor.africa/buy.php?item/120003202" "Mozilla/5.0 AppleWebKit/537.36 (KHTML, like Gecko; compatible; GPTBot/1.3; +https://openai.com/gptbot)"
74.7.227.135 - - [04/Apr/2026:12:55:39 +0000] "GET /buy.php?item/047000645 HTTP/1.1" 200 78073 "http://dataharbor.africa.hpierson.com/buy.php?item/047000661" "Mozilla/5.0 AppleWebKit/537.36 (KHTML, like Gecko; compatible; GPTBot/1.3; +https://openai.com/gptbot)"
74.7.242.39 - - [04/Apr/2026:12:55:40 +0000] "GET /buy.php?item/120003282 HTTP/1.1" 200 71053 "http://dataharbor.africa/buy.php?item/120003202" "Mozilla/5.0 AppleWebKit/537.36 (KHTML, like Gecko; compatible; GPTBot/1.3; +https://openai.com/gptbot)"
74.7.227.135 - - [04/Apr/2026:12:55:40 +0000] "GET /buy.php?item/222029244 HTTP/1.1" 200 127200 "http://dataharbor.africa.hpierson.com/buy.php?item/222015290" "Mozilla/5.0 AppleWebKit/537.36 (KHTML, like Gecko; compatible; GPTBot/1.3; +https://openai.com/gptbot)"
74.7.242.39 - - [04/Apr/2026:12:55:41 +0000] "GET /buy.php?item/120003270 HTTP/1.1" 200 73187 "http://dataharbor.africa/buy.php?item/120003202" "Mozilla/5.0 AppleWebKit/537.36 (KHTML, like Gecko; compatible; GPTBot/1.3; +https://openai.com/gptbot)"
74.7.227.135 - - [04/Apr/2026:12:55:41 +0000] "GET /buy.php?item/050006512 HTTP/1.1" 200 84761 "http://dataharbor.africa.hpierson.com/buy.php?item/050006698" "Mozilla/5.0 AppleWebKit/537.36 (KHTML, like Gecko; compatible; GPTBot/1.3; +https://openai.com/gptbot)"
74.7.227.135 - - [04/Apr/2026:12:55:42 +0000] "GET /buy.php?item/050006516 HTTP/1.1" 200 85964 "http://dataharbor.africa.hpierson.com/buy.php?item/050006698" "Mozilla/5.0 AppleWebKit/537.36 (KHTML, like Gecko; compatible; GPTBot/1.3; +https://openai.com/gptbot)"
74.7.242.31 - - [04/Apr/2026:12:55:42 +0000] "GET /buy.php?item/200023834 HTTP/1.1" 200 79116 "http://mail.dataharbor.africa/buy.php?item/200019972" "Mozilla/5.0 AppleWebKit/537.36 (KHTML, like Gecko; compatible; GPTBot/1.3; +https://openai.com/gptbot)"
74.7.242.39 - - [04/Apr/2026:12:55:42 +0000] "GET /buy.php?special/broad/108023175 HTTP/1.1" 200 73491 "http://dataharbor.africa/buy.php?item/108023000" "Mozilla/5.0 AppleWebKit/537.36 (KHTML, like Gecko; compatible; GPTBot/1.3; +https://openai.com/gptbot)"
74.7.242.31 - - [04/Apr/2026:12:55:42 +0000] "GET /buy.php?item/160006488 HTTP/1.1" 200 84608 "http://mail.dataharbor.africa/buy.php?item/160006836" "Mozilla/5.0 AppleWebKit/537.36 (KHTML, like Gecko; compatible; GPTBot/1.3; +https://openai.com/gptbot)"
74.7.227.135 - - [04/Apr/2026:12:55:43 +0000] "GET /buy.php?item/290003080 HTTP/1.1" 200 89727 "http://dataharbor.africa.hpierson.com/buy.php?item/290003802" "Mozilla/5.0 AppleWebKit/537.36 (KHTML, like Gecko; compatible; GPTBot/1.3; +https://openai.com/gptbot)"
74.7.227.135 - - [04/Apr/2026:12:55:44 +0000] "GET /buy.php?item/222032790 HTTP/1.1" 200 92293 "http://dataharbor.africa.hpierson.com/buy.php?item/222032962" "Mozilla/5.0 AppleWebKit/537.36 (KHTML, like Gecko; compatible; GPTBot/1.3; +https://openai.com/gptbot)"
74.7.242.39 - - [04/Apr/2026:12:55:44 +0000] "GET /buy.php?item/020002146 HTTP/1.1" 200 87030 "http://dataharbor.africa/buy.php?item/020002738" "Mozilla/5.0 AppleWebKit/537.36 (KHTML, like Gecko; compatible; GPTBot/1.3; +https://openai.com/gptbot)"
74.7.227.135 - - [04/Apr/2026:12:55:44 +0000] "GET /buy.php?item/222015532 HTTP/1.1" 200 104407 "http://dataharbor.africa.hpierson.com/buy.php?item/222012472" "Mozilla/5.0 AppleWebKit/537.36 (KHTML, like Gecko; compatible; GPTBot/1.3; +https://openai.com/gptbot)"
74.7.242.39 - - [04/Apr/2026:12:55:45 +0000] "GET /buy.php?item/020002148 HTTP/1.1" 200 77660 "http://dataharbor.africa/buy.php?item/020002738" "Mozilla/5.0 AppleWebKit/537.36 (KHTML, like Gecko; compatible; GPTBot/1.3; +https://openai.com/gptbot)"
74.7.227.135 - - [04/Apr/2026:12:55:45 +0000] "GET /buy.php?item/222030540 HTTP/1.1" 200 96468 "http://dataharbor.africa.hpierson.com/buy.php?item/222010610" "Mozilla/5.0 AppleWebKit/537.36 (KHTML, like Gecko; compatible; GPTBot/1.3; +https://openai.com/gptbot)"
74.7.242.31 - - [04/Apr/2026:12:55:45 +0000] "GET /buy.php?item/222046760 HTTP/1.1" 200 108555 "http://mail.dataharbor.africa/buy.php?item/222046092" "Mozilla/5.0 AppleWebKit/537.36 (KHTML, like Gecko; compatible; GPTBot/1.3; +https://openai.com/gptbot)"
74.7.242.39 - - [04/Apr/2026:12:55:46 +0000] "GET /buy.php?item/110001854 HTTP/1.1" 200 77351 "http://dataharbor.africa/buy.php?item/110008850" "Mozilla/5.0 AppleWebKit/537.36 (KHTML, like Gecko; compatible; GPTBot/1.3; +https://openai.com/gptbot)"
74.7.227.135 - - [04/Apr/2026:12:55:46 +0000] "GET /buy.php?special/principle/222028079 HTTP/1.1" 200 84558 "http://dataharbor.africa.hpierson.com/buy.php?item/222033636" "Mozilla/5.0 AppleWebKit/537.36 (KHTML, like Gecko; compatible; GPTBot/1.3; +https://openai.com/gptbot)"
74.7.242.31 - - [04/Apr/2026:12:55:47 +0000] "GET /buy.php?item/260002698 HTTP/1.1" 200 87761 "http://mail.dataharbor.africa/buy.php?item/260002964" "Mozilla/5.0 AppleWebKit/537.36 (KHTML, like Gecko; compatible; GPTBot/1.3; +https://openai.com/gptbot)"
74.7.242.39 - - [04/Apr/2026:12:55:47 +0000] "GET /buy.php?item/020002160 HTTP/1.1" 200 78330 "http://dataharbor.africa/buy.php?item/020002740" "Mozilla/5.0 AppleWebKit/537.36 (KHTML, like Gecko; compatible; GPTBot/1.3; +https://openai.com/gptbot)"
74.7.227.135 - - [04/Apr/2026:12:55:47 +0000] "GET /buy.php?special/news/047000502 HTTP/1.1" 200 79017 "http://dataharbor.africa.hpierson.com/buy.php?item/047000501" "Mozilla/5.0 AppleWebKit/537.36 (KHTML, like Gecko; compatible; GPTBot/1.3; +https://openai.com/gptbot)"
74.7.227.135 - - [04/Apr/2026:12:55:48 +0000] "GET /buy.php?special/story/222028075 HTTP/1.1" 200 78366 "http://dataharbor.africa.hpierson.com/buy.php?item/222033636" "Mozilla/5.0 AppleWebKit/537.36 (KHTML, like Gecko; compatible; GPTBot/1.3; +https://openai.com/gptbot)"
74.7.227.135 - - [04/Apr/2026:12:55:49 +0000] "GET /buy.php?item/222028076 HTTP/1.1" 200 78662 "http://dataharbor.africa.hpierson.com/buy.php?item/222033636" "Mozilla/5.0 AppleWebKit/537.36 (KHTML, like Gecko; compatible; GPTBot/1.3; +https://openai.com/gptbot)"
74.7.242.31 - - [04/Apr/2026:12:55:49 +0000] "GET /buy.php?item/199000585 HTTP/1.1" 200 74489 "http://mail.dataharbor.africa/buy.php?item/200049018" "Mozilla/5.0 AppleWebKit/537.36 (KHTML, like Gecko; compatible; GPTBot/1.3; +https://openai.com/gptbot)"
74.7.242.39 - - [04/Apr/2026:12:55:49 +0000] "GET /buy.php?item/110010888 HTTP/1.1" 200 89345 "http://dataharbor.africa/buy.php?special/learning/110013603" "Mozilla/5.0 AppleWebKit/537.36 (KHTML, like Gecko; compatible; GPTBot/1.3; +https://openai.com/gptbot)"
74.7.242.31 - - [04/Apr/2026:12:55:50 +0000] "GET /buy.php?item/222048940 HTTP/1.1" 200 104465 "http://mail.dataharbor.africa/buy.php?item/222047762" "Mozilla/5.0 AppleWebKit/537.36 (KHTML, like Gecko; compatible; GPTBot/1.3; +https://openai.com/gptbot)"
74.7.227.135 - - [04/Apr/2026:12:55:50 +0000] "GET /buy.php?item/222016250 HTTP/1.1" 200 115873 "http://dataharbor.africa.hpierson.com/buy.php?item/222029244" "Mozilla/5.0 AppleWebKit/537.36 (KHTML, like Gecko; compatible; GPTBot/1.3; +https://openai.com/gptbot)"
74.7.227.135 - - [04/Apr/2026:12:55:51 +0000] "GET /buy.php?item/050006838 HTTP/1.1" 200 82369 "http://dataharbor.africa.hpierson.com/buy.php?item/050006512" "Mozilla/5.0 AppleWebKit/537.36 (KHTML, like Gecko; compatible; GPTBot/1.3; +https://openai.com/gptbot)"
74.7.227.135 - - [04/Apr/2026:12:55:52 +0000] "GET /buy.php?detail/0500065016590 HTTP/1.1" 200 84021 "http://dataharbor.africa.hpierson.com/buy.php?item/050006516" "Mozilla/5.0 AppleWebKit/537.36 (KHTML, like Gecko; compatible; GPTBot/1.3; +https://openai.com/gptbot)"
74.7.242.31 - - [04/Apr/2026:12:55:52 +0000] "GET /buy.php?item/300028540 HTTP/1.1" 200 76271 "http://mail.dataharbor.africa/buy.php?item/300029206" "Mozilla/5.0 AppleWebKit/537.36 (KHTML, like Gecko; compatible; GPTBot/1.3; +https://openai.com/gptbot)"
74.7.242.39 - - [04/Apr/2026:12:55:53 +0000] "GET /buy.php?item/045000415 HTTP/1.1" 200 78609 "http://dataharbor.africa/buy.php?item/045000461" "Mozilla/5.0 AppleWebKit/537.36 (KHTML, like Gecko; compatible; GPTBot/1.3; +https://openai.com/gptbot)"
74.7.242.39 - - [04/Apr/2026:12:55:54 +0000] "GET /buy.php?special/compliance/253018488 HTTP/1.1" 200 70091 "http://dataharbor.africa/buy.php?item/020002148" "Mozilla/5.0 AppleWebKit/537.36 (KHTML, like Gecko; compatible; GPTBot/1.3; +https://openai.com/gptbot)"
74.7.242.31 - - [04/Apr/2026:12:55:55 +0000] "GET /buy.php?item/222048674 HTTP/1.1" 200 92954 "http://mail.dataharbor.africa/buy.php?item/222046760" "Mozilla/5.0 AppleWebKit/537.36 (KHTML, like Gecko; compatible; GPTBot/1.3; +https://openai.com/gptbot)"
74.7.227.135 - - [04/Apr/2026:12:55:55 +0000] "GET /buy.php?item/050006836 HTTP/1.1" 200 83873 "http://dataharbor.africa.hpierson.com/buy.php?item/050006512" "Mozilla/5.0 AppleWebKit/537.36 (KHTML, like Gecko; compatible; GPTBot/1.3; +https://openai.com/gptbot)"
74.7.242.39 - - [04/Apr/2026:12:55:56 +0000] "GET /buy.php?special/stable/232045357 HTTP/1.1" 200 78856 "http://dataharbor.africa/buy.php?item/020002148" "Mozilla/5.0 AppleWebKit/537.36 (KHTML, like Gecko; compatible; GPTBot/1.3; +https://openai.com/gptbot)"
74.7.227.135 - - [04/Apr/2026:12:55:56 +0000] "GET /buy.php?goods/107046587 HTTP/1.1" 200 82036 "http://dataharbor.africa.hpierson.com/buy.php?item/222030540" "Mozilla/5.0 AppleWebKit/537.36 (KHTML, like Gecko; compatible; GPTBot/1.3; +https://openai.com/gptbot)"
74.7.242.31 - - [04/Apr/2026:12:55:56 +0000] "GET /buy.php?item/222048672 HTTP/1.1" 200 89499 "http://mail.dataharbor.africa/buy.php?item/222046760" "Mozilla/5.0 AppleWebKit/537.36 (KHTML, like Gecko; compatible; GPTBot/1.3; +https://openai.com/gptbot)"
74.7.227.135 - - [04/Apr/2026:12:55:57 +0000] "GET /buy.php?item/222015752 HTTP/1.1" 200 92917 "http://dataharbor.africa.hpierson.com/buy.php?item/222030540" "Mozilla/5.0 AppleWebKit/537.36 (KHTML, like Gecko; compatible; GPTBot/1.3; +https://openai.com/gptbot)"
74.7.242.31 - - [04/Apr/2026:12:55:57 +0000] "GET /buy.php?item/219000261 HTTP/1.1" 200 84823 "http://mail.dataharbor.africa/buy.php?item/219000287" "Mozilla/5.0 AppleWebKit/537.36 (KHTML, like Gecko; compatible; GPTBot/1.3; +https://openai.com/gptbot)"
74.7.242.39 - - [04/Apr/2026:12:55:58 +0000] "GET /buy.php?item/020002470 HTTP/1.1" 200 78884 "http://dataharbor.africa/buy.php?item/020002148" "Mozilla/5.0 AppleWebKit/537.36 (KHTML, like Gecko; compatible; GPTBot/1.3; +https://openai.com/gptbot)"
74.7.227.135 - - [04/Apr/2026:12:55:58 +0000] "GET /buy.php?item/047000723 HTTP/1.1" 200 75954 "http://dataharbor.africa.hpierson.com/buy.php?special/news/047000502" "Mozilla/5.0 AppleWebKit/537.36 (KHTML, like Gecko; compatible; GPTBot/1.3; +https://openai.com/gptbot)"
74.7.242.31 - - [04/Apr/2026:12:55:59 +0000] "GET /buy.php?item/199000489 HTTP/1.1" 200 80950 "http://mail.dataharbor.africa/buy.php?item/199000585" "Mozilla/5.0 AppleWebKit/537.36 (KHTML, like Gecko; compatible; GPTBot/1.3; +https://openai.com/gptbot)"
74.7.242.39 - - [04/Apr/2026:12:55:59 +0000] "GET /buy.php?item/111001581 HTTP/1.1" 200 75624 "http://dataharbor.africa/buy.php?item/111002187" "Mozilla/5.0 AppleWebKit/537.36 (KHTML, like Gecko; compatible; GPTBot/1.3; +https://openai.com/gptbot)"
74.7.227.135 - - [04/Apr/2026:12:55:59 +0000] "GET /buy.php?item/222015528 HTTP/1.1" 200 89058 "http://dataharbor.africa.hpierson.com/buy.php?item/222012472" "Mozilla/5.0 AppleWebKit/537.36 (KHTML, like Gecko; compatible; GPTBot/1.3; +https://openai.com/gptbot)"
74.7.242.31 - - [04/Apr/2026:12:56:00 +0000] "GET /buy.php?item/126016662 HTTP/1.1" 200 78881 "http://mail.dataharbor.africa/buy.php?item/199000585" "Mozilla/5.0 AppleWebKit/537.36 (KHTML, like Gecko; compatible; GPTBot/1.3; +https://openai.com/gptbot)"
74.7.242.39 - - [04/Apr/2026:12:56:00 +0000] "GET /buy.php?item/111003155 HTTP/1.1" 200 85082 "http://dataharbor.africa/buy.php?item/111004197" "Mozilla/5.0 AppleWebKit/537.36 (KHTML, like Gecko; compatible; GPTBot/1.3; +https://openai.com/gptbot)"
74.7.242.39 - - [04/Apr/2026:12:56:01 +0000] "GET /buy.php?item/194000190 HTTP/1.1" 200 78824 "http://dataharbor.africa/buy.php?item/140033380" "Mozilla/5.0 AppleWebKit/537.36 (KHTML, like Gecko; compatible; GPTBot/1.3; +https://openai.com/gptbot)"
74.7.227.135 - - [04/Apr/2026:12:56:01 +0000] "GET /buy.php?item/222010672 HTTP/1.1" 200 119949 "http://dataharbor.africa.hpierson.com/buy.php?item/222016250" "Mozilla/5.0 AppleWebKit/537.36 (KHTML, like Gecko; compatible; GPTBot/1.3; +https://openai.com/gptbot)"
74.7.227.135 - - [04/Apr/2026:12:56:02 +0000] "GET /buy.php?item/050006692 HTTP/1.1" 200 82543 "http://dataharbor.africa.hpierson.com/buy.php?item/050006838" "Mozilla/5.0 AppleWebKit/537.36 (KHTML, like Gecko; compatible; GPTBot/1.3; +https://openai.com/gptbot)"
74.7.242.31 - - [04/Apr/2026:12:56:02 +0000] "GET /buy.php?item/209016877 HTTP/1.1" 200 85661 "http://mail.dataharbor.africa/buy.php?item/300028540" "Mozilla/5.0 AppleWebKit/537.36 (KHTML, like Gecko; compatible; GPTBot/1.3; +https://openai.com/gptbot)"
74.7.227.135 - - [04/Apr/2026:12:56:03 +0000] "GET /buy.php?item/050006694 HTTP/1.1" 200 88527 "http://dataharbor.africa.hpierson.com/buy.php?item/050006838" "Mozilla/5.0 AppleWebKit/537.36 (KHTML, like Gecko; compatible; GPTBot/1.3; +https://openai.com/gptbot)"
74.7.242.39 - - [04/Apr/2026:12:56:03 +0000] "GET /buy.php?item/100020330 HTTP/1.1" 200 76620 "http://dataharbor.africa/buy.php?item/100020242" "Mozilla/5.0 AppleWebKit/537.36 (KHTML, like Gecko; compatible; GPTBot/1.3; +https://openai.com/gptbot)"
74.7.242.31 - - [04/Apr/2026:12:56:03 +0000] "GET /buy.php?item/300028622 HTTP/1.1" 200 78870 "http://mail.dataharbor.africa/buy.php?item/300028540" "Mozilla/5.0 AppleWebKit/537.36 (KHTML, like Gecko; compatible; GPTBot/1.3; +https://openai.com/gptbot)"
74.7.227.135 - - [04/Apr/2026:12:56:04 +0000] "GET /buy.php?item/047000549 HTTP/1.1" 200 74913 "http://dataharbor.africa.hpierson.com/buy.php?item/047000645" "Mozilla/5.0 AppleWebKit/537.36 (KHTML, like Gecko; compatible; GPTBot/1.3; +https://openai.com/gptbot)"
74.7.227.135 - - [04/Apr/2026:12:56:05 +0000] "GET /buy.php?item/222028144 HTTP/1.1" 200 82476 "http://dataharbor.africa.hpierson.com/buy.php?item/222028076" "Mozilla/5.0 AppleWebKit/537.36 (KHTML, like Gecko; compatible; GPTBot/1.3; +https://openai.com/gptbot)"
74.7.242.31 - - [04/Apr/2026:12:56:05 +0000] "GET /buy.php?item/222046466 HTTP/1.1" 200 90282 "http://mail.dataharbor.africa/buy.php?item/222048674" "Mozilla/5.0 AppleWebKit/537.36 (KHTML, like Gecko; compatible; GPTBot/1.3; +https://openai.com/gptbot)"
74.7.242.39 - - [04/Apr/2026:12:56:06 +0000] "GET /buy.php?item/111001373 HTTP/1.1" 200 79469 "http://dataharbor.africa/buy.php?item/111002409" "Mozilla/5.0 AppleWebKit/537.36 (KHTML, like Gecko; compatible; GPTBot/1.3; +https://openai.com/gptbot)"
74.7.227.135 - - [04/Apr/2026:12:56:06 +0000] "GET /buy.php?item/222031236 HTTP/1.1" 200 88858 "http://dataharbor.africa.hpierson.com/buy.php?item/222015752" "Mozilla/5.0 AppleWebKit/537.36 (KHTML, like Gecko; compatible; GPTBot/1.3; +https://openai.com/gptbot)"
74.7.242.39 - - [04/Apr/2026:12:56:06 +0000] "GET /buy.php?item/058034000 HTTP/1.1" 200 76637 "http://dataharbor.africa/buy.php?item/048000524" "Mozilla/5.0 AppleWebKit/537.36 (KHTML, like Gecko; compatible; GPTBot/1.3; +https://openai.com/gptbot)"
74.7.227.135 - - [04/Apr/2026:12:56:07 +0000] "GET /buy.php?item/222031238 HTTP/1.1" 200 86372 "http://dataharbor.africa.hpierson.com/buy.php?item/222015752" "Mozilla/5.0 AppleWebKit/537.36 (KHTML, like Gecko; compatible; GPTBot/1.3; +https://openai.com/gptbot)"
74.7.227.135 - - [04/Apr/2026:12:56:08 +0000] "GET /buy.php?item/050006840 HTTP/1.1" 200 85138 "http://dataharbor.africa.hpierson.com/buy.php?item/050006512" "Mozilla/5.0 AppleWebKit/537.36 (KHTML, like Gecko; compatible; GPTBot/1.3; +https://openai.com/gptbot)"
74.7.242.31 - - [04/Apr/2026:12:56:08 +0000] "GET /buy.php?item/199000221 HTTP/1.1" 200 83361 "http://mail.dataharbor.africa/buy.php?item/199000489" "Mozilla/5.0 AppleWebKit/537.36 (KHTML, like Gecko; compatible; GPTBot/1.3; +https://openai.com/gptbot)"
74.7.242.39 - - [04/Apr/2026:12:56:09 +0000] "GET /buy.php?special/barely/148023017 HTTP/1.1" 200 83783 "http://dataharbor.africa/buy.php?item/111001581" "Mozilla/5.0 AppleWebKit/537.36 (KHTML, like Gecko; compatible; GPTBot/1.3; +https://openai.com/gptbot)"
74.7.227.135 - - [04/Apr/2026:12:56:09 +0000] "GET /buy.php?item/235022205 HTTP/1.1" 200 81087 "http://dataharbor.africa.hpierson.com/buy.php?special/principle/222028079" "Mozilla/5.0 AppleWebKit/537.36 (KHTML, like Gecko; compatible; GPTBot/1.3; +https://openai.com/gptbot)"
74.7.242.39 - - [04/Apr/2026:12:56:10 +0000] "GET /buy.php?item/111003971 HTTP/1.1" 200 73930 "http://dataharbor.africa/buy.php?item/111003155" "Mozilla/5.0 AppleWebKit/537.36 (KHTML, like Gecko; compatible; GPTBot/1.3; +https://openai.com/gptbot)"
74.7.227.135 - - [04/Apr/2026:12:56:10 +0000] "GET /buy.php?item/222012104 HTTP/1.1" 200 117663 "http://dataharbor.africa.hpierson.com/buy.php?item/222009248" "Mozilla/5.0 AppleWebKit/537.36 (KHTML, like Gecko; compatible; GPTBot/1.3; +https://openai.com/gptbot)"
74.7.242.31 - - [04/Apr/2026:12:56:10 +0000] "GET /buy.php?item/222046464 HTTP/1.1" 200 88554 "http://mail.dataharbor.africa/buy.php?item/222048674" "Mozilla/5.0 AppleWebKit/537.36 (KHTML, like Gecko; compatible; GPTBot/1.3; +https://openai.com/gptbot)"
74.7.227.135 - - [04/Apr/2026:12:56:11 +0000] "GET /buy.php?item/050006424 HTTP/1.1" 200 82125 "http://dataharbor.africa.hpierson.com/buy.php?item/050006692" "Mozilla/5.0 AppleWebKit/537.36 (KHTML, like Gecko; compatible; GPTBot/1.3; +https://openai.com/gptbot)"
74.7.242.39 - - [04/Apr/2026:12:56:11 +0000] "GET /buy.php?item/111016193 HTTP/1.1" 200 80457 "http://dataharbor.africa/buy.php?item/111015825" "Mozilla/5.0 AppleWebKit/537.36 (KHTML, like Gecko; compatible; GPTBot/1.3; +https://openai.com/gptbot)"
74.7.227.135 - - [04/Apr/2026:12:56:12 +0000] "GET /buy.php?item/050006416 HTTP/1.1" 200 84532 "http://dataharbor.africa.hpierson.com/buy.php?item/050006694" "Mozilla/5.0 AppleWebKit/537.36 (KHTML, like Gecko; compatible; GPTBot/1.3; +https://openai.com/gptbot)"
74.7.242.39 - - [04/Apr/2026:12:56:12 +0000] "GET /buy.php?item/011000145 HTTP/1.1" 200 82620 "http://dataharbor.africa/buy.php?item/011000629" "Mozilla/5.0 AppleWebKit/537.36 (KHTML, like Gecko; compatible; GPTBot/1.3; +https://openai.com/gptbot)"
74.7.227.135 - - [04/Apr/2026:12:56:13 +0000] "GET /buy.php?item/050006414 HTTP/1.1" 200 80402 "http://dataharbor.africa.hpierson.com/buy.php?item/050006694" "Mozilla/5.0 AppleWebKit/537.36 (KHTML, like Gecko; compatible; GPTBot/1.3; +https://openai.com/gptbot)"
74.7.242.31 - - [04/Apr/2026:12:56:13 +0000] "GET /buy.php?item/200014406 HTTP/1.1" 200 72545 "http://mail.dataharbor.africa/buy.php?item/300028622" "Mozilla/5.0 AppleWebKit/537.36 (KHTML, like Gecko; compatible; GPTBot/1.3; +https://openai.com/gptbot)"
74.7.242.39 - - [04/Apr/2026:12:56:13 +0000] "GET /buy.php?item/077000647 HTTP/1.1" 200 81634 "http://dataharbor.africa/buy.php?item/077000529" "Mozilla/5.0 AppleWebKit/537.36 (KHTML, like Gecko; compatible; GPTBot/1.3; +https://openai.com/gptbot)"
74.7.227.135 - - [04/Apr/2026:12:56:14 +0000] "GET /buy.php?item/047000657 HTTP/1.1" 200 75775 "http://dataharbor.africa.hpierson.com/buy.php?item/047000549" "Mozilla/5.0 AppleWebKit/537.36 (KHTML, like Gecko; compatible; GPTBot/1.3; +https://openai.com/gptbot)"
74.7.227.135 - - [04/Apr/2026:12:56:14 +0000] "GET /buy.php?item/047000717 HTTP/1.1" 200 79996 "http://dataharbor.africa.hpierson.com/buy.php?item/047000499" "Mozilla/5.0 AppleWebKit/537.36 (KHTML, like Gecko; compatible; GPTBot/1.3; +https://openai.com/gptbot)"
74.7.242.31 - - [04/Apr/2026:12:56:14 +0000] "GET /buy.php?item/300028230 HTTP/1.1" 200 85038 "http://mail.dataharbor.africa/buy.php?item/300028622" "Mozilla/5.0 AppleWebKit/537.36 (KHTML, like Gecko; compatible; GPTBot/1.3; +https://openai.com/gptbot)"
74.7.242.39 - - [04/Apr/2026:12:56:15 +0000] "GET /buy.php?item/222007078 HTTP/1.1" 200 81848 "http://dataharbor.africa/buy.php?item/222005450" "Mozilla/5.0 AppleWebKit/537.36 (KHTML, like Gecko; compatible; GPTBot/1.3; +https://openai.com/gptbot)"
74.7.227.135 - - [04/Apr/2026:12:56:15 +0000] "GET /buy.php?item/222016252 HTTP/1.1" 200 113961 "http://dataharbor.africa.hpierson.com/buy.php?item/222029244" "Mozilla/5.0 AppleWebKit/537.36 (KHTML, like Gecko; compatible; GPTBot/1.3; +https://openai.com/gptbot)"
74.7.242.31 - - [04/Apr/2026:12:56:16 +0000] "GET /buy.php?item/300028232 HTTP/1.1" 200 87513 "http://mail.dataharbor.africa/buy.php?item/300028622" "Mozilla/5.0 AppleWebKit/537.36 (KHTML, like Gecko; compatible; GPTBot/1.3; +https://openai.com/gptbot)"
74.7.227.135 - - [04/Apr/2026:12:56:16 +0000] "GET /buy.php?item/222033034 HTTP/1.1" 200 90722 "http://dataharbor.africa.hpierson.com/buy.php?item/222010982" "Mozilla/5.0 AppleWebKit/537.36 (KHTML, like Gecko; compatible; GPTBot/1.3; +https://openai.com/gptbot)"
74.7.242.31 - - [04/Apr/2026:12:56:16 +0000] "GET /buy.php?item/300028228 HTTP/1.1" 200 83010 "http://mail.dataharbor.africa/buy.php?item/300028622" "Mozilla/5.0 AppleWebKit/537.36 (KHTML, like Gecko; compatible; GPTBot/1.3; +https://openai.com/gptbot)"
74.7.242.39 - - [04/Apr/2026:12:56:17 +0000] "GET /buy.php?item/222001024 HTTP/1.1" 200 82189 "http://dataharbor.africa/buy.php?item/222007210" "Mozilla/5.0 AppleWebKit/537.36 (KHTML, like Gecko; compatible; GPTBot/1.3; +https://openai.com/gptbot)"
74.7.227.135 - - [04/Apr/2026:12:56:17 +0000] "GET /buy.php?item/222028384 HTTP/1.1" 200 87797 "http://dataharbor.africa.hpierson.com/buy.php?item/222031238" "Mozilla/5.0 AppleWebKit/537.36 (KHTML, like Gecko; compatible; GPTBot/1.3; +https://openai.com/gptbot)"
74.7.227.135 - - [04/Apr/2026:12:56:18 +0000] "GET /buy.php?item/050006572 HTTP/1.1" 200 80396 "http://dataharbor.africa.hpierson.com/buy.php?item/050006840" "Mozilla/5.0 AppleWebKit/537.36 (KHTML, like Gecko; compatible; GPTBot/1.3; +https://openai.com/gptbot)"
74.7.242.31 - - [04/Apr/2026:12:56:19 +0000] "GET /buy.php?item/199000529 HTTP/1.1" 200 74067 "http://mail.dataharbor.africa/buy.php?item/199000221" "Mozilla/5.0 AppleWebKit/537.36 (KHTML, like Gecko; compatible; GPTBot/1.3; +https://openai.com/gptbot)"
74.7.227.135 - - [04/Apr/2026:12:56:19 +0000] "GET /buy.php?item/222028386 HTTP/1.1" 200 84611 "http://dataharbor.africa.hpierson.com/buy.php?item/222031238" "Mozilla/5.0 AppleWebKit/537.36 (KHTML, like Gecko; compatible; GPTBot/1.3; +https://openai.com/gptbot)"
74.7.227.135 - - [04/Apr/2026:12:56:19 +0000] "GET /buy.php?item/050006574 HTTP/1.1" 200 87108 "http://dataharbor.africa.hpierson.com/buy.php?item/050006840" "Mozilla/5.0 AppleWebKit/537.36 (KHTML, like Gecko; compatible; GPTBot/1.3; +https://openai.com/gptbot)"
74.7.242.31 - - [04/Apr/2026:12:56:20 +0000] "GET /buy.php?item/068000018 HTTP/1.1" 200 87966 "http://mail.dataharbor.africa/buy.php?item/222048674" "Mozilla/5.0 AppleWebKit/537.36 (KHTML, like Gecko; compatible; GPTBot/1.3; +https://openai.com/gptbot)"
74.7.242.39 - - [04/Apr/2026:12:56:20 +0000] "GET /buy.php?item/111004371 HTTP/1.1" 200 82878 "http://dataharbor.africa/buy.php?item/111003971" "Mozilla/5.0 AppleWebKit/537.36 (KHTML, like Gecko; compatible; GPTBot/1.3; +https://openai.com/gptbot)"
74.7.227.135 - - [04/Apr/2026:12:56:20 +0000] "GET /buy.php?item/222014700 HTTP/1.1" 200 92381 "http://dataharbor.africa.hpierson.com/buy.php?item/222012104" "Mozilla/5.0 AppleWebKit/537.36 (KHTML, like Gecko; compatible; GPTBot/1.3; +https://openai.com/gptbot)"
74.7.227.135 - - [04/Apr/2026:12:56:21 +0000] "GET /buy.php?item/222014702 HTTP/1.1" 200 89464 "http://dataharbor.africa.hpierson.com/buy.php?item/222012104" "Mozilla/5.0 AppleWebKit/537.36 (KHTML, like Gecko; compatible; GPTBot/1.3; +https://openai.com/gptbot)"
74.7.242.39 - - [04/Apr/2026:12:56:22 +0000] "GET /buy.php?item/111015323 HTTP/1.1" 200 73398 "http://dataharbor.africa/buy.php?item/111016193" "Mozilla/5.0 AppleWebKit/537.36 (KHTML, like Gecko; compatible; GPTBot/1.3; +https://openai.com/gptbot)"
74.7.227.135 - - [04/Apr/2026:12:56:22 +0000] "GET /buy.php?item/050006496 HTTP/1.1" 200 81903 "http://dataharbor.africa.hpierson.com/buy.php?item/050006424" "Mozilla/5.0 AppleWebKit/537.36 (KHTML, like Gecko; compatible; GPTBot/1.3; +https://openai.com/gptbot)"
74.7.242.39 - - [04/Apr/2026:12:56:23 +0000] "GET /buy.php?item/111015317 HTTP/1.1" 200 81510 "http://dataharbor.africa/buy.php?item/111016193" "Mozilla/5.0 AppleWebKit/537.36 (KHTML, like Gecko; compatible; GPTBot/1.3; +https://openai.com/gptbot)"
74.7.227.135 - - [04/Apr/2026:12:56:23 +0000] "GET /buy.php?item/047000673 HTTP/1.1" 200 73789 "http://dataharbor.africa.hpierson.com/buy.php?item/047000657" "Mozilla/5.0 AppleWebKit/537.36 (KHTML, like Gecko; compatible; GPTBot/1.3; +https://openai.com/gptbot)"
74.7.242.31 - - [04/Apr/2026:12:56:23 +0000] "GET /buy.php?item/130008610 HTTP/1.1" 200 85051 "http://mail.dataharbor.africa/buy.php?item/300028230" "Mozilla/5.0 AppleWebKit/537.36 (KHTML, like Gecko; compatible; GPTBot/1.3; +https://openai.com/gptbot)"
74.7.227.135 - - [04/Apr/2026:12:56:24 +0000] "GET /buy.php?item/047000671 HTTP/1.1" 200 72444 "http://dataharbor.africa.hpierson.com/buy.php?item/047000657" "Mozilla/5.0 AppleWebKit/537.36 (KHTML, like Gecko; compatible; GPTBot/1.3; +https://openai.com/gptbot)"
74.7.242.39 - - [04/Apr/2026:12:56:24 +0000] "GET /buy.php?item/111015321 HTTP/1.1" 200 77830 "http://dataharbor.africa/buy.php?item/111016193" "Mozilla/5.0 AppleWebKit/537.36 (KHTML, like Gecko; compatible; GPTBot/1.3; +https://openai.com/gptbot)"
74.7.242.31 - - [04/Apr/2026:12:56:24 +0000] "GET /buy.php?item/300028260 HTTP/1.1" 200 79440 "http://mail.dataharbor.africa/buy.php?item/300028230" "Mozilla/5.0 AppleWebKit/537.36 (KHTML, like Gecko; compatible; GPTBot/1.3; +https://openai.com/gptbot)"
74.7.227.135 - - [04/Apr/2026:12:56:25 +0000] "GET /buy.php?item/050009926 HTTP/1.1" 200 85916 "http://dataharbor.africa.hpierson.com/buy.php?item/047000717" "Mozilla/5.0 AppleWebKit/537.36 (KHTML, like Gecko; compatible; GPTBot/1.3; +https://openai.com/gptbot)"
74.7.242.39 - - [04/Apr/2026:12:56:25 +0000] "GET /buy.php?item/111015319 HTTP/1.1" 200 105450 "http://dataharbor.africa/buy.php?item/111016193" "Mozilla/5.0 AppleWebKit/537.36 (KHTML, like Gecko; compatible; GPTBot/1.3; +https://openai.com/gptbot)"
74.7.241.175 - - [04/Apr/2026:12:56:26 +0000] "GET /robots.txt HTTP/1.1" 200 389 "-" "Mozilla/5.0 (Macintosh; Intel Mac OS X 10_15_7) AppleWebKit/537.36 (KHTML, like Gecko) Chrome/131.0.0.0 Safari/537.36; compatible; OAI-SearchBot/1.3; robots.txt; +https://openai.com/searchbot"
74.7.227.135 - - [04/Apr/2026:12:56:25 +0000] "GET /buy.php?item/102000294 HTTP/1.1" 200 80411 "http://dataharbor.africa.hpierson.com/buy.php?item/222016252" "Mozilla/5.0 AppleWebKit/537.36 (KHTML, like Gecko; compatible; GPTBot/1.3; +https://openai.com/gptbot)"
74.7.242.39 - - [04/Apr/2026:12:56:26 +0000] "GET /buy.php?item/111015313 HTTP/1.1" 200 89086 "http://dataharbor.africa/buy.php?item/111016193" "Mozilla/5.0 AppleWebKit/537.36 (KHTML, like Gecko; compatible; GPTBot/1.3; +https://openai.com/gptbot)"
74.7.227.135 - - [04/Apr/2026:12:56:26 +0000] "GET /buy.php?special/sweat/222010555 HTTP/1.1" 200 105781 "http://dataharbor.africa.hpierson.com/buy.php?item/222028384" "Mozilla/5.0 AppleWebKit/537.36 (KHTML, like Gecko; compatible; GPTBot/1.3; +https://openai.com/gptbot)"
74.7.242.39 - - [04/Apr/2026:12:56:27 +0000] "GET /buy.php?item/222005074 HTTP/1.1" 200 86334 "http://dataharbor.africa/buy.php?item/222001024" "Mozilla/5.0 AppleWebKit/537.36 (KHTML, like Gecko; compatible; GPTBot/1.3; +https://openai.com/gptbot)"
74.7.227.135 - - [04/Apr/2026:12:56:27 +0000] "GET /buy.php?item/050006528 HTTP/1.1" 200 84559 "http://dataharbor.africa.hpierson.com/buy.php?item/050006414" "Mozilla/5.0 AppleWebKit/537.36 (KHTML, like Gecko; compatible; GPTBot/1.3; +https://openai.com/gptbot)"
74.7.242.31 - - [04/Apr/2026:12:56:28 +0000] "GET /buy.php?item/199000289 HTTP/1.1" 200 81896 "http://mail.dataharbor.africa/buy.php?item/199000529" "Mozilla/5.0 AppleWebKit/537.36 (KHTML, like Gecko; compatible; GPTBot/1.3; +https://openai.com/gptbot)"
74.7.227.135 - - [04/Apr/2026:12:56:28 +0000] "GET /buy.php?item/222011342 HTTP/1.1" 200 81938 "http://dataharbor.africa.hpierson.com/buy.php?item/222028386" "Mozilla/5.0 AppleWebKit/537.36 (KHTML, like Gecko; compatible; GPTBot/1.3; +https://openai.com/gptbot)"
74.7.242.39 - - [04/Apr/2026:12:56:29 +0000] "GET /buy.php?item/011000929 HTTP/1.1" 200 95157 "http://dataharbor.africa/buy.php?item/011000761" "Mozilla/5.0 AppleWebKit/537.36 (KHTML, like Gecko; compatible; GPTBot/1.3; +https://openai.com/gptbot)"
74.7.227.135 - - [04/Apr/2026:12:56:30 +0000] "GET /buy.php?item/050006612 HTTP/1.1" 200 87166 "http://dataharbor.africa.hpierson.com/buy.php?item/050006574" "Mozilla/5.0 AppleWebKit/537.36 (KHTML, like Gecko; compatible; GPTBot/1.3; +https://openai.com/gptbot)"
74.7.242.39 - - [04/Apr/2026:12:56:30 +0000] "GET /buy.php?item/111013617 HTTP/1.1" 200 71608 "http://dataharbor.africa/buy.php?item/031000617" "Mozilla/5.0 AppleWebKit/537.36 (KHTML, like Gecko; compatible; GPTBot/1.3; +https://openai.com/gptbot)"
74.7.227.135 - - [04/Apr/2026:12:56:30 +0000] "GET /buy.php?item/222011752 HTTP/1.1" 200 91400 "http://dataharbor.africa.hpierson.com/buy.php?item/222016252" "Mozilla/5.0 AppleWebKit/537.36 (KHTML, like Gecko; compatible; GPTBot/1.3; +https://openai.com/gptbot)"
74.7.242.39 - - [04/Apr/2026:12:56:31 +0000] "GET /buy.php?item/111015603 HTTP/1.1" 200 82886 "http://dataharbor.africa/buy.php?item/111015323" "Mozilla/5.0 AppleWebKit/537.36 (KHTML, like Gecko; compatible; GPTBot/1.3; +https://openai.com/gptbot)"
74.7.227.135 - - [04/Apr/2026:12:56:31 +0000] "GET /buy.php?item/047000675 HTTP/1.1" 200 79283 "http://dataharbor.africa.hpierson.com/buy.php?item/047000657" "Mozilla/5.0 AppleWebKit/537.36 (KHTML, like Gecko; compatible; GPTBot/1.3; +https://openai.com/gptbot)"
74.7.242.39 - - [04/Apr/2026:12:56:32 +0000] "GET /buy.php?item/111015609 HTTP/1.1" 200 81093 "http://dataharbor.africa/buy.php?item/111015323" "Mozilla/5.0 AppleWebKit/537.36 (KHTML, like Gecko; compatible; GPTBot/1.3; +https://openai.com/gptbot)"
74.7.227.135 - - [04/Apr/2026:12:56:32 +0000] "GET /buy.php?item/087011249 HTTP/1.1" 200 76743 "http://dataharbor.africa.hpierson.com/buy.php?item/050006496" "Mozilla/5.0 AppleWebKit/537.36 (KHTML, like Gecko; compatible; GPTBot/1.3; +https://openai.com/gptbot)"
74.7.242.39 - - [04/Apr/2026:12:56:32 +0000] "GET /buy.php?item/111015601 HTTP/1.1" 200 88713 "http://dataharbor.africa/buy.php?item/111015323" "Mozilla/5.0 AppleWebKit/537.36 (KHTML, like Gecko; compatible; GPTBot/1.3; +https://openai.com/gptbot)"
74.7.227.135 - - [04/Apr/2026:12:56:33 +0000] "GET /buy.php?item/050006422 HTTP/1.1" 200 83784 "http://dataharbor.africa.hpierson.com/buy.php?item/050006416" "Mozilla/5.0 AppleWebKit/537.36 (KHTML, like Gecko; compatible; GPTBot/1.3; +https://openai.com/gptbot)"
74.7.227.135 - - [04/Apr/2026:12:56:34 +0000] "GET /buy.php?special/soften/047000736 HTTP/1.1" 200 77990 "http://dataharbor.africa.hpierson.com/buy.php?item/047000671" "Mozilla/5.0 AppleWebKit/537.36 (KHTML, like Gecko; compatible; GPTBot/1.3; +https://openai.com/gptbot)"
74.7.242.39 - - [04/Apr/2026:12:56:34 +0000] "GET /buy.php?item/111015985 HTTP/1.1" 200 82292 "http://dataharbor.africa/buy.php?item/111015321" "Mozilla/5.0 AppleWebKit/537.36 (KHTML, like Gecko; compatible; GPTBot/1.3; +https://openai.com/gptbot)"
74.7.242.39 - - [04/Apr/2026:12:56:34 +0000] "GET /buy.php?item/111015955 HTTP/1.1" 200 76207 "http://dataharbor.africa/buy.php?item/111015319" "Mozilla/5.0 AppleWebKit/537.36 (KHTML, like Gecko; compatible; GPTBot/1.3; +https://openai.com/gptbot)"
74.7.227.135 - - [04/Apr/2026:12:56:34 +0000] "GET /buy.php?item/047000735 HTTP/1.1" 200 78872 "http://dataharbor.africa.hpierson.com/buy.php?item/047000671" "Mozilla/5.0 AppleWebKit/537.36 (KHTML, like Gecko; compatible; GPTBot/1.3; +https://openai.com/gptbot)"
74.7.242.31 - - [04/Apr/2026:12:56:34 +0000] "GET /buy.php?item/111022249 HTTP/1.1" 200 72222 "http://mail.dataharbor.africa/buy.php?item/300028260" "Mozilla/5.0 AppleWebKit/537.36 (KHTML, like Gecko; compatible; GPTBot/1.3; +https://openai.com/gptbot)"
74.7.242.31 - - [04/Apr/2026:12:56:35 +0000] "GET /buy.php?item/219000137 HTTP/1.1" 200 81796 "http://mail.dataharbor.africa/buy.php?item/219000261" "Mozilla/5.0 AppleWebKit/537.36 (KHTML, like Gecko; compatible; GPTBot/1.3; +https://openai.com/gptbot)"
74.7.242.39 - - [04/Apr/2026:12:56:35 +0000] "GET /buy.php?item/111016109 HTTP/1.1" 200 96836 "http://dataharbor.africa/buy.php?item/111015313" "Mozilla/5.0 AppleWebKit/537.36 (KHTML, like Gecko; compatible; GPTBot/1.3; +https://openai.com/gptbot)"
74.7.227.135 - - [04/Apr/2026:12:56:35 +0000] "GET /buy.php?item/050006614 HTTP/1.1" 200 85100 "http://dataharbor.africa.hpierson.com/buy.php?item/050006574" "Mozilla/5.0 AppleWebKit/537.36 (KHTML, like Gecko; compatible; GPTBot/1.3; +https://openai.com/gptbot)"
74.7.242.31 - - [04/Apr/2026:12:56:36 +0000] "GET /buy.php?item/131000229 HTTP/1.1" 200 76384 "http://mail.dataharbor.africa/buy.php?item/300028260" "Mozilla/5.0 AppleWebKit/537.36 (KHTML, like Gecko; compatible; GPTBot/1.3; +https://openai.com/gptbot)"
74.7.242.39 - - [04/Apr/2026:12:56:36 +0000] "GET /buy.php?item/111016107 HTTP/1.1" 200 75943 "http://dataharbor.africa/buy.php?item/111015313" "Mozilla/5.0 AppleWebKit/537.36 (KHTML, like Gecko; compatible; GPTBot/1.3; +https://openai.com/gptbot)"
74.7.227.135 - - [04/Apr/2026:12:56:36 +0000] "GET /buy.php?item/222009672 HTTP/1.1" 200 84947 "http://dataharbor.africa.hpierson.com/buy.php?special/sweat/222010555" "Mozilla/5.0 AppleWebKit/537.36 (KHTML, like Gecko; compatible; GPTBot/1.3; +https://openai.com/gptbot)"
74.7.242.39 - - [04/Apr/2026:12:56:37 +0000] "GET /buy.php?item/111015961 HTTP/1.1" 200 84729 "http://dataharbor.africa/buy.php?item/111015319" "Mozilla/5.0 AppleWebKit/537.36 (KHTML, like Gecko; compatible; GPTBot/1.3; +https://openai.com/gptbot)"
74.7.227.135 - - [04/Apr/2026:12:56:37 +0000] "GET /buy.php?item/222027390 HTTP/1.1" 200 79402 "http://dataharbor.africa.hpierson.com/buy.php?item/222033034" "Mozilla/5.0 AppleWebKit/537.36 (KHTML, like Gecko; compatible; GPTBot/1.3; +https://openai.com/gptbot)"
74.7.242.31 - - [04/Apr/2026:12:56:37 +0000] "GET /buy.php?item/199000531 HTTP/1.1" 200 81046 "http://mail.dataharbor.africa/buy.php?item/199000221" "Mozilla/5.0 AppleWebKit/537.36 (KHTML, like Gecko; compatible; GPTBot/1.3; +https://openai.com/gptbot)"
74.7.242.39 - - [04/Apr/2026:12:56:37 +0000] "GET /buy.php?item/111015951 HTTP/1.1" 200 91651 "http://dataharbor.africa/buy.php?item/111015319" "Mozilla/5.0 AppleWebKit/537.36 (KHTML, like Gecko; compatible; GPTBot/1.3; +https://openai.com/gptbot)"
74.7.227.135 - - [04/Apr/2026:12:56:37 +0000] "GET /buy.php?item/050006524 HTTP/1.1" 200 84665 "http://dataharbor.africa.hpierson.com/buy.php?item/050006572" "Mozilla/5.0 AppleWebKit/537.36 (KHTML, like Gecko; compatible; GPTBot/1.3; +https://openai.com/gptbot)"
