74.7.242.31 - - [04/Apr/2026:12:13:08 +0000] "GET /buy.php?special/per/117000540 HTTP/1.1" 200 76911 "http://mail.dataharbor.africa/buy.php?item/117000573" "Mozilla/5.0 AppleWebKit/537.36 (KHTML, like Gecko; compatible; GPTBot/1.3; +https://openai.com/gptbot)"
74.7.242.39 - - [04/Apr/2026:12:13:08 +0000] "GET /buy.php?item/222022180 HTTP/1.1" 200 79278 "http://dataharbor.africa/buy.php?item/222018520" "Mozilla/5.0 AppleWebKit/537.36 (KHTML, like Gecko; compatible; GPTBot/1.3; +https://openai.com/gptbot)"
74.7.242.39 - - [04/Apr/2026:12:13:09 +0000] "GET /buy.php?item/017000613 HTTP/1.1" 200 78185 "http://dataharbor.africa/buy.php?item/017000617" "Mozilla/5.0 AppleWebKit/537.36 (KHTML, like Gecko; compatible; GPTBot/1.3; +https://openai.com/gptbot)"
74.7.242.39 - - [04/Apr/2026:12:13:11 +0000] "GET /buy.php?item/017000609 HTTP/1.1" 200 78286 "http://dataharbor.africa/buy.php?item/017000617" "Mozilla/5.0 AppleWebKit/537.36 (KHTML, like Gecko; compatible; GPTBot/1.3; +https://openai.com/gptbot)"
74.7.242.39 - - [04/Apr/2026:12:13:11 +0000] "GET /buy.php?item/017000611 HTTP/1.1" 200 77218 "http://dataharbor.africa/buy.php?item/017000617" "Mozilla/5.0 AppleWebKit/537.36 (KHTML, like Gecko; compatible; GPTBot/1.3; +https://openai.com/gptbot)"
74.7.242.31 - - [04/Apr/2026:12:13:12 +0000] "GET /buy.php?item/020012888 HTTP/1.1" 200 77135 "http://mail.dataharbor.africa/buy.php?item/090003570" "Mozilla/5.0 AppleWebKit/537.36 (KHTML, like Gecko; compatible; GPTBot/1.3; +https://openai.com/gptbot)"
74.7.242.39 - - [04/Apr/2026:12:13:15 +0000] "GET /buy.php?item/110001224 HTTP/1.1" 200 83366 "http://dataharbor.africa/buy.php?item/110005616" "Mozilla/5.0 AppleWebKit/537.36 (KHTML, like Gecko; compatible; GPTBot/1.3; +https://openai.com/gptbot)"
74.7.242.39 - - [04/Apr/2026:12:13:16 +0000] "GET /buy.php?item/100011920 HTTP/1.1" 200 73259 "http://dataharbor.africa/buy.php?item/100012054" "Mozilla/5.0 AppleWebKit/537.36 (KHTML, like Gecko; compatible; GPTBot/1.3; +https://openai.com/gptbot)"
74.7.242.31 - - [04/Apr/2026:12:13:17 +0000] "GET /buy.php?item/207017777 HTTP/1.1" 200 70672 "http://mail.dataharbor.africa/buy.php?item/251000193" "Mozilla/5.0 AppleWebKit/537.36 (KHTML, like Gecko; compatible; GPTBot/1.3; +https://openai.com/gptbot)"
74.7.242.39 - - [04/Apr/2026:12:13:17 +0000] "GET /buy.php?item/222025118 HTTP/1.1" 200 79076 "http://dataharbor.africa/buy.php?item/222022180" "Mozilla/5.0 AppleWebKit/537.36 (KHTML, like Gecko; compatible; GPTBot/1.3; +https://openai.com/gptbot)"
74.7.242.31 - - [04/Apr/2026:12:13:18 +0000] "GET /buy.php?item/111004993 HTTP/1.1" 200 78366 "http://mail.dataharbor.africa/buy.php?item/111004811" "Mozilla/5.0 AppleWebKit/537.36 (KHTML, like Gecko; compatible; GPTBot/1.3; +https://openai.com/gptbot)"
74.7.242.39 - - [04/Apr/2026:12:13:18 +0000] "GET /buy.php?item/017000705 HTTP/1.1" 200 73754 "http://dataharbor.africa/buy.php?item/017000613" "Mozilla/5.0 AppleWebKit/537.36 (KHTML, like Gecko; compatible; GPTBot/1.3; +https://openai.com/gptbot)"
74.7.242.39 - - [04/Apr/2026:12:13:19 +0000] "GET /buy.php?item/017000709 HTTP/1.1" 200 72533 "http://dataharbor.africa/buy.php?item/017000613" "Mozilla/5.0 AppleWebKit/537.36 (KHTML, like Gecko; compatible; GPTBot/1.3; +https://openai.com/gptbot)"
74.7.242.39 - - [04/Apr/2026:12:13:20 +0000] "GET /buy.php?item/111007031 HTTP/1.1" 200 72682 "http://dataharbor.africa/buy.php?item/111004821" "Mozilla/5.0 AppleWebKit/537.36 (KHTML, like Gecko; compatible; GPTBot/1.3; +https://openai.com/gptbot)"
74.7.242.39 - - [04/Apr/2026:12:13:21 +0000] "GET /buy.php?item/017000969 HTTP/1.1" 200 74187 "http://dataharbor.africa/buy.php?item/017000611" "Mozilla/5.0 AppleWebKit/537.36 (KHTML, like Gecko; compatible; GPTBot/1.3; +https://openai.com/gptbot)"
74.7.242.39 - - [04/Apr/2026:12:13:21 +0000] "GET /buy.php?item/017000973 HTTP/1.1" 200 82457 "http://dataharbor.africa/buy.php?item/017000611" "Mozilla/5.0 AppleWebKit/537.36 (KHTML, like Gecko; compatible; GPTBot/1.3; +https://openai.com/gptbot)"
74.7.242.31 - - [04/Apr/2026:12:13:23 +0000] "GET /buy.php?item/033046661 HTTP/1.1" 200 71743 "http://mail.dataharbor.africa/buy.php?item/160001902" "Mozilla/5.0 AppleWebKit/537.36 (KHTML, like Gecko; compatible; GPTBot/1.3; +https://openai.com/gptbot)"
74.7.242.39 - - [04/Apr/2026:12:13:24 +0000] "GET /buy.php?item/110004550 HTTP/1.1" 200 81359 "http://dataharbor.africa/buy.php?item/110001224" "Mozilla/5.0 AppleWebKit/537.36 (KHTML, like Gecko; compatible; GPTBot/1.3; +https://openai.com/gptbot)"
74.7.242.31 - - [04/Apr/2026:12:13:25 +0000] "GET /buy.php?item/136022258 HTTP/1.1" 200 67809 "http://mail.dataharbor.africa/buy.php?item/070005630" "Mozilla/5.0 AppleWebKit/537.36 (KHTML, like Gecko; compatible; GPTBot/1.3; +https://openai.com/gptbot)"
74.7.242.39 - - [04/Apr/2026:12:13:26 +0000] "GET /buy.php?item/100012064 HTTP/1.1" 200 75636 "http://dataharbor.africa/buy.php?item/100011920" "Mozilla/5.0 AppleWebKit/537.36 (KHTML, like Gecko; compatible; GPTBot/1.3; +https://openai.com/gptbot)"
74.7.242.39 - - [04/Apr/2026:12:13:26 +0000] "GET /buy.php?item/017000971 HTTP/1.1" 200 80847 "http://dataharbor.africa/buy.php?item/017000611" "Mozilla/5.0 AppleWebKit/537.36 (KHTML, like Gecko; compatible; GPTBot/1.3; +https://openai.com/gptbot)"
74.7.242.31 - - [04/Apr/2026:12:13:27 +0000] "GET /buy.php?item/111004615 HTTP/1.1" 200 74961 "http://mail.dataharbor.africa/buy.php?item/111004993" "Mozilla/5.0 AppleWebKit/537.36 (KHTML, like Gecko; compatible; GPTBot/1.3; +https://openai.com/gptbot)"
74.7.242.39 - - [04/Apr/2026:12:13:27 +0000] "GET /buy.php?item/111011967 HTTP/1.1" 200 70472 "http://dataharbor.africa/buy.php?item/111011983" "Mozilla/5.0 AppleWebKit/537.36 (KHTML, like Gecko; compatible; GPTBot/1.3; +https://openai.com/gptbot)"
74.7.242.39 - - [04/Apr/2026:12:13:28 +0000] "GET /buy.php?item/017000795 HTTP/1.1" 200 83386 "http://dataharbor.africa/buy.php?item/017000709" "Mozilla/5.0 AppleWebKit/537.36 (KHTML, like Gecko; compatible; GPTBot/1.3; +https://openai.com/gptbot)"
74.7.242.39 - - [04/Apr/2026:12:13:29 +0000] "GET /buy.php?item/111005031 HTTP/1.1" 200 87078 "http://dataharbor.africa/buy.php?item/111007031" "Mozilla/5.0 AppleWebKit/537.36 (KHTML, like Gecko; compatible; GPTBot/1.3; +https://openai.com/gptbot)"
74.7.242.31 - - [04/Apr/2026:12:13:29 +0000] "GET /buy.php?item/020003146 HTTP/1.1" 200 84873 "http://mail.dataharbor.africa/buy.php?item/020003252" "Mozilla/5.0 AppleWebKit/537.36 (KHTML, like Gecko; compatible; GPTBot/1.3; +https://openai.com/gptbot)"
74.7.242.39 - - [04/Apr/2026:12:13:30 +0000] "GET /buy.php?item/017000655 HTTP/1.1" 200 75680 "http://dataharbor.africa/buy.php?item/017000969" "Mozilla/5.0 AppleWebKit/537.36 (KHTML, like Gecko; compatible; GPTBot/1.3; +https://openai.com/gptbot)"
74.7.242.39 - - [04/Apr/2026:12:13:31 +0000] "GET /buy.php?item/017000897 HTTP/1.1" 200 78197 "http://dataharbor.africa/buy.php?item/017000973" "Mozilla/5.0 AppleWebKit/537.36 (KHTML, like Gecko; compatible; GPTBot/1.3; +https://openai.com/gptbot)"
74.7.242.31 - - [04/Apr/2026:12:13:33 +0000] "GET /buy.php?item/230003978 HTTP/1.1" 200 76427 "http://mail.dataharbor.africa/buy.php?item/150005656" "Mozilla/5.0 AppleWebKit/537.36 (KHTML, like Gecko; compatible; GPTBot/1.3; +https://openai.com/gptbot)"
74.7.242.39 - - [04/Apr/2026:12:13:33 +0000] "GET /buy.php?item/017000793 HTTP/1.1" 200 75587 "http://dataharbor.africa/buy.php?item/017000709" "Mozilla/5.0 AppleWebKit/537.36 (KHTML, like Gecko; compatible; GPTBot/1.3; +https://openai.com/gptbot)"
74.7.242.31 - - [04/Apr/2026:12:13:35 +0000] "GET /buy.php?item/111004607 HTTP/1.1" 200 73194 "http://mail.dataharbor.africa/buy.php?item/111004615" "Mozilla/5.0 AppleWebKit/537.36 (KHTML, like Gecko; compatible; GPTBot/1.3; +https://openai.com/gptbot)"
74.7.242.31 - - [04/Apr/2026:12:13:38 +0000] "GET /buy.php?item/050009782 HTTP/1.1" 200 80307 "http://mail.dataharbor.africa/buy.php?item/050009546" "Mozilla/5.0 AppleWebKit/537.36 (KHTML, like Gecko; compatible; GPTBot/1.3; +https://openai.com/gptbot)"
74.7.242.39 - - [04/Apr/2026:12:13:38 +0000] "GET /buy.php?item/017000993 HTTP/1.1" 200 75439 "http://dataharbor.africa/buy.php?item/017000795" "Mozilla/5.0 AppleWebKit/537.36 (KHTML, like Gecko; compatible; GPTBot/1.3; +https://openai.com/gptbot)"
74.7.242.39 - - [04/Apr/2026:12:13:39 +0000] "GET /buy.php?item/111006125 HTTP/1.1" 200 76891 "http://dataharbor.africa/buy.php?item/111005031" "Mozilla/5.0 AppleWebKit/537.36 (KHTML, like Gecko; compatible; GPTBot/1.3; +https://openai.com/gptbot)"
74.7.242.39 - - [04/Apr/2026:12:13:40 +0000] "GET /buy.php?item/017000959 HTTP/1.1" 200 74793 "http://dataharbor.africa/buy.php?item/017000655" "Mozilla/5.0 AppleWebKit/537.36 (KHTML, like Gecko; compatible; GPTBot/1.3; +https://openai.com/gptbot)"
74.7.242.39 - - [04/Apr/2026:12:13:41 +0000] "GET /buy.php?item/017000879 HTTP/1.1" 200 77059 "http://dataharbor.africa/buy.php?item/017000897" "Mozilla/5.0 AppleWebKit/537.36 (KHTML, like Gecko; compatible; GPTBot/1.3; +https://openai.com/gptbot)"
74.7.242.39 - - [04/Apr/2026:12:13:42 +0000] "GET /buy.php?item/017000875 HTTP/1.1" 200 73356 "http://dataharbor.africa/buy.php?item/017000897" "Mozilla/5.0 AppleWebKit/537.36 (KHTML, like Gecko; compatible; GPTBot/1.3; +https://openai.com/gptbot)"
74.7.242.31 - - [04/Apr/2026:12:13:42 +0000] "GET /buy.php?item/230004902 HTTP/1.1" 200 70269 "http://mail.dataharbor.africa/buy.php?item/230003978" "Mozilla/5.0 AppleWebKit/537.36 (KHTML, like Gecko; compatible; GPTBot/1.3; +https://openai.com/gptbot)"
74.7.242.39 - - [04/Apr/2026:12:13:43 +0000] "GET /buy.php?item/017000961 HTTP/1.1" 200 83394 "http://dataharbor.africa/buy.php?item/017000655" "Mozilla/5.0 AppleWebKit/537.36 (KHTML, like Gecko; compatible; GPTBot/1.3; +https://openai.com/gptbot)"
74.7.242.31 - - [04/Apr/2026:12:13:43 +0000] "GET /buy.php?item/230004900 HTTP/1.1" 200 75711 "http://mail.dataharbor.africa/buy.php?item/230003978" "Mozilla/5.0 AppleWebKit/537.36 (KHTML, like Gecko; compatible; GPTBot/1.3; +https://openai.com/gptbot)"
74.7.242.39 - - [04/Apr/2026:12:13:44 +0000] "GET /buy.php?item/017000915 HTTP/1.1" 200 76112 "http://dataharbor.africa/buy.php?item/017000793" "Mozilla/5.0 AppleWebKit/537.36 (KHTML, like Gecko; compatible; GPTBot/1.3; +https://openai.com/gptbot)"
74.7.242.39 - - [04/Apr/2026:12:13:46 +0000] "GET /buy.php?item/017000657 HTTP/1.1" 200 84356 "http://dataharbor.africa/buy.php?item/017000969" "Mozilla/5.0 AppleWebKit/537.36 (KHTML, like Gecko; compatible; GPTBot/1.3; +https://openai.com/gptbot)"
74.7.242.39 - - [04/Apr/2026:12:13:48 +0000] "GET /buy.php?item/017000913 HTTP/1.1" 200 74363 "http://dataharbor.africa/buy.php?item/017000993" "Mozilla/5.0 AppleWebKit/537.36 (KHTML, like Gecko; compatible; GPTBot/1.3; +https://openai.com/gptbot)"
74.7.242.39 - - [04/Apr/2026:12:13:48 +0000] "GET /buy.php?item/256044400 HTTP/1.1" 200 70220 "http://dataharbor.africa/buy.php?item/111006125" "Mozilla/5.0 AppleWebKit/537.36 (KHTML, like Gecko; compatible; GPTBot/1.3; +https://openai.com/gptbot)"
74.7.242.39 - - [04/Apr/2026:12:13:49 +0000] "GET /buy.php?item/111006309 HTTP/1.1" 200 77310 "http://dataharbor.africa/buy.php?item/111006125" "Mozilla/5.0 AppleWebKit/537.36 (KHTML, like Gecko; compatible; GPTBot/1.3; +https://openai.com/gptbot)"
74.7.242.39 - - [04/Apr/2026:12:13:50 +0000] "GET /buy.php?item/017000867 HTTP/1.1" 200 82200 "http://dataharbor.africa/buy.php?item/017000879" "Mozilla/5.0 AppleWebKit/537.36 (KHTML, like Gecko; compatible; GPTBot/1.3; +https://openai.com/gptbot)"
74.7.242.39 - - [04/Apr/2026:12:13:51 +0000] "GET /buy.php?item/017000985 HTTP/1.1" 200 80406 "http://dataharbor.africa/buy.php?item/017000875" "Mozilla/5.0 AppleWebKit/537.36 (KHTML, like Gecko; compatible; GPTBot/1.3; +https://openai.com/gptbot)"
74.7.242.31 - - [04/Apr/2026:12:13:52 +0000] "GET /buy.php?item/230004602 HTTP/1.1" 200 77350 "http://mail.dataharbor.africa/buy.php?item/230004902" "Mozilla/5.0 AppleWebKit/537.36 (KHTML, like Gecko; compatible; GPTBot/1.3; +https://openai.com/gptbot)"
74.7.242.39 - - [04/Apr/2026:12:13:52 +0000] "GET /buy.php?item/017000987 HTTP/1.1" 200 81277 "http://dataharbor.africa/buy.php?item/017000875" "Mozilla/5.0 AppleWebKit/537.36 (KHTML, like Gecko; compatible; GPTBot/1.3; +https://openai.com/gptbot)"
74.7.242.31 - - [04/Apr/2026:12:13:53 +0000] "GET /buy.php?special/learn/110049043 HTTP/1.1" 200 94664 "http://mail.dataharbor.africa/buy.php?item/230004900" "Mozilla/5.0 AppleWebKit/537.36 (KHTML, like Gecko; compatible; GPTBot/1.3; +https://openai.com/gptbot)"
74.7.242.39 - - [04/Apr/2026:12:13:53 +0000] "GET /buy.php?item/017000821 HTTP/1.1" 200 74699 "http://dataharbor.africa/buy.php?item/017000959" "Mozilla/5.0 AppleWebKit/537.36 (KHTML, like Gecko; compatible; GPTBot/1.3; +https://openai.com/gptbot)"
74.7.228.60 - - [04/Apr/2026:12:13:54 +0000] "GET /robots.txt HTTP/1.1" 200 389 "-" "Mozilla/5.0 (Macintosh; Intel Mac OS X 10_15_7) AppleWebKit/537.36 (KHTML, like Gecko) Chrome/131.0.0.0 Safari/537.36; compatible; OAI-SearchBot/1.3; robots.txt; +https://openai.com/searchbot"
74.7.242.31 - - [04/Apr/2026:12:13:54 +0000] "GET /buy.php?item/230004600 HTTP/1.1" 200 79380 "http://mail.dataharbor.africa/buy.php?item/230004902" "Mozilla/5.0 AppleWebKit/537.36 (KHTML, like Gecko; compatible; GPTBot/1.3; +https://openai.com/gptbot)"
74.7.242.39 - - [04/Apr/2026:12:13:54 +0000] "GET /buy.php?item/017000647 HTTP/1.1" 200 76384 "http://dataharbor.africa/buy.php?item/017000961" "Mozilla/5.0 AppleWebKit/537.36 (KHTML, like Gecko; compatible; GPTBot/1.3; +https://openai.com/gptbot)"
74.7.242.39 - - [04/Apr/2026:12:13:55 +0000] "GET /buy.php?item/017000723 HTTP/1.1" 200 78567 "http://dataharbor.africa/buy.php?item/017000915" "Mozilla/5.0 AppleWebKit/537.36 (KHTML, like Gecko; compatible; GPTBot/1.3; +https://openai.com/gptbot)"
74.7.242.39 - - [04/Apr/2026:12:13:55 +0000] "GET /buy.php?item/017000819 HTTP/1.1" 200 78532 "http://dataharbor.africa/buy.php?item/017000959" "Mozilla/5.0 AppleWebKit/537.36 (KHTML, like Gecko; compatible; GPTBot/1.3; +https://openai.com/gptbot)"
74.7.242.39 - - [04/Apr/2026:12:13:56 +0000] "GET /buy.php?item/111006305 HTTP/1.1" 200 74238 "http://dataharbor.africa/buy.php?item/111006125" "Mozilla/5.0 AppleWebKit/537.36 (KHTML, like Gecko; compatible; GPTBot/1.3; +https://openai.com/gptbot)"
74.7.242.31 - - [04/Apr/2026:12:13:57 +0000] "GET /buy.php?item/190001526 HTTP/1.1" 200 77181 "http://mail.dataharbor.africa/buy.php?item/190001454" "Mozilla/5.0 AppleWebKit/537.36 (KHTML, like Gecko; compatible; GPTBot/1.3; +https://openai.com/gptbot)"
74.7.242.39 - - [04/Apr/2026:12:13:58 +0000] "GET /buy.php?item/017000765 HTTP/1.1" 200 81311 "http://dataharbor.africa/buy.php?item/017000913" "Mozilla/5.0 AppleWebKit/537.36 (KHTML, like Gecko; compatible; GPTBot/1.3; +https://openai.com/gptbot)"
74.7.242.39 - - [04/Apr/2026:12:13:58 +0000] "GET /buy.php?detail/0170007703481 HTTP/1.1" 200 82023 "http://dataharbor.africa/buy.php?item/017000913" "Mozilla/5.0 AppleWebKit/537.36 (KHTML, like Gecko; compatible; GPTBot/1.3; +https://openai.com/gptbot)"
74.7.242.39 - - [04/Apr/2026:12:13:59 +0000] "GET /buy.php?item/111007085 HTTP/1.1" 200 78351 "http://dataharbor.africa/buy.php?item/111006309" "Mozilla/5.0 AppleWebKit/537.36 (KHTML, like Gecko; compatible; GPTBot/1.3; +https://openai.com/gptbot)"
74.7.242.31 - - [04/Apr/2026:12:13:59 +0000] "GET /buy.php?item/037000125 HTTP/1.1" 200 82934 "http://mail.dataharbor.africa/buy.php?item/037000263" "Mozilla/5.0 AppleWebKit/537.36 (KHTML, like Gecko; compatible; GPTBot/1.3; +https://openai.com/gptbot)"
74.7.242.39 - - [04/Apr/2026:12:14:00 +0000] "GET /buy.php?item/017000831 HTTP/1.1" 200 77345 "http://dataharbor.africa/buy.php?item/017000867" "Mozilla/5.0 AppleWebKit/537.36 (KHTML, like Gecko; compatible; GPTBot/1.3; +https://openai.com/gptbot)"
74.7.242.39 - - [04/Apr/2026:12:14:00 +0000] "GET /buy.php?item/017000947 HTTP/1.1" 200 75573 "http://dataharbor.africa/buy.php?item/017000985" "Mozilla/5.0 AppleWebKit/537.36 (KHTML, like Gecko; compatible; GPTBot/1.3; +https://openai.com/gptbot)"
74.7.242.39 - - [04/Apr/2026:12:14:01 +0000] "GET /buy.php?item/017000951 HTTP/1.1" 200 74381 "http://dataharbor.africa/buy.php?item/017000985" "Mozilla/5.0 AppleWebKit/537.36 (KHTML, like Gecko; compatible; GPTBot/1.3; +https://openai.com/gptbot)"
74.7.242.31 - - [04/Apr/2026:12:14:01 +0000] "GET /buy.php?item/230003702 HTTP/1.1" 200 69526 "http://mail.dataharbor.africa/buy.php?item/230004602" "Mozilla/5.0 AppleWebKit/537.36 (KHTML, like Gecko; compatible; GPTBot/1.3; +https://openai.com/gptbot)"
74.7.227.135 - - [04/Apr/2026:12:14:01 +0000] "GET /buy.php?item/160004342 HTTP/1.1" 200 89156 "http://dataharbor.africa.hpierson.com/buy.php?item/160004222" "Mozilla/5.0 AppleWebKit/537.36 (KHTML, like Gecko; compatible; GPTBot/1.3; +https://openai.com/gptbot)"
74.7.242.39 - - [04/Apr/2026:12:14:02 +0000] "GET /buy.php?special/list/017000788 HTTP/1.1" 200 79070 "http://dataharbor.africa/buy.php?item/017000987" "Mozilla/5.0 AppleWebKit/537.36 (KHTML, like Gecko; compatible; GPTBot/1.3; +https://openai.com/gptbot)"
74.7.242.31 - - [04/Apr/2026:12:14:02 +0000] "GET /buy.php?jp/165018394.html HTTP/1.1" 200 74135 "http://mail.dataharbor.africa/buy.php?special/learn/110049043" "Mozilla/5.0 AppleWebKit/537.36 (KHTML, like Gecko; compatible; GPTBot/1.3; +https://openai.com/gptbot)"
74.7.242.39 - - [04/Apr/2026:12:14:03 +0000] "GET /buy.php?item/169030009 HTTP/1.1" 200 74550 "http://dataharbor.africa/buy.php?item/111006309" "Mozilla/5.0 AppleWebKit/537.36 (KHTML, like Gecko; compatible; GPTBot/1.3; +https://openai.com/gptbot)"
74.7.242.31 - - [04/Apr/2026:12:14:03 +0000] "GET /buy.php?item/230003700 HTTP/1.1" 200 78244 "http://mail.dataharbor.africa/buy.php?item/230004602" "Mozilla/5.0 AppleWebKit/537.36 (KHTML, like Gecko; compatible; GPTBot/1.3; +https://openai.com/gptbot)"
74.7.242.39 - - [04/Apr/2026:12:14:04 +0000] "GET /buy.php?item/017000673 HTTP/1.1" 200 78528 "http://dataharbor.africa/buy.php?item/017000821" "Mozilla/5.0 AppleWebKit/537.36 (KHTML, like Gecko; compatible; GPTBot/1.3; +https://openai.com/gptbot)"
74.7.242.39 - - [04/Apr/2026:12:14:05 +0000] "GET /buy.php?item/017000833 HTTP/1.1" 200 77866 "http://dataharbor.africa/buy.php?item/017000867" "Mozilla/5.0 AppleWebKit/537.36 (KHTML, like Gecko; compatible; GPTBot/1.3; +https://openai.com/gptbot)"
74.7.242.31 - - [04/Apr/2026:12:14:06 +0000] "GET /buy.php?item/047011113 HTTP/1.1" 200 82282 "http://mail.dataharbor.africa/buy.php?special/learn/110049043" "Mozilla/5.0 AppleWebKit/537.36 (KHTML, like Gecko; compatible; GPTBot/1.3; +https://openai.com/gptbot)"
74.7.242.39 - - [04/Apr/2026:12:14:07 +0000] "GET /buy.php?item/017000783 HTTP/1.1" 200 86192 "http://dataharbor.africa/buy.php?item/017000987" "Mozilla/5.0 AppleWebKit/537.36 (KHTML, like Gecko; compatible; GPTBot/1.3; +https://openai.com/gptbot)"
74.7.242.31 - - [04/Apr/2026:12:14:07 +0000] "GET /buy.php?item/190001596 HTTP/1.1" 200 72584 "http://mail.dataharbor.africa/buy.php?item/190001526" "Mozilla/5.0 AppleWebKit/537.36 (KHTML, like Gecko; compatible; GPTBot/1.3; +https://openai.com/gptbot)"
74.7.242.39 - - [04/Apr/2026:12:14:08 +0000] "GET /buy.php?item/017000769 HTTP/1.1" 200 80801 "http://dataharbor.africa/buy.php?item/017000913" "Mozilla/5.0 AppleWebKit/537.36 (KHTML, like Gecko; compatible; GPTBot/1.3; +https://openai.com/gptbot)"
74.7.242.31 - - [04/Apr/2026:12:14:09 +0000] "GET /buy.php?item/090005126 HTTP/1.1" 200 74683 "http://mail.dataharbor.africa/buy.php?item/090006292" "Mozilla/5.0 AppleWebKit/537.36 (KHTML, like Gecko; compatible; GPTBot/1.3; +https://openai.com/gptbot)"
74.7.242.39 - - [04/Apr/2026:12:14:09 +0000] "GET /buy.php?item/017000729 HTTP/1.1" 200 72715 "http://dataharbor.africa/buy.php?item/017000831" "Mozilla/5.0 AppleWebKit/537.36 (KHTML, like Gecko; compatible; GPTBot/1.3; +https://openai.com/gptbot)"
74.7.242.31 - - [04/Apr/2026:12:14:09 +0000] "GET /buy.php?item/273000299 HTTP/1.1" 200 85204 "http://mail.dataharbor.africa/buy.php?item/273000097" "Mozilla/5.0 AppleWebKit/537.36 (KHTML, like Gecko; compatible; GPTBot/1.3; +https://openai.com/gptbot)"
74.7.242.39 - - [04/Apr/2026:12:14:10 +0000] "GET /buy.php?item/017000725 HTTP/1.1" 200 73066 "http://dataharbor.africa/buy.php?item/017000831" "Mozilla/5.0 AppleWebKit/537.36 (KHTML, like Gecko; compatible; GPTBot/1.3; +https://openai.com/gptbot)"
74.7.242.39 - - [04/Apr/2026:12:14:11 +0000] "GET /buy.php?item/017000949 HTTP/1.1" 200 74080 "http://dataharbor.africa/buy.php?item/017000985" "Mozilla/5.0 AppleWebKit/537.36 (KHTML, like Gecko; compatible; GPTBot/1.3; +https://openai.com/gptbot)"
74.7.242.31 - - [04/Apr/2026:12:14:10 +0000] "GET /buy.php?item/230004660 HTTP/1.1" 200 75673 "http://mail.dataharbor.africa/buy.php?item/230003702" "Mozilla/5.0 AppleWebKit/537.36 (KHTML, like Gecko; compatible; GPTBot/1.3; +https://openai.com/gptbot)"
74.7.227.135 - - [04/Apr/2026:12:14:11 +0000] "GET /buy.php?special/ear/289002302 HTTP/1.1" 200 89145 "http://dataharbor.africa.hpierson.com/buy.php?item/160004342" "Mozilla/5.0 AppleWebKit/537.36 (KHTML, like Gecko; compatible; GPTBot/1.3; +https://openai.com/gptbot)"
74.7.242.31 - - [04/Apr/2026:12:14:11 +0000] "GET /buy.php?item/210002348 HTTP/1.1" 200 74093 "http://mail.dataharbor.africa/buy.php?item/210002266" "Mozilla/5.0 AppleWebKit/537.36 (KHTML, like Gecko; compatible; GPTBot/1.3; +https://openai.com/gptbot)"
74.7.242.39 - - [04/Apr/2026:12:14:11 +0000] "GET /buy.php?item/017000899 HTTP/1.1" 200 74322 "http://dataharbor.africa/buy.php?special/list/017000788" "Mozilla/5.0 AppleWebKit/537.36 (KHTML, like Gecko; compatible; GPTBot/1.3; +https://openai.com/gptbot)"
74.7.227.135 - - [04/Apr/2026:12:14:12 +0000] "GET /buy.php?item/160004254 HTTP/1.1" 200 86667 "http://dataharbor.africa.hpierson.com/buy.php?item/160004342" "Mozilla/5.0 AppleWebKit/537.36 (KHTML, like Gecko; compatible; GPTBot/1.3; +https://openai.com/gptbot)"
74.7.242.31 - - [04/Apr/2026:12:14:12 +0000] "GET /buy.php?item/230004498 HTTP/1.1" 200 76712 "http://mail.dataharbor.africa/buy.php?item/230003700" "Mozilla/5.0 AppleWebKit/537.36 (KHTML, like Gecko; compatible; GPTBot/1.3; +https://openai.com/gptbot)"
74.7.242.39 - - [04/Apr/2026:12:14:12 +0000] "GET /buy.php?item/017000637 HTTP/1.1" 200 78847 "http://dataharbor.africa/buy.php?item/017000657" "Mozilla/5.0 AppleWebKit/537.36 (KHTML, like Gecko; compatible; GPTBot/1.3; +https://openai.com/gptbot)"
74.7.242.31 - - [04/Apr/2026:12:14:13 +0000] "GET /buy.php?item/230004502 HTTP/1.1" 200 78748 "http://mail.dataharbor.africa/buy.php?item/230003700" "Mozilla/5.0 AppleWebKit/537.36 (KHTML, like Gecko; compatible; GPTBot/1.3; +https://openai.com/gptbot)"
74.7.242.39 - - [04/Apr/2026:12:14:13 +0000] "GET /buy.php?item/201004333 HTTP/1.1" 200 72448 "http://dataharbor.africa/buy.php?item/111011967" "Mozilla/5.0 AppleWebKit/537.36 (KHTML, like Gecko; compatible; GPTBot/1.3; +https://openai.com/gptbot)"
74.7.242.39 - - [04/Apr/2026:12:14:14 +0000] "GET /buy.php?item/017000921 HTTP/1.1" 200 79331 "http://dataharbor.africa/buy.php?item/017000673" "Mozilla/5.0 AppleWebKit/537.36 (KHTML, like Gecko; compatible; GPTBot/1.3; +https://openai.com/gptbot)"
74.7.242.39 - - [04/Apr/2026:12:14:16 +0000] "GET /buy.php?special/after/256032069 HTTP/1.1" 200 71405 "http://dataharbor.africa/buy.php?item/017000833" "Mozilla/5.0 AppleWebKit/537.36 (KHTML, like Gecko; compatible; GPTBot/1.3; +https://openai.com/gptbot)"
74.7.242.31 - - [04/Apr/2026:12:14:16 +0000] "GET /buy.php?item/230004500 HTTP/1.1" 200 74924 "http://mail.dataharbor.africa/buy.php?item/230003700" "Mozilla/5.0 AppleWebKit/537.36 (KHTML, like Gecko; compatible; GPTBot/1.3; +https://openai.com/gptbot)"
74.7.242.39 - - [04/Apr/2026:12:14:17 +0000] "GET /buy.php?item/017000955 HTTP/1.1" 200 83488 "http://dataharbor.africa/buy.php?item/017000769" "Mozilla/5.0 AppleWebKit/537.36 (KHTML, like Gecko; compatible; GPTBot/1.3; +https://openai.com/gptbot)"
74.7.242.39 - - [04/Apr/2026:12:14:19 +0000] "GET /buy.php?item/017000681 HTTP/1.1" 200 87412 "http://dataharbor.africa/buy.php?item/017000783" "Mozilla/5.0 AppleWebKit/537.36 (KHTML, like Gecko; compatible; GPTBot/1.3; +https://openai.com/gptbot)"
74.7.242.31 - - [04/Apr/2026:12:14:19 +0000] "GET /buy.php?item/190001478 HTTP/1.1" 200 75564 "http://mail.dataharbor.africa/buy.php?item/190001596" "Mozilla/5.0 AppleWebKit/537.36 (KHTML, like Gecko; compatible; GPTBot/1.3; +https://openai.com/gptbot)"
74.7.242.39 - - [04/Apr/2026:12:14:19 +0000] "GET /buy.php?item/017000813 HTTP/1.1" 200 81119 "http://dataharbor.africa/buy.php?item/017000729" "Mozilla/5.0 AppleWebKit/537.36 (KHTML, like Gecko; compatible; GPTBot/1.3; +https://openai.com/gptbot)"
74.7.242.39 - - [04/Apr/2026:12:14:20 +0000] "GET /buy.php?item/017000763 HTTP/1.1" 200 74058 "http://dataharbor.africa/buy.php?item/017000725" "Mozilla/5.0 AppleWebKit/537.36 (KHTML, like Gecko; compatible; GPTBot/1.3; +https://openai.com/gptbot)"
74.7.242.31 - - [04/Apr/2026:12:14:20 +0000] "GET /buy.php?item/075000357 HTTP/1.1" 200 78714 "http://mail.dataharbor.africa/buy.php?item/230004660" "Mozilla/5.0 AppleWebKit/537.36 (KHTML, like Gecko; compatible; GPTBot/1.3; +https://openai.com/gptbot)"
74.7.242.39 - - [04/Apr/2026:12:14:21 +0000] "GET /buy.php?item/017000633 HTTP/1.1" 200 92526 "http://dataharbor.africa/buy.php?item/017000899" "Mozilla/5.0 AppleWebKit/537.36 (KHTML, like Gecko; compatible; GPTBot/1.3; +https://openai.com/gptbot)"
74.7.242.31 - - [04/Apr/2026:12:14:21 +0000] "GET /buy.php?item/210002306 HTTP/1.1" 200 74157 "http://mail.dataharbor.africa/buy.php?item/210002348" "Mozilla/5.0 AppleWebKit/537.36 (KHTML, like Gecko; compatible; GPTBot/1.3; +https://openai.com/gptbot)"
74.7.227.135 - - [04/Apr/2026:12:14:21 +0000] "GET /buy.php?item/108045552 HTTP/1.1" 200 69924 "http://dataharbor.africa.hpierson.com/buy.php?special/ear/289002302" "Mozilla/5.0 AppleWebKit/537.36 (KHTML, like Gecko; compatible; GPTBot/1.3; +https://openai.com/gptbot)"
74.7.227.135 - - [04/Apr/2026:12:14:22 +0000] "GET /buy.php?item/160004210 HTTP/1.1" 200 77590 "http://dataharbor.africa.hpierson.com/buy.php?item/160004254" "Mozilla/5.0 AppleWebKit/537.36 (KHTML, like Gecko; compatible; GPTBot/1.3; +https://openai.com/gptbot)"
74.7.242.31 - - [04/Apr/2026:12:14:22 +0000] "GET /buy.php?item/230004704 HTTP/1.1" 200 77778 "http://mail.dataharbor.africa/buy.php?item/230004498" "Mozilla/5.0 AppleWebKit/537.36 (KHTML, like Gecko; compatible; GPTBot/1.3; +https://openai.com/gptbot)"
74.7.242.39 - - [04/Apr/2026:12:14:22 +0000] "GET /buy.php?item/222000934 HTTP/1.1" 200 87612 "http://dataharbor.africa/buy.php?item/017000783" "Mozilla/5.0 AppleWebKit/537.36 (KHTML, like Gecko; compatible; GPTBot/1.3; +https://openai.com/gptbot)"
74.7.227.135 - - [04/Apr/2026:12:14:22 +0000] "GET /buy.php?item/160004214 HTTP/1.1" 200 87644 "http://dataharbor.africa.hpierson.com/buy.php?item/160004254" "Mozilla/5.0 AppleWebKit/537.36 (KHTML, like Gecko; compatible; GPTBot/1.3; +https://openai.com/gptbot)"
74.7.242.31 - - [04/Apr/2026:12:14:23 +0000] "GET /buy.php?item/230004104 HTTP/1.1" 200 76526 "http://mail.dataharbor.africa/buy.php?item/230004502" "Mozilla/5.0 AppleWebKit/537.36 (KHTML, like Gecko; compatible; GPTBot/1.3; +https://openai.com/gptbot)"
74.7.227.135 - - [04/Apr/2026:12:14:23 +0000] "GET /buy.php?item/160004212 HTTP/1.1" 200 85284 "http://dataharbor.africa.hpierson.com/buy.php?item/160004254" "Mozilla/5.0 AppleWebKit/537.36 (KHTML, like Gecko; compatible; GPTBot/1.3; +https://openai.com/gptbot)"
74.7.242.39 - - [04/Apr/2026:12:14:24 +0000] "GET /buy.php?item/017000981 HTTP/1.1" 200 81202 "http://dataharbor.africa/buy.php?item/017000723" "Mozilla/5.0 AppleWebKit/537.36 (KHTML, like Gecko; compatible; GPTBot/1.3; +https://openai.com/gptbot)"
74.7.242.31 - - [04/Apr/2026:12:14:25 +0000] "GET /buy.php?item/185042013 HTTP/1.1" 200 72685 "http://mail.dataharbor.africa/buy.php?item/230004500" "Mozilla/5.0 AppleWebKit/537.36 (KHTML, like Gecko; compatible; GPTBot/1.3; +https://openai.com/gptbot)"
74.7.242.39 - - [04/Apr/2026:12:14:25 +0000] "GET /buy.php?item/111005029 HTTP/1.1" 200 83777 "http://dataharbor.africa/buy.php?item/111007031" "Mozilla/5.0 AppleWebKit/537.36 (KHTML, like Gecko; compatible; GPTBot/1.3; +https://openai.com/gptbot)"
74.7.242.31 - - [04/Apr/2026:12:14:26 +0000] "GET /buy.php?item/210002310 HTTP/1.1" 200 74238 "http://mail.dataharbor.africa/buy.php?item/210002348" "Mozilla/5.0 AppleWebKit/537.36 (KHTML, like Gecko; compatible; GPTBot/1.3; +https://openai.com/gptbot)"
74.7.242.39 - - [04/Apr/2026:12:14:27 +0000] "GET /buy.php?item/017000675 HTTP/1.1" 200 75552 "http://dataharbor.africa/buy.php?item/017000821" "Mozilla/5.0 AppleWebKit/537.36 (KHTML, like Gecko; compatible; GPTBot/1.3; +https://openai.com/gptbot)"
74.7.242.31 - - [04/Apr/2026:12:14:27 +0000] "GET /buy.php?item/230004568 HTTP/1.1" 200 77179 "http://mail.dataharbor.africa/buy.php?item/230004660" "Mozilla/5.0 AppleWebKit/537.36 (KHTML, like Gecko; compatible; GPTBot/1.3; +https://openai.com/gptbot)"
74.7.242.39 - - [04/Apr/2026:12:14:30 +0000] "GET /buy.php?item/017000967 HTTP/1.1" 200 73751 "http://dataharbor.africa/buy.php?item/017000955" "Mozilla/5.0 AppleWebKit/537.36 (KHTML, like Gecko; compatible; GPTBot/1.3; +https://openai.com/gptbot)"
74.7.227.135 - - [04/Apr/2026:12:14:31 +0000] "GET /buy.php?item/111002045 HTTP/1.1" 200 87455 "http://dataharbor.africa.hpierson.com/buy.php?item/108045552" "Mozilla/5.0 AppleWebKit/537.36 (KHTML, like Gecko; compatible; GPTBot/1.3; +https://openai.com/gptbot)"
74.7.242.39 - - [04/Apr/2026:12:14:31 +0000] "GET /buy.php?item/017000651 HTTP/1.1" 200 73770 "http://dataharbor.africa/buy.php?item/017000633" "Mozilla/5.0 AppleWebKit/537.36 (KHTML, like Gecko; compatible; GPTBot/1.3; +https://openai.com/gptbot)"
74.7.227.135 - - [04/Apr/2026:12:14:32 +0000] "GET /buy.php?item/237009777 HTTP/1.1" 200 86114 "http://dataharbor.africa.hpierson.com/buy.php?item/160004210" "Mozilla/5.0 AppleWebKit/537.36 (KHTML, like Gecko; compatible; GPTBot/1.3; +https://openai.com/gptbot)"
74.7.227.135 - - [04/Apr/2026:12:14:32 +0000] "GET /buy.php?item/160004266 HTTP/1.1" 200 93580 "http://dataharbor.africa.hpierson.com/buy.php?item/160004210" "Mozilla/5.0 AppleWebKit/537.36 (KHTML, like Gecko; compatible; GPTBot/1.3; +https://openai.com/gptbot)"
74.7.227.135 - - [04/Apr/2026:12:14:33 +0000] "GET /buy.php?item/160004330 HTTP/1.1" 200 82045 "http://dataharbor.africa.hpierson.com/buy.php?item/160004212" "Mozilla/5.0 AppleWebKit/537.36 (KHTML, like Gecko; compatible; GPTBot/1.3; +https://openai.com/gptbot)"
74.7.242.39 - - [04/Apr/2026:12:14:34 +0000] "GET /buy.php?item/079002221 HTTP/1.1" 200 70159 "http://dataharbor.africa/buy.php?item/017000729" "Mozilla/5.0 AppleWebKit/537.36 (KHTML, like Gecko; compatible; GPTBot/1.3; +https://openai.com/gptbot)"
74.7.227.135 - - [04/Apr/2026:12:14:34 +0000] "GET /buy.php?item/009032333 HTTP/1.1" 200 77124 "http://dataharbor.africa.hpierson.com/buy.php?item/160004212" "Mozilla/5.0 AppleWebKit/537.36 (KHTML, like Gecko; compatible; GPTBot/1.3; +https://openai.com/gptbot)"
74.7.227.135 - - [04/Apr/2026:12:14:35 +0000] "GET /buy.php?item/160004278 HTTP/1.1" 200 79870 "http://dataharbor.africa.hpierson.com/buy.php?item/160004214" "Mozilla/5.0 AppleWebKit/537.36 (KHTML, like Gecko; compatible; GPTBot/1.3; +https://openai.com/gptbot)"
74.7.227.135 - - [04/Apr/2026:12:14:36 +0000] "GET /buy.php?item/160004268 HTTP/1.1" 200 86038 "http://dataharbor.africa.hpierson.com/buy.php?item/160004210" "Mozilla/5.0 AppleWebKit/537.36 (KHTML, like Gecko; compatible; GPTBot/1.3; +https://openai.com/gptbot)"
74.7.242.31 - - [04/Apr/2026:12:14:36 +0000] "GET /buy.php?item/200016652 HTTP/1.1" 200 71769 "http://mail.dataharbor.africa/buy.php?item/200032508" "Mozilla/5.0 AppleWebKit/537.36 (KHTML, like Gecko; compatible; GPTBot/1.3; +https://openai.com/gptbot)"
74.7.242.39 - - [04/Apr/2026:12:14:36 +0000] "GET /buy.php?item/017000989 HTTP/1.1" 200 80421 "http://dataharbor.africa/buy.php?item/017000675" "Mozilla/5.0 AppleWebKit/537.36 (KHTML, like Gecko; compatible; GPTBot/1.3; +https://openai.com/gptbot)"
74.7.242.31 - - [04/Apr/2026:12:14:36 +0000] "GET /buy.php?item/230004048 HTTP/1.1" 200 71882 "http://mail.dataharbor.africa/buy.php?item/230004568" "Mozilla/5.0 AppleWebKit/537.36 (KHTML, like Gecko; compatible; GPTBot/1.3; +https://openai.com/gptbot)"
74.7.242.39 - - [04/Apr/2026:12:14:37 +0000] "GET /buy.php?item/111006123 HTTP/1.1" 200 80874 "http://dataharbor.africa/buy.php?item/111005031" "Mozilla/5.0 AppleWebKit/537.36 (KHTML, like Gecko; compatible; GPTBot/1.3; +https://openai.com/gptbot)"
74.7.227.135 - - [04/Apr/2026:12:14:37 +0000] "GET /buy.php?item/222047966 HTTP/1.1" 200 86361 "http://dataharbor.africa.hpierson.com/buy.php?item/160004210" "Mozilla/5.0 AppleWebKit/537.36 (KHTML, like Gecko; compatible; GPTBot/1.3; +https://openai.com/gptbot)"
74.7.242.39 - - [04/Apr/2026:12:14:37 +0000] "GET /buy.php?special/elect/017000986 HTTP/1.1" 200 79247 "http://dataharbor.africa/buy.php?item/017000675" "Mozilla/5.0 AppleWebKit/537.36 (KHTML, like Gecko; compatible; GPTBot/1.3; +https://openai.com/gptbot)"
74.7.242.31 - - [04/Apr/2026:12:14:38 +0000] "GET /buy.php?item/230004052 HTTP/1.1" 200 73353 "http://mail.dataharbor.africa/buy.php?item/230004568" "Mozilla/5.0 AppleWebKit/537.36 (KHTML, like Gecko; compatible; GPTBot/1.3; +https://openai.com/gptbot)"
74.7.242.39 - - [04/Apr/2026:12:14:38 +0000] "GET /buy.php?item/017000995 HTTP/1.1" 200 73759 "http://dataharbor.africa/buy.php?item/017000795" "Mozilla/5.0 AppleWebKit/537.36 (KHTML, like Gecko; compatible; GPTBot/1.3; +https://openai.com/gptbot)"
74.7.242.39 - - [04/Apr/2026:12:14:39 +0000] "GET /buy.php?item/017000663 HTTP/1.1" 200 81618 "http://dataharbor.africa/buy.php?item/017000971" "Mozilla/5.0 AppleWebKit/537.36 (KHTML, like Gecko; compatible; GPTBot/1.3; +https://openai.com/gptbot)"
74.7.227.135 - - [04/Apr/2026:12:14:39 +0000] "GET /buy.php?item/090007838 HTTP/1.1" 200 79554 "http://dataharbor.africa.hpierson.com/buy.php?item/111002045" "Mozilla/5.0 AppleWebKit/537.36 (KHTML, like Gecko; compatible; GPTBot/1.3; +https://openai.com/gptbot)"
74.7.242.39 - - [04/Apr/2026:12:14:40 +0000] "GET /buy.php?item/017000815 HTTP/1.1" 200 79092 "http://dataharbor.africa/buy.php?item/017000651" "Mozilla/5.0 AppleWebKit/537.36 (KHTML, like Gecko; compatible; GPTBot/1.3; +https://openai.com/gptbot)"
74.7.242.31 - - [04/Apr/2026:12:14:41 +0000] "GET /buy.php?item/230004050 HTTP/1.1" 200 73686 "http://mail.dataharbor.africa/buy.php?item/230004568" "Mozilla/5.0 AppleWebKit/537.36 (KHTML, like Gecko; compatible; GPTBot/1.3; +https://openai.com/gptbot)"
74.7.227.135 - - [04/Apr/2026:12:14:41 +0000] "GET /buy.php?item/160004144 HTTP/1.1" 200 88495 "http://dataharbor.africa.hpierson.com/buy.php?item/160004266" "Mozilla/5.0 AppleWebKit/537.36 (KHTML, like Gecko; compatible; GPTBot/1.3; +https://openai.com/gptbot)"
74.7.242.39 - - [04/Apr/2026:12:14:42 +0000] "GET /buy.php?item/300037888 HTTP/1.1" 200 78147 "http://dataharbor.africa/buy.php?item/017000729" "Mozilla/5.0 AppleWebKit/537.36 (KHTML, like Gecko; compatible; GPTBot/1.3; +https://openai.com/gptbot)"
74.7.242.39 - - [04/Apr/2026:12:14:44 +0000] "GET /buy.php?item/017000909 HTTP/1.1" 200 85599 "http://dataharbor.africa/buy.php?item/017000993" "Mozilla/5.0 AppleWebKit/537.36 (KHTML, like Gecko; compatible; GPTBot/1.3; +https://openai.com/gptbot)"
74.7.227.135 - - [04/Apr/2026:12:14:44 +0000] "GET /buy.php?item/160004310 HTTP/1.1" 200 86909 "http://dataharbor.africa.hpierson.com/buy.php?item/160004278" "Mozilla/5.0 AppleWebKit/537.36 (KHTML, like Gecko; compatible; GPTBot/1.3; +https://openai.com/gptbot)"
74.7.242.39 - - [04/Apr/2026:12:14:46 +0000] "GET /buy.php?item/017000871 HTTP/1.1" 200 75885 "http://dataharbor.africa/buy.php?item/017000879" "Mozilla/5.0 AppleWebKit/537.36 (KHTML, like Gecko; compatible; GPTBot/1.3; +https://openai.com/gptbot)"
74.7.242.31 - - [04/Apr/2026:12:14:46 +0000] "GET /buy.php?item/149041119 HTTP/1.1" 200 66685 "http://mail.dataharbor.africa/buy.php?item/200016652" "Mozilla/5.0 AppleWebKit/537.36 (KHTML, like Gecko; compatible; GPTBot/1.3; +https://openai.com/gptbot)"
74.7.227.135 - - [04/Apr/2026:12:14:46 +0000] "GET /buy.php?item/160004314 HTTP/1.1" 200 83382 "http://dataharbor.africa.hpierson.com/buy.php?item/160004268" "Mozilla/5.0 AppleWebKit/537.36 (KHTML, like Gecko; compatible; GPTBot/1.3; +https://openai.com/gptbot)"
74.7.242.39 - - [04/Apr/2026:12:14:47 +0000] "GET /buy.php?item/017000787 HTTP/1.1" 200 77843 "http://dataharbor.africa/buy.php?item/017000987" "Mozilla/5.0 AppleWebKit/537.36 (KHTML, like Gecko; compatible; GPTBot/1.3; +https://openai.com/gptbot)"
74.7.242.31 - - [04/Apr/2026:12:14:47 +0000] "GET /buy.php?item/230004134 HTTP/1.1" 200 70372 "http://mail.dataharbor.africa/buy.php?item/230004048" "Mozilla/5.0 AppleWebKit/537.36 (KHTML, like Gecko; compatible; GPTBot/1.3; +https://openai.com/gptbot)"
74.7.227.135 - - [04/Apr/2026:12:14:47 +0000] "GET /buy.php?item/160004312 HTTP/1.1" 200 82701 "http://dataharbor.africa.hpierson.com/buy.php?item/160004278" "Mozilla/5.0 AppleWebKit/537.36 (KHTML, like Gecko; compatible; GPTBot/1.3; +https://openai.com/gptbot)"
74.7.242.39 - - [04/Apr/2026:12:14:47 +0000] "GET /buy.php?item/017000661 HTTP/1.1" 200 74854 "http://dataharbor.africa/buy.php?item/017000971" "Mozilla/5.0 AppleWebKit/537.36 (KHTML, like Gecko; compatible; GPTBot/1.3; +https://openai.com/gptbot)"
74.7.227.135 - - [04/Apr/2026:12:14:48 +0000] "GET /buy.php?item/222049892 HTTP/1.1" 200 99012 "http://dataharbor.africa.hpierson.com/buy.php?item/222047966" "Mozilla/5.0 AppleWebKit/537.36 (KHTML, like Gecko; compatible; GPTBot/1.3; +https://openai.com/gptbot)"
74.7.242.39 - - [04/Apr/2026:12:14:48 +0000] "GET /buy.php?item/017000679 HTTP/1.1" 200 74093 "http://dataharbor.africa/buy.php?item/017000995" "Mozilla/5.0 AppleWebKit/537.36 (KHTML, like Gecko; compatible; GPTBot/1.3; +https://openai.com/gptbot)"
74.7.227.135 - - [04/Apr/2026:12:14:49 +0000] "GET /buy.php?item/289000313 HTTP/1.1" 200 75496 "http://dataharbor.africa.hpierson.com/buy.php?item/222047966" "Mozilla/5.0 AppleWebKit/537.36 (KHTML, like Gecko; compatible; GPTBot/1.3; +https://openai.com/gptbot)"
74.7.242.39 - - [04/Apr/2026:12:14:50 +0000] "GET /buy.php?item/017000753 HTTP/1.1" 200 82774 "http://dataharbor.africa/buy.php?item/017000663" "Mozilla/5.0 AppleWebKit/537.36 (KHTML, like Gecko; compatible; GPTBot/1.3; +https://openai.com/gptbot)"
74.7.242.39 - - [04/Apr/2026:12:14:51 +0000] "GET /buy.php?item/010007214 HTTP/1.1" 200 72111 "http://dataharbor.africa/buy.php?item/017000815" "Mozilla/5.0 AppleWebKit/537.36 (KHTML, like Gecko; compatible; GPTBot/1.3; +https://openai.com/gptbot)"
74.7.227.135 - - [04/Apr/2026:12:14:51 +0000] "GET /buy.php?item/090007344 HTTP/1.1" 200 72095 "http://dataharbor.africa.hpierson.com/buy.php?item/090007838" "Mozilla/5.0 AppleWebKit/537.36 (KHTML, like Gecko; compatible; GPTBot/1.3; +https://openai.com/gptbot)"
74.7.242.31 - - [04/Apr/2026:12:14:52 +0000] "GET /buy.php?item/222004818 HTTP/1.1" 200 85425 "http://mail.dataharbor.africa/buy.php?item/222005904" "Mozilla/5.0 AppleWebKit/537.36 (KHTML, like Gecko; compatible; GPTBot/1.3; +https://openai.com/gptbot)"
74.7.242.39 - - [04/Apr/2026:12:14:52 +0000] "GET /buy.php?item/017000977 HTTP/1.1" 200 78410 "http://dataharbor.africa/buy.php?item/017000723" "Mozilla/5.0 AppleWebKit/537.36 (KHTML, like Gecko; compatible; GPTBot/1.3; +https://openai.com/gptbot)"
74.7.242.31 - - [04/Apr/2026:12:14:53 +0000] "GET /buy.php?item/230004088 HTTP/1.1" 200 71447 "http://mail.dataharbor.africa/buy.php?item/230004050" "Mozilla/5.0 AppleWebKit/537.36 (KHTML, like Gecko; compatible; GPTBot/1.3; +https://openai.com/gptbot)"
74.7.227.135 - - [04/Apr/2026:12:14:53 +0000] "GET /buy.php?item/300018930 HTTP/1.1" 200 87763 "http://dataharbor.africa.hpierson.com/buy.php?item/160004144" "Mozilla/5.0 AppleWebKit/537.36 (KHTML, like Gecko; compatible; GPTBot/1.3; +https://openai.com/gptbot)"
74.7.242.31 - - [04/Apr/2026:12:14:54 +0000] "GET /buy.php?item/230004084 HTTP/1.1" 200 75161 "http://mail.dataharbor.africa/buy.php?item/230004050" "Mozilla/5.0 AppleWebKit/537.36 (KHTML, like Gecko; compatible; GPTBot/1.3; +https://openai.com/gptbot)"
74.7.242.39 - - [04/Apr/2026:12:14:54 +0000] "GET /buy.php?item/017000631 HTTP/1.1" 200 76774 "http://dataharbor.africa/buy.php?item/017000909" "Mozilla/5.0 AppleWebKit/537.36 (KHTML, like Gecko; compatible; GPTBot/1.3; +https://openai.com/gptbot)"
74.7.242.39 - - [04/Apr/2026:12:14:55 +0000] "GET /buy.php?item/017000627 HTTP/1.1" 200 85243 "http://dataharbor.africa/buy.php?item/017000909" "Mozilla/5.0 AppleWebKit/537.36 (KHTML, like Gecko; compatible; GPTBot/1.3; +https://openai.com/gptbot)"
74.7.227.135 - - [04/Apr/2026:12:14:55 +0000] "GET /buy.php?item/160004326 HTTP/1.1" 200 88963 "http://dataharbor.africa.hpierson.com/buy.php?item/160004212" "Mozilla/5.0 AppleWebKit/537.36 (KHTML, like Gecko; compatible; GPTBot/1.3; +https://openai.com/gptbot)"
74.7.242.39 - - [04/Apr/2026:12:14:55 +0000] "GET /buy.php?item/017000851 HTTP/1.1" 200 79795 "http://dataharbor.africa/buy.php?item/017000871" "Mozilla/5.0 AppleWebKit/537.36 (KHTML, like Gecko; compatible; GPTBot/1.3; +https://openai.com/gptbot)"
74.7.227.135 - - [04/Apr/2026:12:14:56 +0000] "GET /buy.php?item/111004081 HTTP/1.1" 200 78276 "http://dataharbor.africa.hpierson.com/buy.php?item/160004310" "Mozilla/5.0 AppleWebKit/537.36 (KHTML, like Gecko; compatible; GPTBot/1.3; +https://openai.com/gptbot)"
74.7.227.135 - - [04/Apr/2026:12:14:56 +0000] "GET /buy.php?item/160004206 HTTP/1.1" 200 81067 "http://dataharbor.africa.hpierson.com/buy.php?item/160004314" "Mozilla/5.0 AppleWebKit/537.36 (KHTML, like Gecko; compatible; GPTBot/1.3; +https://openai.com/gptbot)"
74.7.242.39 - - [04/Apr/2026:12:14:56 +0000] "GET /buy.php?item/017000615 HTTP/1.1" 200 83335 "http://dataharbor.africa/buy.php?item/017000787" "Mozilla/5.0 AppleWebKit/537.36 (KHTML, like Gecko; compatible; GPTBot/1.3; +https://openai.com/gptbot)"
74.7.242.39 - - [04/Apr/2026:12:14:57 +0000] "GET /buy.php?item/017000739 HTTP/1.1" 200 71234 "http://dataharbor.africa/buy.php?item/017000661" "Mozilla/5.0 AppleWebKit/537.36 (KHTML, like Gecko; compatible; GPTBot/1.3; +https://openai.com/gptbot)"
74.7.227.135 - - [04/Apr/2026:12:14:57 +0000] "GET /buy.php?item/160004286 HTTP/1.1" 200 94953 "http://dataharbor.africa.hpierson.com/buy.php?item/160004312" "Mozilla/5.0 AppleWebKit/537.36 (KHTML, like Gecko; compatible; GPTBot/1.3; +https://openai.com/gptbot)"
74.7.227.135 - - [04/Apr/2026:12:14:58 +0000] "GET /buy.php?item/160004202 HTTP/1.1" 200 77465 "http://dataharbor.africa.hpierson.com/buy.php?item/160004314" "Mozilla/5.0 AppleWebKit/537.36 (KHTML, like Gecko; compatible; GPTBot/1.3; +https://openai.com/gptbot)"
74.7.227.135 - - [04/Apr/2026:12:14:59 +0000] "GET /buy.php?item/160004160 HTTP/1.1" 200 79927 "http://dataharbor.africa.hpierson.com/buy.php?item/160004310" "Mozilla/5.0 AppleWebKit/537.36 (KHTML, like Gecko; compatible; GPTBot/1.3; +https://openai.com/gptbot)"
74.7.227.135 - - [04/Apr/2026:12:15:00 +0000] "GET /buy.php?item/222049612 HTTP/1.1" 200 91804 "http://dataharbor.africa.hpierson.com/buy.php?item/222049892" "Mozilla/5.0 AppleWebKit/537.36 (KHTML, like Gecko; compatible; GPTBot/1.3; +https://openai.com/gptbot)"
74.7.227.135 - - [04/Apr/2026:12:15:01 +0000] "GET /buy.php?item/090004692 HTTP/1.1" 200 77046 "http://dataharbor.africa.hpierson.com/buy.php?item/090007344" "Mozilla/5.0 AppleWebKit/537.36 (KHTML, like Gecko; compatible; GPTBot/1.3; +https://openai.com/gptbot)"
74.7.242.31 - - [04/Apr/2026:12:15:01 +0000] "GET /buy.php?item/222003108 HTTP/1.1" 200 79845 "http://mail.dataharbor.africa/buy.php?item/222004818" "Mozilla/5.0 AppleWebKit/537.36 (KHTML, like Gecko; compatible; GPTBot/1.3; +https://openai.com/gptbot)"
74.7.242.39 - - [04/Apr/2026:12:15:01 +0000] "GET /buy.php?item/017000911 HTTP/1.1" 200 79108 "http://dataharbor.africa/buy.php?item/017000793" "Mozilla/5.0 AppleWebKit/537.36 (KHTML, like Gecko; compatible; GPTBot/1.3; +https://openai.com/gptbot)"
74.7.227.135 - - [04/Apr/2026:12:15:02 +0000] "GET /buy.php?item/090004696 HTTP/1.1" 200 72419 "http://dataharbor.africa.hpierson.com/buy.php?item/090007344" "Mozilla/5.0 AppleWebKit/537.36 (KHTML, like Gecko; compatible; GPTBot/1.3; +https://openai.com/gptbot)"
74.7.242.31 - - [04/Apr/2026:12:15:02 +0000] "GET /buy.php?item/222003152 HTTP/1.1" 200 101729 "http://mail.dataharbor.africa/buy.php?item/222004818" "Mozilla/5.0 AppleWebKit/537.36 (KHTML, like Gecko; compatible; GPTBot/1.3; +https://openai.com/gptbot)"
74.7.242.39 - - [04/Apr/2026:12:15:02 +0000] "GET /buy.php?item/017000817 HTTP/1.1" 200 78757 "http://dataharbor.africa/buy.php?item/017000729" "Mozilla/5.0 AppleWebKit/537.36 (KHTML, like Gecko; compatible; GPTBot/1.3; +https://openai.com/gptbot)"
74.7.227.135 - - [04/Apr/2026:12:15:02 +0000] "GET /buy.php?item/300020744 HTTP/1.1" 200 78747 "http://dataharbor.africa.hpierson.com/buy.php?item/300018930" "Mozilla/5.0 AppleWebKit/537.36 (KHTML, like Gecko; compatible; GPTBot/1.3; +https://openai.com/gptbot)"
74.7.242.31 - - [04/Apr/2026:12:15:03 +0000] "GET /buy.php?item/230003908 HTTP/1.1" 200 72963 "http://mail.dataharbor.africa/buy.php?item/230004084" "Mozilla/5.0 AppleWebKit/537.36 (KHTML, like Gecko; compatible; GPTBot/1.3; +https://openai.com/gptbot)"
74.7.242.31 - - [04/Apr/2026:12:15:03 +0000] "GET /buy.php?item/230003910 HTTP/1.1" 200 72643 "http://mail.dataharbor.africa/buy.php?item/230004084" "Mozilla/5.0 AppleWebKit/537.36 (KHTML, like Gecko; compatible; GPTBot/1.3; +https://openai.com/gptbot)"
74.7.227.135 - - [04/Apr/2026:12:15:04 +0000] "GET /buy.php?item/160004464 HTTP/1.1" 200 85714 "http://dataharbor.africa.hpierson.com/buy.php?item/160004326" "Mozilla/5.0 AppleWebKit/537.36 (KHTML, like Gecko; compatible; GPTBot/1.3; +https://openai.com/gptbot)"
74.7.227.135 - - [04/Apr/2026:12:15:05 +0000] "GET /buy.php?item/111004163 HTTP/1.1" 200 75459 "http://dataharbor.africa.hpierson.com/buy.php?item/111004081" "Mozilla/5.0 AppleWebKit/537.36 (KHTML, like Gecko; compatible; GPTBot/1.3; +https://openai.com/gptbot)"
74.7.242.39 - - [04/Apr/2026:12:15:05 +0000] "GET /buy.php?item/017000855 HTTP/1.1" 200 82218 "http://dataharbor.africa/buy.php?item/017000615" "Mozilla/5.0 AppleWebKit/537.36 (KHTML, like Gecko; compatible; GPTBot/1.3; +https://openai.com/gptbot)"
74.7.242.39 - - [04/Apr/2026:12:15:06 +0000] "GET /buy.php?item/017000939 HTTP/1.1" 200 76716 "http://dataharbor.africa/buy.php?item/017000739" "Mozilla/5.0 AppleWebKit/537.36 (KHTML, like Gecko; compatible; GPTBot/1.3; +https://openai.com/gptbot)"
74.7.227.135 - - [04/Apr/2026:12:15:06 +0000] "GET /buy.php?item/160004420 HTTP/1.1" 200 85980 "http://dataharbor.africa.hpierson.com/buy.php?item/160004206" "Mozilla/5.0 AppleWebKit/537.36 (KHTML, like Gecko; compatible; GPTBot/1.3; +https://openai.com/gptbot)"
74.7.242.39 - - [04/Apr/2026:12:15:07 +0000] "GET /buy.php?item/017000857 HTTP/1.1" 200 83500 "http://dataharbor.africa/buy.php?item/017000615" "Mozilla/5.0 AppleWebKit/537.36 (KHTML, like Gecko; compatible; GPTBot/1.3; +https://openai.com/gptbot)"
74.7.227.135 - - [04/Apr/2026:12:15:07 +0000] "GET /buy.php?item/090004694 HTTP/1.1" 200 77346 "http://dataharbor.africa.hpierson.com/buy.php?item/090007344" "Mozilla/5.0 AppleWebKit/537.36 (KHTML, like Gecko; compatible; GPTBot/1.3; +https://openai.com/gptbot)"
74.7.242.39 - - [04/Apr/2026:12:15:08 +0000] "GET /buy.php?item/210001198 HTTP/1.1" 200 75530 "http://dataharbor.africa/buy.php?item/017000615" "Mozilla/5.0 AppleWebKit/537.36 (KHTML, like Gecko; compatible; GPTBot/1.3; +https://openai.com/gptbot)"
74.7.227.135 - - [04/Apr/2026:12:15:08 +0000] "GET /buy.php?item/160004170 HTTP/1.1" 200 82996 "http://dataharbor.africa.hpierson.com/buy.php?item/160004202" "Mozilla/5.0 AppleWebKit/537.36 (KHTML, like Gecko; compatible; GPTBot/1.3; +https://openai.com/gptbot)"
74.7.242.31 - - [04/Apr/2026:12:15:09 +0000] "GET /buy.php?item/100034702 HTTP/1.1" 200 86049 "http://mail.dataharbor.africa/buy.php?item/100035036" "Mozilla/5.0 AppleWebKit/537.36 (KHTML, like Gecko; compatible; GPTBot/1.3; +https://openai.com/gptbot)"
74.7.242.39 - - [04/Apr/2026:12:15:09 +0000] "GET /buy.php?item/017000761 HTTP/1.1" 200 81661 "http://dataharbor.africa/buy.php?item/017000627" "Mozilla/5.0 AppleWebKit/537.36 (KHTML, like Gecko; compatible; GPTBot/1.3; +https://openai.com/gptbot)"
74.7.227.135 - - [04/Apr/2026:12:15:09 +0000] "GET /buy.php?item/160004240 HTTP/1.1" 200 74562 "http://dataharbor.africa.hpierson.com/buy.php?item/160004160" "Mozilla/5.0 AppleWebKit/537.36 (KHTML, like Gecko; compatible; GPTBot/1.3; +https://openai.com/gptbot)"
74.7.242.39 - - [04/Apr/2026:12:15:10 +0000] "GET /buy.php?item/017000917 HTTP/1.1" 200 77426 "http://dataharbor.africa/buy.php?item/017000673" "Mozilla/5.0 AppleWebKit/537.36 (KHTML, like Gecko; compatible; GPTBot/1.3; +https://openai.com/gptbot)"
74.7.242.31 - - [04/Apr/2026:12:15:10 +0000] "GET /buy.php?jp/222004479.html HTTP/1.1" 200 93849 "http://mail.dataharbor.africa/buy.php?item/222003108" "Mozilla/5.0 AppleWebKit/537.36 (KHTML, like Gecko; compatible; GPTBot/1.3; +https://openai.com/gptbot)"
74.7.227.135 - - [04/Apr/2026:12:15:10 +0000] "GET /buy.php?item/021000243 HTTP/1.1" 200 76335 "http://dataharbor.africa.hpierson.com/buy.php?item/222049612" "Mozilla/5.0 AppleWebKit/537.36 (KHTML, like Gecko; compatible; GPTBot/1.3; +https://openai.com/gptbot)"
74.7.242.39 - - [04/Apr/2026:12:15:11 +0000] "GET /buy.php?item/017000741 HTTP/1.1" 200 81240 "http://dataharbor.africa/buy.php?item/017000661" "Mozilla/5.0 AppleWebKit/537.36 (KHTML, like Gecko; compatible; GPTBot/1.3; +https://openai.com/gptbot)"
