74.7.242.31 - - [04/Apr/2026:12:51:58 +0000] "GET /buy.php?item/111006701 HTTP/1.1" 200 89582 "http://mail.dataharbor.africa/buy.php?item/111006927" "Mozilla/5.0 AppleWebKit/537.36 (KHTML, like Gecko; compatible; GPTBot/1.3; +https://openai.com/gptbot)"
74.7.242.39 - - [04/Apr/2026:12:51:59 +0000] "GET /buy.php?item/038000390 HTTP/1.1" 200 77962 "http://dataharbor.africa/buy.php?item/038000944" "Mozilla/5.0 AppleWebKit/537.36 (KHTML, like Gecko; compatible; GPTBot/1.3; +https://openai.com/gptbot)"
74.7.227.135 - - [04/Apr/2026:12:51:59 +0000] "GET /buy.php?item/049000535 HTTP/1.1" 200 76515 "http://dataharbor.africa.hpierson.com/buy.php?item/049000711" "Mozilla/5.0 AppleWebKit/537.36 (KHTML, like Gecko; compatible; GPTBot/1.3; +https://openai.com/gptbot)"
74.7.242.39 - - [04/Apr/2026:12:52:00 +0000] "GET /buy.php?item/222026962 HTTP/1.1" 200 90392 "http://dataharbor.africa/buy.php?item/222032110" "Mozilla/5.0 AppleWebKit/537.36 (KHTML, like Gecko; compatible; GPTBot/1.3; +https://openai.com/gptbot)"
74.7.227.135 - - [04/Apr/2026:12:52:00 +0000] "GET /buy.php?item/049000539 HTTP/1.1" 200 91583 "http://dataharbor.africa.hpierson.com/buy.php?item/049000711" "Mozilla/5.0 AppleWebKit/537.36 (KHTML, like Gecko; compatible; GPTBot/1.3; +https://openai.com/gptbot)"
74.7.227.135 - - [04/Apr/2026:12:52:01 +0000] "GET /buy.php?item/222027910 HTTP/1.1" 200 85274 "http://dataharbor.africa.hpierson.com/buy.php?item/222012288" "Mozilla/5.0 AppleWebKit/537.36 (KHTML, like Gecko; compatible; GPTBot/1.3; +https://openai.com/gptbot)"
74.7.227.135 - - [04/Apr/2026:12:52:02 +0000] "GET /buy.php?special/item/134038641 HTTP/1.1" 200 73605 "http://dataharbor.africa.hpierson.com/buy.php?item/049000177" "Mozilla/5.0 AppleWebKit/537.36 (KHTML, like Gecko; compatible; GPTBot/1.3; +https://openai.com/gptbot)"
74.7.242.31 - - [04/Apr/2026:12:52:01 +0000] "GET /buy.php?item/040000364 HTTP/1.1" 200 75713 "http://mail.dataharbor.africa/buy.php?item/040001116" "Mozilla/5.0 AppleWebKit/537.36 (KHTML, like Gecko; compatible; GPTBot/1.3; +https://openai.com/gptbot)"
74.7.242.39 - - [04/Apr/2026:12:52:02 +0000] "GET /buy.php?item/199000759 HTTP/1.1" 200 73364 "http://dataharbor.africa/buy.php?item/151000255" "Mozilla/5.0 AppleWebKit/537.36 (KHTML, like Gecko; compatible; GPTBot/1.3; +https://openai.com/gptbot)"
74.7.227.135 - - [04/Apr/2026:12:52:02 +0000] "GET /buy.php?item/049000145 HTTP/1.1" 200 80046 "http://dataharbor.africa.hpierson.com/buy.php?item/049000177" "Mozilla/5.0 AppleWebKit/537.36 (KHTML, like Gecko; compatible; GPTBot/1.3; +https://openai.com/gptbot)"
74.7.242.39 - - [04/Apr/2026:12:52:02 +0000] "GET /buy.php?item/151000167 HTTP/1.1" 200 75709 "http://dataharbor.africa/buy.php?item/151000255" "Mozilla/5.0 AppleWebKit/537.36 (KHTML, like Gecko; compatible; GPTBot/1.3; +https://openai.com/gptbot)"
74.7.242.39 - - [04/Apr/2026:12:52:03 +0000] "GET /buy.php?item/100011192 HTTP/1.1" 200 78823 "http://dataharbor.africa/buy.php?item/100011216" "Mozilla/5.0 AppleWebKit/537.36 (KHTML, like Gecko; compatible; GPTBot/1.3; +https://openai.com/gptbot)"
74.7.227.135 - - [04/Apr/2026:12:52:03 +0000] "GET /buy.php?item/222027908 HTTP/1.1" 200 83501 "http://dataharbor.africa.hpierson.com/buy.php?item/222012288" "Mozilla/5.0 AppleWebKit/537.36 (KHTML, like Gecko; compatible; GPTBot/1.3; +https://openai.com/gptbot)"
74.7.242.39 - - [04/Apr/2026:12:52:04 +0000] "GET /buy.php?item/260007640 HTTP/1.1" 200 75445 "http://dataharbor.africa/buy.php?item/260006766" "Mozilla/5.0 AppleWebKit/537.36 (KHTML, like Gecko; compatible; GPTBot/1.3; +https://openai.com/gptbot)"
74.7.227.135 - - [04/Apr/2026:12:52:04 +0000] "GET /buy.php?item/012018128 HTTP/1.1" 200 98132 "http://dataharbor.africa.hpierson.com/buy.php?item/111001587" "Mozilla/5.0 AppleWebKit/537.36 (KHTML, like Gecko; compatible; GPTBot/1.3; +https://openai.com/gptbot)"
74.7.227.135 - - [04/Apr/2026:12:52:05 +0000] "GET /buy.php?item/049000149 HTTP/1.1" 200 84639 "http://dataharbor.africa.hpierson.com/buy.php?item/049000177" "Mozilla/5.0 AppleWebKit/537.36 (KHTML, like Gecko; compatible; GPTBot/1.3; +https://openai.com/gptbot)"
74.7.242.39 - - [04/Apr/2026:12:52:06 +0000] "GET /buy.php?goods/106043816 HTTP/1.1" 200 79798 "http://dataharbor.africa/buy.php?item/222043462" "Mozilla/5.0 AppleWebKit/537.36 (KHTML, like Gecko; compatible; GPTBot/1.3; +https://openai.com/gptbot)"
74.7.227.135 - - [04/Apr/2026:12:52:06 +0000] "GET /buy.php?item/111001533 HTTP/1.1" 200 80121 "http://dataharbor.africa.hpierson.com/buy.php?item/111001497" "Mozilla/5.0 AppleWebKit/537.36 (KHTML, like Gecko; compatible; GPTBot/1.3; +https://openai.com/gptbot)"
74.7.227.135 - - [04/Apr/2026:12:52:06 +0000] "GET /buy.php?item/222017090 HTTP/1.1" 200 118053 "http://dataharbor.africa.hpierson.com/buy.php?item/222029810" "Mozilla/5.0 AppleWebKit/537.36 (KHTML, like Gecko; compatible; GPTBot/1.3; +https://openai.com/gptbot)"
74.7.242.39 - - [04/Apr/2026:12:52:06 +0000] "GET /buy.php?special/into/082000287 HTTP/1.1" 200 76225 "http://dataharbor.africa/buy.php?item/082000998" "Mozilla/5.0 AppleWebKit/537.36 (KHTML, like Gecko; compatible; GPTBot/1.3; +https://openai.com/gptbot)"
74.7.242.31 - - [04/Apr/2026:12:52:07 +0000] "GET /buy.php?item/222043512 HTTP/1.1" 200 85165 "http://mail.dataharbor.africa/buy.php?item/222042894" "Mozilla/5.0 AppleWebKit/537.36 (KHTML, like Gecko; compatible; GPTBot/1.3; +https://openai.com/gptbot)"
74.7.227.135 - - [04/Apr/2026:12:52:08 +0000] "GET /buy.php?item/222017092 HTTP/1.1" 200 97289 "http://dataharbor.africa.hpierson.com/buy.php?item/222029810" "Mozilla/5.0 AppleWebKit/537.36 (KHTML, like Gecko; compatible; GPTBot/1.3; +https://openai.com/gptbot)"
74.7.242.39 - - [04/Apr/2026:12:52:08 +0000] "GET /buy.php?item/109040555 HTTP/1.1" 200 76927 "http://dataharbor.africa/buy.php?item/222026962" "Mozilla/5.0 AppleWebKit/537.36 (KHTML, like Gecko; compatible; GPTBot/1.3; +https://openai.com/gptbot)"
74.7.227.135 - - [04/Apr/2026:12:52:09 +0000] "GET /buy.php?item/111001713 HTTP/1.1" 200 77113 "http://dataharbor.africa.hpierson.com/buy.php?item/111001149" "Mozilla/5.0 AppleWebKit/537.36 (KHTML, like Gecko; compatible; GPTBot/1.3; +https://openai.com/gptbot)"
74.7.227.135 - - [04/Apr/2026:12:52:09 +0000] "GET /buy.php?item/111001399 HTTP/1.1" 200 72976 "http://dataharbor.africa.hpierson.com/buy.php?item/111001523" "Mozilla/5.0 AppleWebKit/537.36 (KHTML, like Gecko; compatible; GPTBot/1.3; +https://openai.com/gptbot)"
74.7.227.135 - - [04/Apr/2026:12:52:10 +0000] "GET /buy.php?item/060004104 HTTP/1.1" 200 79157 "http://dataharbor.africa.hpierson.com/buy.php?special/list/060004203" "Mozilla/5.0 AppleWebKit/537.36 (KHTML, like Gecko; compatible; GPTBot/1.3; +https://openai.com/gptbot)"
74.7.242.39 - - [04/Apr/2026:12:52:10 +0000] "GET /buy.php?item/038000458 HTTP/1.1" 200 80573 "http://dataharbor.africa/buy.php?item/038000390" "Mozilla/5.0 AppleWebKit/537.36 (KHTML, like Gecko; compatible; GPTBot/1.3; +https://openai.com/gptbot)"
74.7.227.135 - - [04/Apr/2026:12:52:11 +0000] "GET /buy.php?item/049000117 HTTP/1.1" 200 95411 "http://dataharbor.africa.hpierson.com/buy.php?item/049000145" "Mozilla/5.0 AppleWebKit/537.36 (KHTML, like Gecko; compatible; GPTBot/1.3; +https://openai.com/gptbot)"
74.7.242.39 - - [04/Apr/2026:12:52:11 +0000] "GET /buy.php?special/come/151000132 HTTP/1.1" 200 86701 "http://dataharbor.africa/buy.php?item/151000167" "Mozilla/5.0 AppleWebKit/537.36 (KHTML, like Gecko; compatible; GPTBot/1.3; +https://openai.com/gptbot)"
74.7.227.135 - - [04/Apr/2026:12:52:12 +0000] "GET /buy.php?item/049000115 HTTP/1.1" 200 79164 "http://dataharbor.africa.hpierson.com/buy.php?item/049000145" "Mozilla/5.0 AppleWebKit/537.36 (KHTML, like Gecko; compatible; GPTBot/1.3; +https://openai.com/gptbot)"
74.7.242.39 - - [04/Apr/2026:12:52:12 +0000] "GET /buy.php?detail/1510001314725 HTTP/1.1" 200 81939 "http://dataharbor.africa/buy.php?item/151000167" "Mozilla/5.0 AppleWebKit/537.36 (KHTML, like Gecko; compatible; GPTBot/1.3; +https://openai.com/gptbot)"
74.7.227.135 - - [04/Apr/2026:12:52:12 +0000] "GET /buy.php?item/049000113 HTTP/1.1" 200 86333 "http://dataharbor.africa.hpierson.com/buy.php?item/049000145" "Mozilla/5.0 AppleWebKit/537.36 (KHTML, like Gecko; compatible; GPTBot/1.3; +https://openai.com/gptbot)"
74.7.242.39 - - [04/Apr/2026:12:52:13 +0000] "GET /buy.php?item/260006208 HTTP/1.1" 200 74494 "http://dataharbor.africa/buy.php?item/260007640" "Mozilla/5.0 AppleWebKit/537.36 (KHTML, like Gecko; compatible; GPTBot/1.3; +https://openai.com/gptbot)"
74.7.242.39 - - [04/Apr/2026:12:52:14 +0000] "GET /buy.php?item/082000286 HTTP/1.1" 200 71397 "http://dataharbor.africa/buy.php?item/082000998" "Mozilla/5.0 AppleWebKit/537.36 (KHTML, like Gecko; compatible; GPTBot/1.3; +https://openai.com/gptbot)"
74.7.227.135 - - [04/Apr/2026:12:52:14 +0000] "GET /buy.php?item/222012582 HTTP/1.1" 200 113361 "http://dataharbor.africa.hpierson.com/buy.php?item/222027908" "Mozilla/5.0 AppleWebKit/537.36 (KHTML, like Gecko; compatible; GPTBot/1.3; +https://openai.com/gptbot)"
74.7.242.39 - - [04/Apr/2026:12:52:14 +0000] "GET /buy.php?item/100011194 HTTP/1.1" 200 80972 "http://dataharbor.africa/buy.php?item/100011216" "Mozilla/5.0 AppleWebKit/537.36 (KHTML, like Gecko; compatible; GPTBot/1.3; +https://openai.com/gptbot)"
74.7.227.135 - - [04/Apr/2026:12:52:15 +0000] "GET /buy.php?item/067000807 HTTP/1.1" 200 77702 "http://dataharbor.africa.hpierson.com/buy.php?item/012018128" "Mozilla/5.0 AppleWebKit/537.36 (KHTML, like Gecko; compatible; GPTBot/1.3; +https://openai.com/gptbot)"
74.7.242.31 - - [04/Apr/2026:12:52:15 +0000] "GET /buy.php?item/222044724 HTTP/1.1" 200 110725 "http://mail.dataharbor.africa/buy.php?item/222043512" "Mozilla/5.0 AppleWebKit/537.36 (KHTML, like Gecko; compatible; GPTBot/1.3; +https://openai.com/gptbot)"
74.7.242.39 - - [04/Apr/2026:12:52:15 +0000] "GET /buy.php?item/020016484 HTTP/1.1" 200 77044 "http://dataharbor.africa/buy.php?special/into/082000287" "Mozilla/5.0 AppleWebKit/537.36 (KHTML, like Gecko; compatible; GPTBot/1.3; +https://openai.com/gptbot)"
74.7.227.135 - - [04/Apr/2026:12:52:17 +0000] "GET /buy.php?item/222015400 HTTP/1.1" 200 98753 "http://dataharbor.africa.hpierson.com/buy.php?item/222017092" "Mozilla/5.0 AppleWebKit/537.36 (KHTML, like Gecko; compatible; GPTBot/1.3; +https://openai.com/gptbot)"
74.7.242.39 - - [04/Apr/2026:12:52:17 +0000] "GET /buy.php?item/203000573 HTTP/1.1" 200 84690 "http://dataharbor.africa/buy.php?item/109040555" "Mozilla/5.0 AppleWebKit/537.36 (KHTML, like Gecko; compatible; GPTBot/1.3; +https://openai.com/gptbot)"
74.7.227.135 - - [04/Apr/2026:12:52:18 +0000] "GET /buy.php?special/actively/024023007 HTTP/1.1" 200 79926 "http://dataharbor.africa.hpierson.com/buy.php?item/111001713" "Mozilla/5.0 AppleWebKit/537.36 (KHTML, like Gecko; compatible; GPTBot/1.3; +https://openai.com/gptbot)"
74.7.242.31 - - [04/Apr/2026:12:52:18 +0000] "GET /buy.php?item/230009326 HTTP/1.1" 200 74907 "http://mail.dataharbor.africa/buy.php?item/230008480" "Mozilla/5.0 AppleWebKit/537.36 (KHTML, like Gecko; compatible; GPTBot/1.3; +https://openai.com/gptbot)"
74.7.227.135 - - [04/Apr/2026:12:52:19 +0000] "GET /buy.php?item/111002175 HTTP/1.1" 200 77658 "http://dataharbor.africa.hpierson.com/buy.php?item/111001713" "Mozilla/5.0 AppleWebKit/537.36 (KHTML, like Gecko; compatible; GPTBot/1.3; +https://openai.com/gptbot)"
74.7.242.31 - - [04/Apr/2026:12:52:19 +0000] "GET /buy.php?item/031000765 HTTP/1.1" 200 70853 "http://mail.dataharbor.africa/buy.php?item/031000871" "Mozilla/5.0 AppleWebKit/537.36 (KHTML, like Gecko; compatible; GPTBot/1.3; +https://openai.com/gptbot)"
74.7.242.39 - - [04/Apr/2026:12:52:20 +0000] "GET /buy.php?item/151000621 HTTP/1.1" 200 89083 "http://dataharbor.africa/buy.php?special/come/151000132" "Mozilla/5.0 AppleWebKit/537.36 (KHTML, like Gecko; compatible; GPTBot/1.3; +https://openai.com/gptbot)"
74.7.227.135 - - [04/Apr/2026:12:52:20 +0000] "GET /buy.php?item/049000397 HTTP/1.1" 200 92185 "http://dataharbor.africa.hpierson.com/buy.php?item/049000117" "Mozilla/5.0 AppleWebKit/537.36 (KHTML, like Gecko; compatible; GPTBot/1.3; +https://openai.com/gptbot)"
74.7.227.135 - - [04/Apr/2026:12:52:21 +0000] "GET /buy.php?item/020005632 HTTP/1.1" 200 79841 "http://dataharbor.africa.hpierson.com/buy.php?item/049000115" "Mozilla/5.0 AppleWebKit/537.36 (KHTML, like Gecko; compatible; GPTBot/1.3; +https://openai.com/gptbot)"
74.7.242.39 - - [04/Apr/2026:12:52:21 +0000] "GET /buy.php?item/295000595 HTTP/1.1" 200 75926 "http://dataharbor.africa/buy.php?special/into/082000287" "Mozilla/5.0 AppleWebKit/537.36 (KHTML, like Gecko; compatible; GPTBot/1.3; +https://openai.com/gptbot)"
74.7.227.135 - - [04/Apr/2026:12:52:22 +0000] "GET /buy.php?item/049000139 HTTP/1.1" 200 82521 "http://dataharbor.africa.hpierson.com/buy.php?item/049000113" "Mozilla/5.0 AppleWebKit/537.36 (KHTML, like Gecko; compatible; GPTBot/1.3; +https://openai.com/gptbot)"
74.7.242.39 - - [04/Apr/2026:12:52:22 +0000] "GET /buy.php?item/082000284 HTTP/1.1" 200 78520 "http://dataharbor.africa/buy.php?item/082000998" "Mozilla/5.0 AppleWebKit/537.36 (KHTML, like Gecko; compatible; GPTBot/1.3; +https://openai.com/gptbot)"
74.7.227.135 - - [04/Apr/2026:12:52:23 +0000] "GET /buy.php?item/049000147 HTTP/1.1" 200 87567 "http://dataharbor.africa.hpierson.com/buy.php?item/049000113" "Mozilla/5.0 AppleWebKit/537.36 (KHTML, like Gecko; compatible; GPTBot/1.3; +https://openai.com/gptbot)"
74.7.242.39 - - [04/Apr/2026:12:52:22 +0000] "GET /buy.php?item/082000894 HTTP/1.1" 200 78071 "http://dataharbor.africa/buy.php?item/082000286" "Mozilla/5.0 AppleWebKit/537.36 (KHTML, like Gecko; compatible; GPTBot/1.3; +https://openai.com/gptbot)"
74.7.227.135 - - [04/Apr/2026:12:52:23 +0000] "GET /buy.php?special/trust/222030779 HTTP/1.1" 200 83044 "http://dataharbor.africa.hpierson.com/buy.php?item/222012582" "Mozilla/5.0 AppleWebKit/537.36 (KHTML, like Gecko; compatible; GPTBot/1.3; +https://openai.com/gptbot)"
74.7.242.39 - - [04/Apr/2026:12:52:23 +0000] "GET /buy.php?item/082000898 HTTP/1.1" 200 74508 "http://dataharbor.africa/buy.php?item/082000286" "Mozilla/5.0 AppleWebKit/537.36 (KHTML, like Gecko; compatible; GPTBot/1.3; +https://openai.com/gptbot)"
74.7.242.31 - - [04/Apr/2026:12:52:23 +0000] "GET /buy.php?item/222048472 HTTP/1.1" 200 117615 "http://mail.dataharbor.africa/buy.php?item/222044724" "Mozilla/5.0 AppleWebKit/537.36 (KHTML, like Gecko; compatible; GPTBot/1.3; +https://openai.com/gptbot)"
74.7.227.135 - - [04/Apr/2026:12:52:24 +0000] "GET /buy.php?item/067000205 HTTP/1.1" 200 78684 "http://dataharbor.africa.hpierson.com/buy.php?item/067000807" "Mozilla/5.0 AppleWebKit/537.36 (KHTML, like Gecko; compatible; GPTBot/1.3; +https://openai.com/gptbot)"
74.7.227.135 - - [04/Apr/2026:12:52:26 +0000] "GET /buy.php?item/252010004 HTTP/1.1" 200 92935 "http://dataharbor.africa.hpierson.com/buy.php?special/actively/024023007" "Mozilla/5.0 AppleWebKit/537.36 (KHTML, like Gecko; compatible; GPTBot/1.3; +https://openai.com/gptbot)"
74.7.242.39 - - [04/Apr/2026:12:52:26 +0000] "GET /buy.php?item/008000296 HTTP/1.1" 200 75038 "http://dataharbor.africa/buy.php?item/008000132" "Mozilla/5.0 AppleWebKit/537.36 (KHTML, like Gecko; compatible; GPTBot/1.3; +https://openai.com/gptbot)"
74.7.242.31 - - [04/Apr/2026:12:52:27 +0000] "GET /buy.php?item/222026754 HTTP/1.1" 200 86605 "http://mail.dataharbor.africa/buy.php?item/222022956" "Mozilla/5.0 AppleWebKit/537.36 (KHTML, like Gecko; compatible; GPTBot/1.3; +https://openai.com/gptbot)"
74.7.242.39 - - [04/Apr/2026:12:52:27 +0000] "GET /buy.php?item/200033362 HTTP/1.1" 200 77726 "http://dataharbor.africa/buy.php?item/200032622" "Mozilla/5.0 AppleWebKit/537.36 (KHTML, like Gecko; compatible; GPTBot/1.3; +https://openai.com/gptbot)"
74.7.227.135 - - [04/Apr/2026:12:52:28 +0000] "GET /buy.php?item/111002025 HTTP/1.1" 200 74831 "http://dataharbor.africa.hpierson.com/buy.php?item/111002063" "Mozilla/5.0 AppleWebKit/537.36 (KHTML, like Gecko; compatible; GPTBot/1.3; +https://openai.com/gptbot)"
74.7.242.31 - - [04/Apr/2026:12:52:29 +0000] "GET /buy.php?item/222032814 HTTP/1.1" 200 78999 "http://mail.dataharbor.africa/buy.php?item/222012132" "Mozilla/5.0 AppleWebKit/537.36 (KHTML, like Gecko; compatible; GPTBot/1.3; +https://openai.com/gptbot)"
74.7.227.135 - - [04/Apr/2026:12:52:29 +0000] "GET /buy.php?item/049000151 HTTP/1.1" 200 79047 "http://dataharbor.africa.hpierson.com/buy.php?item/049000397" "Mozilla/5.0 AppleWebKit/537.36 (KHTML, like Gecko; compatible; GPTBot/1.3; +https://openai.com/gptbot)"
74.7.242.39 - - [04/Apr/2026:12:52:30 +0000] "GET /buy.php?item/295000901 HTTP/1.1" 200 85567 "http://dataharbor.africa/buy.php?item/295000595" "Mozilla/5.0 AppleWebKit/537.36 (KHTML, like Gecko; compatible; GPTBot/1.3; +https://openai.com/gptbot)"
74.7.227.135 - - [04/Apr/2026:12:52:31 +0000] "GET /buy.php?item/049000419 HTTP/1.1" 200 97497 "http://dataharbor.africa.hpierson.com/buy.php?item/049000139" "Mozilla/5.0 AppleWebKit/537.36 (KHTML, like Gecko; compatible; GPTBot/1.3; +https://openai.com/gptbot)"
74.7.242.39 - - [04/Apr/2026:12:52:32 +0000] "GET /buy.php?item/211005551 HTTP/1.1" 200 76608 "http://dataharbor.africa/buy.php?item/230002860" "Mozilla/5.0 AppleWebKit/537.36 (KHTML, like Gecko; compatible; GPTBot/1.3; +https://openai.com/gptbot)"
74.7.227.135 - - [04/Apr/2026:12:52:32 +0000] "GET /buy.php?item/222027930 HTTP/1.1" 200 108684 "http://dataharbor.africa.hpierson.com/buy.php?special/trust/222030779" "Mozilla/5.0 AppleWebKit/537.36 (KHTML, like Gecko; compatible; GPTBot/1.3; +https://openai.com/gptbot)"
74.7.242.39 - - [04/Apr/2026:12:52:32 +0000] "GET /buy.php?item/110007188 HTTP/1.1" 200 100305 "http://dataharbor.africa/buy.php?item/110006612" "Mozilla/5.0 AppleWebKit/537.36 (KHTML, like Gecko; compatible; GPTBot/1.3; +https://openai.com/gptbot)"
74.7.227.135 - - [04/Apr/2026:12:52:33 +0000] "GET /buy.php?detail/03901018448894 HTTP/1.1" 200 80386 "http://dataharbor.africa.hpierson.com/buy.php?item/067000205" "Mozilla/5.0 AppleWebKit/537.36 (KHTML, like Gecko; compatible; GPTBot/1.3; +https://openai.com/gptbot)"
74.7.242.39 - - [04/Apr/2026:12:52:33 +0000] "GET /buy.php?item/222007008 HTTP/1.1" 200 80631 "http://dataharbor.africa/buy.php?item/222005832" "Mozilla/5.0 AppleWebKit/537.36 (KHTML, like Gecko; compatible; GPTBot/1.3; +https://openai.com/gptbot)"
74.7.227.135 - - [04/Apr/2026:12:52:34 +0000] "GET /buy.php?item/020004802 HTTP/1.1" 200 81387 "http://dataharbor.africa.hpierson.com/buy.php?item/020005632" "Mozilla/5.0 AppleWebKit/537.36 (KHTML, like Gecko; compatible; GPTBot/1.3; +https://openai.com/gptbot)"
74.7.242.39 - - [04/Apr/2026:12:52:34 +0000] "GET /buy.php?item/220005040 HTTP/1.1" 200 79236 "http://dataharbor.africa/buy.php?item/220006224" "Mozilla/5.0 AppleWebKit/537.36 (KHTML, like Gecko; compatible; GPTBot/1.3; +https://openai.com/gptbot)"
74.7.242.39 - - [04/Apr/2026:12:52:34 +0000] "GET /buy.php?item/008000252 HTTP/1.1" 200 103490 "http://dataharbor.africa/buy.php?item/008000296" "Mozilla/5.0 AppleWebKit/537.36 (KHTML, like Gecko; compatible; GPTBot/1.3; +https://openai.com/gptbot)"
74.7.227.135 - - [04/Apr/2026:12:52:34 +0000] "GET /buy.php?item/051007111 HTTP/1.1" 200 72111 "http://dataharbor.africa.hpierson.com/buy.php?item/111014559" "Mozilla/5.0 AppleWebKit/537.36 (KHTML, like Gecko; compatible; GPTBot/1.3; +https://openai.com/gptbot)"
74.7.242.39 - - [04/Apr/2026:12:52:35 +0000] "GET /buy.php?item/222023276 HTTP/1.1" 200 103038 "http://dataharbor.africa/buy.php?item/222023492" "Mozilla/5.0 AppleWebKit/537.36 (KHTML, like Gecko; compatible; GPTBot/1.3; +https://openai.com/gptbot)"
74.7.227.135 - - [04/Apr/2026:12:52:36 +0000] "GET /buy.php?item/060004402 HTTP/1.1" 200 82733 "http://dataharbor.africa.hpierson.com/buy.php?item/060004628" "Mozilla/5.0 AppleWebKit/537.36 (KHTML, like Gecko; compatible; GPTBot/1.3; +https://openai.com/gptbot)"
74.7.242.31 - - [04/Apr/2026:12:52:37 +0000] "GET /buy.php?item/222032624 HTTP/1.1" 200 80555 "http://mail.dataharbor.africa/buy.php?item/222032814" "Mozilla/5.0 AppleWebKit/537.36 (KHTML, like Gecko; compatible; GPTBot/1.3; +https://openai.com/gptbot)"
74.7.227.135 - - [04/Apr/2026:12:52:37 +0000] "GET /buy.php?item/111001047 HTTP/1.1" 200 74738 "http://dataharbor.africa.hpierson.com/buy.php?item/111001785" "Mozilla/5.0 AppleWebKit/537.36 (KHTML, like Gecko; compatible; GPTBot/1.3; +https://openai.com/gptbot)"
74.7.227.135 - - [04/Apr/2026:12:52:38 +0000] "GET /buy.php?item/047000709 HTTP/1.1" 200 77164 "http://dataharbor.africa.hpierson.com/buy.php?item/043000665" "Mozilla/5.0 AppleWebKit/537.36 (KHTML, like Gecko; compatible; GPTBot/1.3; +https://openai.com/gptbot)"
74.7.242.39 - - [04/Apr/2026:12:52:38 +0000] "GET /buy.php?item/092000404 HTTP/1.1" 200 88102 "http://dataharbor.africa/buy.php?item/092000120" "Mozilla/5.0 AppleWebKit/537.36 (KHTML, like Gecko; compatible; GPTBot/1.3; +https://openai.com/gptbot)"
74.7.227.135 - - [04/Apr/2026:12:52:38 +0000] "GET /buy.php?item/111014531 HTTP/1.1" 200 82192 "http://dataharbor.africa.hpierson.com/buy.php?item/111015063" "Mozilla/5.0 AppleWebKit/537.36 (KHTML, like Gecko; compatible; GPTBot/1.3; +https://openai.com/gptbot)"
74.7.227.135 - - [04/Apr/2026:12:52:39 +0000] "GET /buy.php?item/111001461 HTTP/1.1" 200 75286 "http://dataharbor.africa.hpierson.com/buy.php?item/111001689" "Mozilla/5.0 AppleWebKit/537.36 (KHTML, like Gecko; compatible; GPTBot/1.3; +https://openai.com/gptbot)"
74.7.242.39 - - [04/Apr/2026:12:52:40 +0000] "GET /buy.php?special/commander/110006037 HTTP/1.1" 200 77492 "http://dataharbor.africa/buy.php?item/110007188" "Mozilla/5.0 AppleWebKit/537.36 (KHTML, like Gecko; compatible; GPTBot/1.3; +https://openai.com/gptbot)"
74.7.227.135 - - [04/Apr/2026:12:52:40 +0000] "GET /buy.php?item/111001127 HTTP/1.1" 200 75550 "http://dataharbor.africa.hpierson.com/buy.php?item/111001957" "Mozilla/5.0 AppleWebKit/537.36 (KHTML, like Gecko; compatible; GPTBot/1.3; +https://openai.com/gptbot)"
74.7.242.31 - - [04/Apr/2026:12:52:40 +0000] "GET /buy.php?item/222039586 HTTP/1.1" 200 91793 "http://mail.dataharbor.africa/buy.php?item/079000497" "Mozilla/5.0 AppleWebKit/537.36 (KHTML, like Gecko; compatible; GPTBot/1.3; +https://openai.com/gptbot)"
74.7.227.135 - - [04/Apr/2026:12:52:41 +0000] "GET /buy.php?item/222027126 HTTP/1.1" 200 91999 "http://dataharbor.africa.hpierson.com/buy.php?item/222027930" "Mozilla/5.0 AppleWebKit/537.36 (KHTML, like Gecko; compatible; GPTBot/1.3; +https://openai.com/gptbot)"
74.7.242.39 - - [04/Apr/2026:12:52:41 +0000] "GET /buy.php?item/086041110 HTTP/1.1" 200 65988 "http://dataharbor.africa/buy.php?item/211005551" "Mozilla/5.0 AppleWebKit/537.36 (KHTML, like Gecko; compatible; GPTBot/1.3; +https://openai.com/gptbot)"
74.7.227.135 - - [04/Apr/2026:12:52:41 +0000] "GET /buy.php?item/111001413 HTTP/1.1" 200 76889 "http://dataharbor.africa.hpierson.com/buy.php?item/111001869" "Mozilla/5.0 AppleWebKit/537.36 (KHTML, like Gecko; compatible; GPTBot/1.3; +https://openai.com/gptbot)"
74.7.227.135 - - [04/Apr/2026:12:52:43 +0000] "GET /buy.php?item/020004648 HTTP/1.1" 200 82751 "http://dataharbor.africa.hpierson.com/buy.php?item/020004802" "Mozilla/5.0 AppleWebKit/537.36 (KHTML, like Gecko; compatible; GPTBot/1.3; +https://openai.com/gptbot)"
74.7.227.135 - - [04/Apr/2026:12:52:43 +0000] "GET /buy.php?item/020004646 HTTP/1.1" 200 79955 "http://dataharbor.africa.hpierson.com/buy.php?item/020004802" "Mozilla/5.0 AppleWebKit/537.36 (KHTML, like Gecko; compatible; GPTBot/1.3; +https://openai.com/gptbot)"
74.7.242.39 - - [04/Apr/2026:12:52:45 +0000] "GET /buy.php?item/060003016 HTTP/1.1" 200 74633 "http://dataharbor.africa/buy.php?special/bus/106020409" "Mozilla/5.0 AppleWebKit/537.36 (KHTML, like Gecko; compatible; GPTBot/1.3; +https://openai.com/gptbot)"
74.7.227.135 - - [04/Apr/2026:12:52:45 +0000] "GET /buy.php?item/060005094 HTTP/1.1" 200 78205 "http://dataharbor.africa.hpierson.com/buy.php?item/060004402" "Mozilla/5.0 AppleWebKit/537.36 (KHTML, like Gecko; compatible; GPTBot/1.3; +https://openai.com/gptbot)"
74.7.242.31 - - [04/Apr/2026:12:52:46 +0000] "GET /buy.php?detail/14502921551595 HTTP/1.1" 200 66173 "http://mail.dataharbor.africa/buy.php?item/222032624" "Mozilla/5.0 AppleWebKit/537.36 (KHTML, like Gecko; compatible; GPTBot/1.3; +https://openai.com/gptbot)"
74.7.227.135 - - [04/Apr/2026:12:52:46 +0000] "GET /buy.php?item/111002133 HTTP/1.1" 200 72700 "http://dataharbor.africa.hpierson.com/buy.php?item/111001323" "Mozilla/5.0 AppleWebKit/537.36 (KHTML, like Gecko; compatible; GPTBot/1.3; +https://openai.com/gptbot)"
74.7.227.135 - - [04/Apr/2026:12:52:47 +0000] "GET /buy.php?item/047000769 HTTP/1.1" 200 81729 "http://dataharbor.africa.hpierson.com/buy.php?item/047000709" "Mozilla/5.0 AppleWebKit/537.36 (KHTML, like Gecko; compatible; GPTBot/1.3; +https://openai.com/gptbot)"
74.7.242.39 - - [04/Apr/2026:12:52:48 +0000] "GET /buy.php?item/060002402 HTTP/1.1" 200 76496 "http://dataharbor.africa/buy.php?item/060002364" "Mozilla/5.0 AppleWebKit/537.36 (KHTML, like Gecko; compatible; GPTBot/1.3; +https://openai.com/gptbot)"
74.7.244.13 - - [04/Apr/2026:12:52:49 +0000] "GET /robots.txt HTTP/1.1" 200 389 "-" "Mozilla/5.0 (Macintosh; Intel Mac OS X 10_15_7) AppleWebKit/537.36 (KHTML, like Gecko) Chrome/131.0.0.0 Safari/537.36; compatible; OAI-SearchBot/1.3; robots.txt; +https://openai.com/searchbot"
74.7.227.135 - - [04/Apr/2026:12:52:49 +0000] "GET /buy.php?item/069000343 HTTP/1.1" 200 74648 "http://dataharbor.africa.hpierson.com/buy.php?item/111001461" "Mozilla/5.0 AppleWebKit/537.36 (KHTML, like Gecko; compatible; GPTBot/1.3; +https://openai.com/gptbot)"
74.7.227.135 - - [04/Apr/2026:12:52:50 +0000] "GET /buy.php?item/111001737 HTTP/1.1" 200 79135 "http://dataharbor.africa.hpierson.com/buy.php?item/111001127" "Mozilla/5.0 AppleWebKit/537.36 (KHTML, like Gecko; compatible; GPTBot/1.3; +https://openai.com/gptbot)"
74.7.227.135 - - [04/Apr/2026:12:52:50 +0000] "GET /buy.php?item/222012084 HTTP/1.1" 200 108647 "http://dataharbor.africa.hpierson.com/buy.php?item/222027126" "Mozilla/5.0 AppleWebKit/537.36 (KHTML, like Gecko; compatible; GPTBot/1.3; +https://openai.com/gptbot)"
74.7.242.39 - - [04/Apr/2026:12:52:51 +0000] "GET /buy.php?item/150003040 HTTP/1.1" 200 85772 "http://dataharbor.africa/buy.php?item/150005906" "Mozilla/5.0 AppleWebKit/537.36 (KHTML, like Gecko; compatible; GPTBot/1.3; +https://openai.com/gptbot)"
74.7.242.31 - - [04/Apr/2026:12:52:51 +0000] "GET /buy.php?item/084038222 HTTP/1.1" 200 76171 "http://mail.dataharbor.africa/buy.php?item/273035559" "Mozilla/5.0 AppleWebKit/537.36 (KHTML, like Gecko; compatible; GPTBot/1.3; +https://openai.com/gptbot)"
74.7.227.135 - - [04/Apr/2026:12:52:51 +0000] "GET /buy.php?item/222012086 HTTP/1.1" 200 94208 "http://dataharbor.africa.hpierson.com/buy.php?item/222027126" "Mozilla/5.0 AppleWebKit/537.36 (KHTML, like Gecko; compatible; GPTBot/1.3; +https://openai.com/gptbot)"
74.7.242.39 - - [04/Apr/2026:12:52:53 +0000] "GET /buy.php?item/029000429 HTTP/1.1" 200 70837 "http://dataharbor.africa/buy.php?item/220001024" "Mozilla/5.0 AppleWebKit/537.36 (KHTML, like Gecko; compatible; GPTBot/1.3; +https://openai.com/gptbot)"
74.7.227.135 - - [04/Apr/2026:12:52:53 +0000] "GET /buy.php?item/020005338 HTTP/1.1" 200 77083 "http://dataharbor.africa.hpierson.com/buy.php?item/020004648" "Mozilla/5.0 AppleWebKit/537.36 (KHTML, like Gecko; compatible; GPTBot/1.3; +https://openai.com/gptbot)"
74.7.242.39 - - [04/Apr/2026:12:52:54 +0000] "GET /buy.php?item/060027444 HTTP/1.1" 200 80118 "http://dataharbor.africa/buy.php?item/060003016" "Mozilla/5.0 AppleWebKit/537.36 (KHTML, like Gecko; compatible; GPTBot/1.3; +https://openai.com/gptbot)"
74.7.227.135 - - [04/Apr/2026:12:52:55 +0000] "GET /buy.php?item/020005342 HTTP/1.1" 200 74289 "http://dataharbor.africa.hpierson.com/buy.php?item/020004648" "Mozilla/5.0 AppleWebKit/537.36 (KHTML, like Gecko; compatible; GPTBot/1.3; +https://openai.com/gptbot)"
74.7.242.39 - - [04/Apr/2026:12:52:55 +0000] "GET /buy.php?item/222001172 HTTP/1.1" 200 79216 "http://dataharbor.africa/buy.php?item/222001036" "Mozilla/5.0 AppleWebKit/537.36 (KHTML, like Gecko; compatible; GPTBot/1.3; +https://openai.com/gptbot)"
74.7.227.135 - - [04/Apr/2026:12:52:56 +0000] "GET /buy.php?item/060004222 HTTP/1.1" 200 84211 "http://dataharbor.africa.hpierson.com/buy.php?item/060005094" "Mozilla/5.0 AppleWebKit/537.36 (KHTML, like Gecko; compatible; GPTBot/1.3; +https://openai.com/gptbot)"
74.7.227.135 - - [04/Apr/2026:12:52:56 +0000] "GET /buy.php?item/111001945 HTTP/1.1" 200 75807 "http://dataharbor.africa.hpierson.com/buy.php?item/111002133" "Mozilla/5.0 AppleWebKit/537.36 (KHTML, like Gecko; compatible; GPTBot/1.3; +https://openai.com/gptbot)"
74.7.242.31 - - [04/Apr/2026:12:52:57 +0000] "GET /buy.php?item/200043954 HTTP/1.1" 200 71622 "http://mail.dataharbor.africa/buy.php?item/200001728" "Mozilla/5.0 AppleWebKit/537.36 (KHTML, like Gecko; compatible; GPTBot/1.3; +https://openai.com/gptbot)"
74.7.242.39 - - [04/Apr/2026:12:52:57 +0000] "GET /buy.php?item/060002196 HTTP/1.1" 200 78988 "http://dataharbor.africa/buy.php?item/060002402" "Mozilla/5.0 AppleWebKit/537.36 (KHTML, like Gecko; compatible; GPTBot/1.3; +https://openai.com/gptbot)"
74.7.242.31 - - [04/Apr/2026:12:52:57 +0000] "GET /buy.php?item/210007816 HTTP/1.1" 200 83433 "http://mail.dataharbor.africa/buy.php?item/210005640" "Mozilla/5.0 AppleWebKit/537.36 (KHTML, like Gecko; compatible; GPTBot/1.3; +https://openai.com/gptbot)"
74.7.227.135 - - [04/Apr/2026:12:52:57 +0000] "GET /buy.php?item/186019192 HTTP/1.1" 200 70957 "http://dataharbor.africa.hpierson.com/buy.php?item/047000769" "Mozilla/5.0 AppleWebKit/537.36 (KHTML, like Gecko; compatible; GPTBot/1.3; +https://openai.com/gptbot)"
204.12.208.18 - - [04/Apr/2026:12:51:25 +0000] "GET /wp-includes/pl8fbac3/edit.php HTTP/1.1" 200 - "http://dataharbor.africa/wp-includes/pl8fbac3/edit.php" "Mozilla/5.0 (compatible; MSIE 9.0; Windows NT 6.1; WOW64; Trident/5.0)"
74.7.227.135 - - [04/Apr/2026:12:52:58 +0000] "GET /buy.php?item/047000627 HTTP/1.1" 200 77937 "http://dataharbor.africa.hpierson.com/buy.php?item/047000769" "Mozilla/5.0 AppleWebKit/537.36 (KHTML, like Gecko; compatible; GPTBot/1.3; +https://openai.com/gptbot)"
74.7.227.135 - - [04/Apr/2026:12:52:59 +0000] "GET /buy.php?item/111001383 HTTP/1.1" 200 72846 "http://dataharbor.africa.hpierson.com/buy.php?item/111002153" "Mozilla/5.0 AppleWebKit/537.36 (KHTML, like Gecko; compatible; GPTBot/1.3; +https://openai.com/gptbot)"
74.7.242.39 - - [04/Apr/2026:12:52:59 +0000] "GET /buy.php?item/060002204 HTTP/1.1" 200 74219 "http://dataharbor.africa/buy.php?item/060002402" "Mozilla/5.0 AppleWebKit/537.36 (KHTML, like Gecko; compatible; GPTBot/1.3; +https://openai.com/gptbot)"
74.7.227.135 - - [04/Apr/2026:12:53:00 +0000] "GET /buy.php?item/110009112 HTTP/1.1" 200 78678 "http://dataharbor.africa.hpierson.com/buy.php?item/111001737" "Mozilla/5.0 AppleWebKit/537.36 (KHTML, like Gecko; compatible; GPTBot/1.3; +https://openai.com/gptbot)"
74.7.242.39 - - [04/Apr/2026:12:53:00 +0000] "GET /buy.php?item/150001074 HTTP/1.1" 200 87284 "http://dataharbor.africa/buy.php?item/150003040" "Mozilla/5.0 AppleWebKit/537.36 (KHTML, like Gecko; compatible; GPTBot/1.3; +https://openai.com/gptbot)"
74.7.227.135 - - [04/Apr/2026:12:53:01 +0000] "GET /buy.php?item/222032774 HTTP/1.1" 200 77001 "http://dataharbor.africa.hpierson.com/buy.php?item/222012084" "Mozilla/5.0 AppleWebKit/537.36 (KHTML, like Gecko; compatible; GPTBot/1.3; +https://openai.com/gptbot)"
74.7.242.31 - - [04/Apr/2026:12:53:01 +0000] "GET /buy.php?item/238000226 HTTP/1.1" 200 76958 "http://mail.dataharbor.africa/buy.php?item/084038222" "Mozilla/5.0 AppleWebKit/537.36 (KHTML, like Gecko; compatible; GPTBot/1.3; +https://openai.com/gptbot)"
74.7.242.39 - - [04/Apr/2026:12:53:01 +0000] "GET /buy.php?item/150001072 HTTP/1.1" 200 84341 "http://dataharbor.africa/buy.php?item/150003040" "Mozilla/5.0 AppleWebKit/537.36 (KHTML, like Gecko; compatible; GPTBot/1.3; +https://openai.com/gptbot)"
74.7.227.135 - - [04/Apr/2026:12:53:02 +0000] "GET /buy.php?item/222032776 HTTP/1.1" 200 94951 "http://dataharbor.africa.hpierson.com/buy.php?item/222012084" "Mozilla/5.0 AppleWebKit/537.36 (KHTML, like Gecko; compatible; GPTBot/1.3; +https://openai.com/gptbot)"
74.7.242.39 - - [04/Apr/2026:12:53:02 +0000] "GET /buy.php?item/150001068 HTTP/1.1" 200 82779 "http://dataharbor.africa/buy.php?item/150003040" "Mozilla/5.0 AppleWebKit/537.36 (KHTML, like Gecko; compatible; GPTBot/1.3; +https://openai.com/gptbot)"
74.7.242.39 - - [04/Apr/2026:12:53:03 +0000] "GET /buy.php?item/029000203 HTTP/1.1" 200 75678 "http://dataharbor.africa/buy.php?item/029000429" "Mozilla/5.0 AppleWebKit/537.36 (KHTML, like Gecko; compatible; GPTBot/1.3; +https://openai.com/gptbot)"
74.7.227.135 - - [04/Apr/2026:12:53:02 +0000] "GET /buy.php?item/222032778 HTTP/1.1" 200 96575 "http://dataharbor.africa.hpierson.com/buy.php?item/222012084" "Mozilla/5.0 AppleWebKit/537.36 (KHTML, like Gecko; compatible; GPTBot/1.3; +https://openai.com/gptbot)"
74.7.227.135 - - [04/Apr/2026:12:53:03 +0000] "GET /buy.php?item/222014240 HTTP/1.1" 200 90322 "http://dataharbor.africa.hpierson.com/buy.php?item/222012086" "Mozilla/5.0 AppleWebKit/537.36 (KHTML, like Gecko; compatible; GPTBot/1.3; +https://openai.com/gptbot)"
74.7.227.135 - - [04/Apr/2026:12:53:04 +0000] "GET /buy.php?item/270002580 HTTP/1.1" 200 80688 "http://dataharbor.africa.hpierson.com/buy.php?item/020005342" "Mozilla/5.0 AppleWebKit/537.36 (KHTML, like Gecko; compatible; GPTBot/1.3; +https://openai.com/gptbot)"
74.7.227.135 - - [04/Apr/2026:12:53:05 +0000] "GET /buy.php?item/020005132 HTTP/1.1" 200 86024 "http://dataharbor.africa.hpierson.com/buy.php?item/020005342" "Mozilla/5.0 AppleWebKit/537.36 (KHTML, like Gecko; compatible; GPTBot/1.3; +https://openai.com/gptbot)"
74.7.242.39 - - [04/Apr/2026:12:53:05 +0000] "GET /buy.php?item/029000199 HTTP/1.1" 200 74959 "http://dataharbor.africa/buy.php?item/029000429" "Mozilla/5.0 AppleWebKit/537.36 (KHTML, like Gecko; compatible; GPTBot/1.3; +https://openai.com/gptbot)"
74.7.227.135 - - [04/Apr/2026:12:53:05 +0000] "GET /buy.php?item/020005130 HTTP/1.1" 200 81806 "http://dataharbor.africa.hpierson.com/buy.php?item/020005342" "Mozilla/5.0 AppleWebKit/537.36 (KHTML, like Gecko; compatible; GPTBot/1.3; +https://openai.com/gptbot)"
74.7.227.135 - - [04/Apr/2026:12:53:06 +0000] "GET /buy.php?item/111001779 HTTP/1.1" 200 73911 "http://dataharbor.africa.hpierson.com/buy.php?item/111001945" "Mozilla/5.0 AppleWebKit/537.36 (KHTML, like Gecko; compatible; GPTBot/1.3; +https://openai.com/gptbot)"
74.7.242.39 - - [04/Apr/2026:12:53:07 +0000] "GET /buy.php?item/110031222 HTTP/1.1" 200 91100 "http://dataharbor.africa/buy.php?item/060002196" "Mozilla/5.0 AppleWebKit/537.36 (KHTML, like Gecko; compatible; GPTBot/1.3; +https://openai.com/gptbot)"
74.7.242.31 - - [04/Apr/2026:12:53:07 +0000] "GET /buy.php?item/200001272 HTTP/1.1" 200 72703 "http://mail.dataharbor.africa/buy.php?item/200043954" "Mozilla/5.0 AppleWebKit/537.36 (KHTML, like Gecko; compatible; GPTBot/1.3; +https://openai.com/gptbot)"
74.7.227.135 - - [04/Apr/2026:12:53:07 +0000] "GET /buy.php?item/047000665 HTTP/1.1" 200 74015 "http://dataharbor.africa.hpierson.com/buy.php?item/047000627" "Mozilla/5.0 AppleWebKit/537.36 (KHTML, like Gecko; compatible; GPTBot/1.3; +https://openai.com/gptbot)"
74.7.242.31 - - [04/Apr/2026:12:53:08 +0000] "GET /buy.php?item/200001270 HTTP/1.1" 200 71233 "http://mail.dataharbor.africa/buy.php?item/200043954" "Mozilla/5.0 AppleWebKit/537.36 (KHTML, like Gecko; compatible; GPTBot/1.3; +https://openai.com/gptbot)"
74.7.227.135 - - [04/Apr/2026:12:53:08 +0000] "GET /buy.php?item/111001143 HTTP/1.1" 200 73193 "http://dataharbor.africa.hpierson.com/buy.php?item/111001383" "Mozilla/5.0 AppleWebKit/537.36 (KHTML, like Gecko; compatible; GPTBot/1.3; +https://openai.com/gptbot)"
74.7.242.39 - - [04/Apr/2026:12:53:08 +0000] "GET /buy.php?item/287037359 HTTP/1.1" 200 79490 "http://dataharbor.africa/buy.php?item/060002204" "Mozilla/5.0 AppleWebKit/537.36 (KHTML, like Gecko; compatible; GPTBot/1.3; +https://openai.com/gptbot)"
74.7.227.135 - - [04/Apr/2026:12:53:09 +0000] "GET /buy.php?item/110008558 HTTP/1.1" 200 78183 "http://dataharbor.africa.hpierson.com/buy.php?item/110009112" "Mozilla/5.0 AppleWebKit/537.36 (KHTML, like Gecko; compatible; GPTBot/1.3; +https://openai.com/gptbot)"
74.7.242.39 - - [04/Apr/2026:12:53:10 +0000] "GET /buy.php?item/150001178 HTTP/1.1" 200 79803 "http://dataharbor.africa/buy.php?item/150001072" "Mozilla/5.0 AppleWebKit/537.36 (KHTML, like Gecko; compatible; GPTBot/1.3; +https://openai.com/gptbot)"
74.7.227.135 - - [04/Apr/2026:12:53:11 +0000] "GET /buy.php?item/222016202 HTTP/1.1" 200 91116 "http://dataharbor.africa.hpierson.com/buy.php?item/222032778" "Mozilla/5.0 AppleWebKit/537.36 (KHTML, like Gecko; compatible; GPTBot/1.3; +https://openai.com/gptbot)"
74.7.242.39 - - [04/Apr/2026:12:53:11 +0000] "GET /buy.php?item/150001176 HTTP/1.1" 200 76966 "http://dataharbor.africa/buy.php?item/150001072" "Mozilla/5.0 AppleWebKit/537.36 (KHTML, like Gecko; compatible; GPTBot/1.3; +https://openai.com/gptbot)"
74.7.227.135 - - [04/Apr/2026:12:53:12 +0000] "GET /buy.php?item/222012714 HTTP/1.1" 200 81240 "http://dataharbor.africa.hpierson.com/buy.php?item/222014240" "Mozilla/5.0 AppleWebKit/537.36 (KHTML, like Gecko; compatible; GPTBot/1.3; +https://openai.com/gptbot)"
74.7.242.39 - - [04/Apr/2026:12:53:12 +0000] "GET /buy.php?item/029000533 HTTP/1.1" 200 72742 "http://dataharbor.africa/buy.php?item/029000203" "Mozilla/5.0 AppleWebKit/537.36 (KHTML, like Gecko; compatible; GPTBot/1.3; +https://openai.com/gptbot)"
74.7.242.31 - - [04/Apr/2026:12:53:12 +0000] "GET /buy.php?item/047000395 HTTP/1.1" 200 85136 "http://mail.dataharbor.africa/buy.php?item/047000415" "Mozilla/5.0 AppleWebKit/537.36 (KHTML, like Gecko; compatible; GPTBot/1.3; +https://openai.com/gptbot)"
74.7.227.135 - - [04/Apr/2026:12:53:13 +0000] "GET /buy.php?detail/27000285062305 HTTP/1.1" 200 74237 "http://dataharbor.africa.hpierson.com/buy.php?item/270002580" "Mozilla/5.0 AppleWebKit/537.36 (KHTML, like Gecko; compatible; GPTBot/1.3; +https://openai.com/gptbot)"
74.7.242.39 - - [04/Apr/2026:12:53:13 +0000] "GET /buy.php?item/060003466 HTTP/1.1" 200 77521 "http://dataharbor.africa/buy.php?item/060002204" "Mozilla/5.0 AppleWebKit/537.36 (KHTML, like Gecko; compatible; GPTBot/1.3; +https://openai.com/gptbot)"
74.7.227.135 - - [04/Apr/2026:12:53:13 +0000] "GET /buy.php?item/270002842 HTTP/1.1" 200 74815 "http://dataharbor.africa.hpierson.com/buy.php?item/270002580" "Mozilla/5.0 AppleWebKit/537.36 (KHTML, like Gecko; compatible; GPTBot/1.3; +https://openai.com/gptbot)"
74.7.242.39 - - [04/Apr/2026:12:53:14 +0000] "GET /buy.php?item/150001180 HTTP/1.1" 200 83730 "http://dataharbor.africa/buy.php?item/150001072" "Mozilla/5.0 AppleWebKit/537.36 (KHTML, like Gecko; compatible; GPTBot/1.3; +https://openai.com/gptbot)"
74.7.242.31 - - [04/Apr/2026:12:53:14 +0000] "GET /buy.php?item/288000144 HTTP/1.1" 200 74470 "http://mail.dataharbor.africa/buy.php?item/288000238" "Mozilla/5.0 AppleWebKit/537.36 (KHTML, like Gecko; compatible; GPTBot/1.3; +https://openai.com/gptbot)"
74.7.242.39 - - [04/Apr/2026:12:53:14 +0000] "GET /buy.php?item/174024442 HTTP/1.1" 200 76626 "http://dataharbor.africa/buy.php?item/029000199" "Mozilla/5.0 AppleWebKit/537.36 (KHTML, like Gecko; compatible; GPTBot/1.3; +https://openai.com/gptbot)"
74.7.227.135 - - [04/Apr/2026:12:53:14 +0000] "GET /buy.php?item/020004792 HTTP/1.1" 200 80434 "http://dataharbor.africa.hpierson.com/buy.php?item/020005130" "Mozilla/5.0 AppleWebKit/537.36 (KHTML, like Gecko; compatible; GPTBot/1.3; +https://openai.com/gptbot)"
74.7.242.39 - - [04/Apr/2026:12:53:15 +0000] "GET /buy.php?item/029000649 HTTP/1.1" 200 74198 "http://dataharbor.africa/buy.php?item/029000199" "Mozilla/5.0 AppleWebKit/537.36 (KHTML, like Gecko; compatible; GPTBot/1.3; +https://openai.com/gptbot)"
74.7.227.135 - - [04/Apr/2026:12:53:15 +0000] "GET /buy.php?item/020004832 HTTP/1.1" 200 92741 "http://dataharbor.africa.hpierson.com/buy.php?item/020005132" "Mozilla/5.0 AppleWebKit/537.36 (KHTML, like Gecko; compatible; GPTBot/1.3; +https://openai.com/gptbot)"
74.7.242.31 - - [04/Apr/2026:12:53:16 +0000] "GET /buy.php?item/200042744 HTTP/1.1" 200 79035 "http://mail.dataharbor.africa/buy.php?item/200001272" "Mozilla/5.0 AppleWebKit/537.36 (KHTML, like Gecko; compatible; GPTBot/1.3; +https://openai.com/gptbot)"
74.7.242.39 - - [04/Apr/2026:12:53:16 +0000] "GET /buy.php?item/230022218 HTTP/1.1" 200 73672 "http://dataharbor.africa/buy.php?item/110031222" "Mozilla/5.0 AppleWebKit/537.36 (KHTML, like Gecko; compatible; GPTBot/1.3; +https://openai.com/gptbot)"
74.7.227.135 - - [04/Apr/2026:12:53:16 +0000] "GET /buy.php?item/047000559 HTTP/1.1" 200 75112 "http://dataharbor.africa.hpierson.com/buy.php?item/047000665" "Mozilla/5.0 AppleWebKit/537.36 (KHTML, like Gecko; compatible; GPTBot/1.3; +https://openai.com/gptbot)"
74.7.242.31 - - [04/Apr/2026:12:53:16 +0000] "GET /buy.php?item/061006669 HTTP/1.1" 200 87466 "http://mail.dataharbor.africa/buy.php?item/200001270" "Mozilla/5.0 AppleWebKit/537.36 (KHTML, like Gecko; compatible; GPTBot/1.3; +https://openai.com/gptbot)"
74.7.227.135 - - [04/Apr/2026:12:53:17 +0000] "GET /buy.php?item/222032188 HTTP/1.1" 200 86351 "http://dataharbor.africa.hpierson.com/buy.php?item/020005132" "Mozilla/5.0 AppleWebKit/537.36 (KHTML, like Gecko; compatible; GPTBot/1.3; +https://openai.com/gptbot)"
74.7.227.135 - - [04/Apr/2026:12:53:18 +0000] "GET /buy.php?item/020004788 HTTP/1.1" 200 74333 "http://dataharbor.africa.hpierson.com/buy.php?item/020005130" "Mozilla/5.0 AppleWebKit/537.36 (KHTML, like Gecko; compatible; GPTBot/1.3; +https://openai.com/gptbot)"
74.7.242.39 - - [04/Apr/2026:12:53:19 +0000] "GET /buy.php?item/040008454 HTTP/1.1" 200 78512 "http://dataharbor.africa/buy.php?item/040007748" "Mozilla/5.0 AppleWebKit/537.36 (KHTML, like Gecko; compatible; GPTBot/1.3; +https://openai.com/gptbot)"
74.7.227.135 - - [04/Apr/2026:12:53:19 +0000] "GET /buy.php?item/111001243 HTTP/1.1" 200 80935 "http://dataharbor.africa.hpierson.com/buy.php?item/111001143" "Mozilla/5.0 AppleWebKit/537.36 (KHTML, like Gecko; compatible; GPTBot/1.3; +https://openai.com/gptbot)"
74.7.227.135 - - [04/Apr/2026:12:53:20 +0000] "GET /buy.php?item/222016200 HTTP/1.1" 200 95120 "http://dataharbor.africa.hpierson.com/buy.php?item/222032778" "Mozilla/5.0 AppleWebKit/537.36 (KHTML, like Gecko; compatible; GPTBot/1.3; +https://openai.com/gptbot)"
74.7.242.31 - - [04/Apr/2026:12:53:20 +0000] "GET /buy.php?item/200001038 HTTP/1.1" 200 73160 "http://mail.dataharbor.africa/buy.php?item/200001270" "Mozilla/5.0 AppleWebKit/537.36 (KHTML, like Gecko; compatible; GPTBot/1.3; +https://openai.com/gptbot)"
74.7.242.39 - - [04/Apr/2026:12:53:20 +0000] "GET /buy.php?special/news/150006565 HTTP/1.1" 200 87319 "http://dataharbor.africa/buy.php?item/150001178" "Mozilla/5.0 AppleWebKit/537.36 (KHTML, like Gecko; compatible; GPTBot/1.3; +https://openai.com/gptbot)"
74.7.227.135 - - [04/Apr/2026:12:53:21 +0000] "GET /buy.php?item/222027974 HTTP/1.1" 200 84451 "http://dataharbor.africa.hpierson.com/buy.php?item/222016202" "Mozilla/5.0 AppleWebKit/537.36 (KHTML, like Gecko; compatible; GPTBot/1.3; +https://openai.com/gptbot)"
74.7.227.135 - - [04/Apr/2026:12:53:21 +0000] "GET /buy.php?item/222027976 HTTP/1.1" 200 113406 "http://dataharbor.africa.hpierson.com/buy.php?item/222016202" "Mozilla/5.0 AppleWebKit/537.36 (KHTML, like Gecko; compatible; GPTBot/1.3; +https://openai.com/gptbot)"
74.7.242.31 - - [04/Apr/2026:12:53:21 +0000] "GET /buy.php?item/069000345 HTTP/1.1" 200 80668 "http://mail.dataharbor.africa/buy.php?item/069000439" "Mozilla/5.0 AppleWebKit/537.36 (KHTML, like Gecko; compatible; GPTBot/1.3; +https://openai.com/gptbot)"
74.7.227.135 - - [04/Apr/2026:12:53:22 +0000] "GET /buy.php?item/222027978 HTTP/1.1" 200 123952 "http://dataharbor.africa.hpierson.com/buy.php?item/222016202" "Mozilla/5.0 AppleWebKit/537.36 (KHTML, like Gecko; compatible; GPTBot/1.3; +https://openai.com/gptbot)"
74.7.242.39 - - [04/Apr/2026:12:53:22 +0000] "GET /buy.php?special/servant/217041028 HTTP/1.1" 200 86299 "http://dataharbor.africa/buy.php?item/060003466" "Mozilla/5.0 AppleWebKit/537.36 (KHTML, like Gecko; compatible; GPTBot/1.3; +https://openai.com/gptbot)"
74.7.227.135 - - [04/Apr/2026:12:53:23 +0000] "GET /buy.php?item/222032898 HTTP/1.1" 200 101050 "http://dataharbor.africa.hpierson.com/buy.php?item/222012714" "Mozilla/5.0 AppleWebKit/537.36 (KHTML, like Gecko; compatible; GPTBot/1.3; +https://openai.com/gptbot)"
74.7.242.39 - - [04/Apr/2026:12:53:23 +0000] "GET /buy.php?item/150002024 HTTP/1.1" 200 82592 "http://dataharbor.africa/buy.php?item/150001180" "Mozilla/5.0 AppleWebKit/537.36 (KHTML, like Gecko; compatible; GPTBot/1.3; +https://openai.com/gptbot)"
74.7.227.135 - - [04/Apr/2026:12:53:24 +0000] "GET /buy.php?item/174003000 HTTP/1.1" 200 87210 "http://dataharbor.africa.hpierson.com/buy.php?item/270002842" "Mozilla/5.0 AppleWebKit/537.36 (KHTML, like Gecko; compatible; GPTBot/1.3; +https://openai.com/gptbot)"
74.7.242.39 - - [04/Apr/2026:12:53:24 +0000] "GET /buy.php?special/reach/245006240 HTTP/1.1" 200 71739 "http://dataharbor.africa/buy.php?item/174024442" "Mozilla/5.0 AppleWebKit/537.36 (KHTML, like Gecko; compatible; GPTBot/1.3; +https://openai.com/gptbot)"
74.7.227.135 - - [04/Apr/2026:12:53:24 +0000] "GET /buy.php?item/020004880 HTTP/1.1" 200 80258 "http://dataharbor.africa.hpierson.com/buy.php?item/020004832" "Mozilla/5.0 AppleWebKit/537.36 (KHTML, like Gecko; compatible; GPTBot/1.3; +https://openai.com/gptbot)"
74.7.242.39 - - [04/Apr/2026:12:53:25 +0000] "GET /buy.php?item/029000281 HTTP/1.1" 200 71512 "http://dataharbor.africa/buy.php?item/029000649" "Mozilla/5.0 AppleWebKit/537.36 (KHTML, like Gecko; compatible; GPTBot/1.3; +https://openai.com/gptbot)"
74.7.227.135 - - [04/Apr/2026:12:53:25 +0000] "GET /buy.php?item/222032900 HTTP/1.1" 200 89526 "http://dataharbor.africa.hpierson.com/buy.php?item/222012714" "Mozilla/5.0 AppleWebKit/537.36 (KHTML, like Gecko; compatible; GPTBot/1.3; +https://openai.com/gptbot)"
74.7.227.135 - - [04/Apr/2026:12:53:26 +0000] "GET /buy.php?item/222033962 HTTP/1.1" 200 100291 "http://dataharbor.africa.hpierson.com/buy.php?item/222032188" "Mozilla/5.0 AppleWebKit/537.36 (KHTML, like Gecko; compatible; GPTBot/1.3; +https://openai.com/gptbot)"
74.7.227.135 - - [04/Apr/2026:12:53:27 +0000] "GET /buy.php?item/020006234 HTTP/1.1" 200 83181 "http://dataharbor.africa.hpierson.com/buy.php?item/020004788" "Mozilla/5.0 AppleWebKit/537.36 (KHTML, like Gecko; compatible; GPTBot/1.3; +https://openai.com/gptbot)"
74.7.227.135 - - [04/Apr/2026:12:53:28 +0000] "GET /buy.php?item/047000557 HTTP/1.1" 200 77140 "http://dataharbor.africa.hpierson.com/buy.php?item/047000665" "Mozilla/5.0 AppleWebKit/537.36 (KHTML, like Gecko; compatible; GPTBot/1.3; +https://openai.com/gptbot)"
74.7.242.39 - - [04/Apr/2026:12:53:28 +0000] "GET /buy.php?item/150002026 HTTP/1.1" 200 81360 "http://dataharbor.africa/buy.php?item/150001180" "Mozilla/5.0 AppleWebKit/537.36 (KHTML, like Gecko; compatible; GPTBot/1.3; +https://openai.com/gptbot)"
74.7.242.39 - - [04/Apr/2026:12:53:29 +0000] "GET /buy.php?item/024000616 HTTP/1.1" 200 77492 "http://dataharbor.africa/buy.php?item/040008454" "Mozilla/5.0 AppleWebKit/537.36 (KHTML, like Gecko; compatible; GPTBot/1.3; +https://openai.com/gptbot)"
74.7.242.31 - - [04/Apr/2026:12:53:29 +0000] "GET /buy.php?item/240009362 HTTP/1.1" 200 72384 "http://mail.dataharbor.africa/buy.php?item/200001038" "Mozilla/5.0 AppleWebKit/537.36 (KHTML, like Gecko; compatible; GPTBot/1.3; +https://openai.com/gptbot)"
74.7.227.135 - - [04/Apr/2026:12:53:29 +0000] "GET /buy.php?item/222012590 HTTP/1.1" 200 113126 "http://dataharbor.africa.hpierson.com/buy.php?item/222027974" "Mozilla/5.0 AppleWebKit/537.36 (KHTML, like Gecko; compatible; GPTBot/1.3; +https://openai.com/gptbot)"
74.7.242.31 - - [04/Apr/2026:12:53:29 +0000] "GET /buy.php?item/095038137 HTTP/1.1" 200 97154 "http://mail.dataharbor.africa/buy.php?item/069000345" "Mozilla/5.0 AppleWebKit/537.36 (KHTML, like Gecko; compatible; GPTBot/1.3; +https://openai.com/gptbot)"
74.7.227.135 - - [04/Apr/2026:12:53:30 +0000] "GET /buy.php?item/222012592 HTTP/1.1" 200 107386 "http://dataharbor.africa.hpierson.com/buy.php?item/222027974" "Mozilla/5.0 AppleWebKit/537.36 (KHTML, like Gecko; compatible; GPTBot/1.3; +https://openai.com/gptbot)"
74.7.227.135 - - [04/Apr/2026:12:53:31 +0000] "GET /buy.php?item/222012390 HTTP/1.1" 200 103012 "http://dataharbor.africa.hpierson.com/buy.php?item/222027978" "Mozilla/5.0 AppleWebKit/537.36 (KHTML, like Gecko; compatible; GPTBot/1.3; +https://openai.com/gptbot)"
74.7.227.135 - - [04/Apr/2026:12:53:31 +0000] "GET /buy.php?item/222010172 HTTP/1.1" 200 108185 "http://dataharbor.africa.hpierson.com/buy.php?item/222032898" "Mozilla/5.0 AppleWebKit/537.36 (KHTML, like Gecko; compatible; GPTBot/1.3; +https://openai.com/gptbot)"
74.7.242.39 - - [04/Apr/2026:12:53:32 +0000] "GET /buy.php?item/150006880 HTTP/1.1" 200 85449 "http://dataharbor.africa/buy.php?item/150002024" "Mozilla/5.0 AppleWebKit/537.36 (KHTML, like Gecko; compatible; GPTBot/1.3; +https://openai.com/gptbot)"
74.7.227.135 - - [04/Apr/2026:12:53:32 +0000] "GET /buy.php?item/222010170 HTTP/1.1" 200 103024 "http://dataharbor.africa.hpierson.com/buy.php?item/222032898" "Mozilla/5.0 AppleWebKit/537.36 (KHTML, like Gecko; compatible; GPTBot/1.3; +https://openai.com/gptbot)"
74.7.242.39 - - [04/Apr/2026:12:53:33 +0000] "GET /buy.php?item/111033743 HTTP/1.1" 200 84021 "http://dataharbor.africa/buy.php?special/reach/245006240" "Mozilla/5.0 AppleWebKit/537.36 (KHTML, like Gecko; compatible; GPTBot/1.3; +https://openai.com/gptbot)"
