54.166.126.132 - - [03/Apr/2026:18:06:48 +0000] "GET /wp-includes/SimplePie/Content/Type/ HTTP/1.1" 200 1076 "-" "Mozilla/5.0 AppleWebKit/537.36 (KHTML, like Gecko; compatible; Amazonbot/0.1; +https://developer.amazon.com/support/amazonbot) Chrome/119.0.6045.214 Safari/537.36"
54.163.169.168 - - [03/Apr/2026:18:06:51 +0000] "GET /wp-includes/SimplePie/Decode/pwnkit HTTP/1.1" 200 11256 "-" "Mozilla/5.0 AppleWebKit/537.36 (KHTML, like Gecko; compatible; Amazonbot/0.1; +https://developer.amazon.com/support/amazonbot) Chrome/119.0.6045.214 Safari/537.36"
34.205.163.103 - - [03/Apr/2026:18:06:55 +0000] "GET /wp-includes/SimplePie/src/RegistryAware.php HTTP/1.1" 200 - "-" "Mozilla/5.0 AppleWebKit/537.36 (KHTML, like Gecko; compatible; Amazonbot/0.1; +https://developer.amazon.com/support/amazonbot) Chrome/119.0.6045.214 Safari/537.36"
3.223.134.5 - - [03/Apr/2026:18:06:59 +0000] "GET /wp-includes/ID3/?C=D;O%3DD HTTP/1.1" 200 4430 "-" "Mozilla/5.0 AppleWebKit/537.36 (KHTML, like Gecko; compatible; Amazonbot/0.1; +https://developer.amazon.com/support/amazonbot) Chrome/119.0.6045.214 Safari/537.36"
54.209.100.30 - - [03/Apr/2026:18:07:04 +0000] "GET /wp-includes/js/tinymce/?C=D;O%3DA HTTP/1.1" 200 2819 "-" "Mozilla/5.0 AppleWebKit/537.36 (KHTML, like Gecko; compatible; Amazonbot/0.1; +https://developer.amazon.com/support/amazonbot) Chrome/119.0.6045.214 Safari/537.36"
3.212.205.90 - - [03/Apr/2026:18:07:07 +0000] "GET /sat/chai/wp-admin/?C=D;O%3DA HTTP/1.1" 200 1021 "-" "Mozilla/5.0 AppleWebKit/537.36 (KHTML, like Gecko; compatible; Amazonbot/0.1; +https://developer.amazon.com/support/amazonbot) Chrome/119.0.6045.214 Safari/537.36"
54.147.238.89 - - [03/Apr/2026:18:07:12 +0000] "GET /wp-includes/widgets/class-wp-widget-links.php HTTP/1.1" 500 - "-" "Mozilla/5.0 AppleWebKit/537.36 (KHTML, like Gecko; compatible; Amazonbot/0.1; +https://developer.amazon.com/support/amazonbot) Chrome/119.0.6045.214 Safari/537.36"
18.206.47.187 - - [03/Apr/2026:18:07:16 +0000] "GET /wp-includes/widgets/class-wp-widget-media-video.php HTTP/1.1" 500 - "-" "Mozilla/5.0 AppleWebKit/537.36 (KHTML, like Gecko; compatible; Amazonbot/0.1; +https://developer.amazon.com/support/amazonbot) Chrome/119.0.6045.214 Safari/537.36"
185.191.171.16 - - [03/Apr/2026:18:07:16 +0000] "GET /Leptomonas1513860.html HTTP/1.1" 404 - "-" "Mozilla/5.0 (compatible; SemrushBot/7~bl; +http://www.semrush.com/bot.html)"
3.224.205.25 - - [03/Apr/2026:18:07:20 +0000] "GET /wp-includes/SimplePie/src/?C=D;O%3DA HTTP/1.1" 200 5678 "-" "Mozilla/5.0 AppleWebKit/537.36 (KHTML, like Gecko; compatible; Amazonbot/0.1; +https://developer.amazon.com/support/amazonbot) Chrome/119.0.6045.214 Safari/537.36"
34.202.88.37 - - [03/Apr/2026:18:07:24 +0000] "GET /wp-includes/widgets/pwnkit HTTP/1.1" 200 11256 "-" "Mozilla/5.0 AppleWebKit/537.36 (KHTML, like Gecko; compatible; Amazonbot/0.1; +https://developer.amazon.com/support/amazonbot) Chrome/119.0.6045.214 Safari/537.36"
52.204.81.148 - - [03/Apr/2026:18:07:28 +0000] "GET /wp-admin/js/?C=M;O%3DD HTTP/1.1" 200 19071 "-" "Mozilla/5.0 AppleWebKit/537.36 (KHTML, like Gecko; compatible; Amazonbot/0.1; +https://developer.amazon.com/support/amazonbot) Chrome/119.0.6045.214 Safari/537.36"
44.214.19.8 - - [03/Apr/2026:18:07:32 +0000] "GET /wp-includes/SimplePie/Content/?C=M;O%3DA HTTP/1.1" 200 1231 "-" "Mozilla/5.0 AppleWebKit/537.36 (KHTML, like Gecko; compatible; Amazonbot/0.1; +https://developer.amazon.com/support/amazonbot) Chrome/119.0.6045.214 Safari/537.36"
185.191.171.2 - - [03/Apr/2026:18:07:34 +0000] "GET /actual364423.html HTTP/1.1" 404 - "-" "Mozilla/5.0 (compatible; SemrushBot/7~bl; +http://www.semrush.com/bot.html)"
3.229.164.203 - - [03/Apr/2026:18:07:37 +0000] "GET /wp-admin/css/?C=M;O%3DA HTTP/1.1" 200 19757 "-" "Mozilla/5.0 AppleWebKit/537.36 (KHTML, like Gecko; compatible; Amazonbot/0.1; +https://developer.amazon.com/support/amazonbot) Chrome/119.0.6045.214 Safari/537.36"
85.208.96.211 - - [03/Apr/2026:18:08:22 +0000] "GET /deduct72378.html HTTP/1.1" 404 - "-" "Mozilla/5.0 (compatible; SemrushBot/7~bl; +http://www.semrush.com/bot.html)"
85.208.96.193 - - [03/Apr/2026:18:08:23 +0000] "GET /florally88211.html HTTP/1.1" 404 - "-" "Mozilla/5.0 (compatible; SemrushBot/7~bl; +http://www.semrush.com/bot.html)"
147.136.175.134 - - [03/Apr/2026:18:08:43 +0000] "GET /wp-content/uploads/2015/10/LAYOFFS.jpg HTTP/1.1" 404 - "http://hpierson.com/" "Mozilla/5.0 (X11; Linux x86_64) AppleWebKit/537.36 (KHTML, like Gecko) Chrome/121 Safari/537.36"
85.208.96.196 - - [03/Apr/2026:18:09:33 +0000] "GET /moosebird188382.html HTTP/1.1" 404 - "-" "Mozilla/5.0 (compatible; SemrushBot/7~bl; +http://www.semrush.com/bot.html)"
85.208.96.194 - - [03/Apr/2026:18:09:41 +0000] "GET /paraenesis1019464.html HTTP/1.1" 404 - "-" "Mozilla/5.0 (compatible; SemrushBot/7~bl; +http://www.semrush.com/bot.html)"
85.208.96.203 - - [03/Apr/2026:18:09:52 +0000] "GET /hippopotamine419178.html HTTP/1.1" 404 - "-" "Mozilla/5.0 (compatible; SemrushBot/7~bl; +http://www.semrush.com/bot.html)"
85.208.96.206 - - [03/Apr/2026:18:10:28 +0000] "GET /cutback173747.html HTTP/1.1" 404 - "-" "Mozilla/5.0 (compatible; SemrushBot/7~bl; +http://www.semrush.com/bot.html)"
185.191.171.12 - - [03/Apr/2026:18:11:33 +0000] "GET /cutback308047.html HTTP/1.1" 404 - "-" "Mozilla/5.0 (compatible; SemrushBot/7~bl; +http://www.semrush.com/bot.html)"
185.191.171.6 - - [03/Apr/2026:18:11:36 +0000] "GET /alf10522.html HTTP/1.1" 404 - "-" "Mozilla/5.0 (compatible; SemrushBot/7~bl; +http://www.semrush.com/bot.html)"
85.208.96.203 - - [03/Apr/2026:18:11:39 +0000] "GET /Chaetangium105335.html HTTP/1.1" 404 - "-" "Mozilla/5.0 (compatible; SemrushBot/7~bl; +http://www.semrush.com/bot.html)"
185.191.171.10 - - [03/Apr/2026:18:12:48 +0000] "GET /indifferency525471.html HTTP/1.1" 404 - "-" "Mozilla/5.0 (compatible; SemrushBot/7~bl; +http://www.semrush.com/bot.html)"
185.191.171.19 - - [03/Apr/2026:18:13:52 +0000] "GET /Listeria139197.html HTTP/1.1" 404 - "-" "Mozilla/5.0 (compatible; SemrushBot/7~bl; +http://www.semrush.com/bot.html)"
85.208.96.196 - - [03/Apr/2026:18:13:55 +0000] "GET /chouka565892.html HTTP/1.1" 404 - "-" "Mozilla/5.0 (compatible; SemrushBot/7~bl; +http://www.semrush.com/bot.html)"
85.208.96.196 - - [03/Apr/2026:18:14:25 +0000] "GET /alanyl133194.html HTTP/1.1" 404 - "-" "Mozilla/5.0 (compatible; SemrushBot/7~bl; +http://www.semrush.com/bot.html)"
185.191.171.10 - - [03/Apr/2026:18:15:46 +0000] "GET /Listeria471897.html HTTP/1.1" 404 - "-" "Mozilla/5.0 (compatible; SemrushBot/7~bl; +http://www.semrush.com/bot.html)"
185.191.171.8 - - [03/Apr/2026:18:15:56 +0000] "GET /ikey1438622.html HTTP/1.1" 404 - "-" "Mozilla/5.0 (compatible; SemrushBot/7~bl; +http://www.semrush.com/bot.html)"
185.191.171.6 - - [03/Apr/2026:18:15:58 +0000] "GET /marketeer539220.html HTTP/1.1" 404 - "-" "Mozilla/5.0 (compatible; SemrushBot/7~bl; +http://www.semrush.com/bot.html)"
185.191.171.19 - - [03/Apr/2026:18:16:00 +0000] "GET /Chaetangium1784035.html HTTP/1.1" 404 - "-" "Mozilla/5.0 (compatible; SemrushBot/7~bl; +http://www.semrush.com/bot.html)"
185.191.171.14 - - [03/Apr/2026:18:16:05 +0000] "GET /gobble1039650.html HTTP/1.1" 404 - "-" "Mozilla/5.0 (compatible; SemrushBot/7~bl; +http://www.semrush.com/bot.html)"
85.208.96.211 - - [03/Apr/2026:18:16:54 +0000] "GET /alf225822.html HTTP/1.1" 404 - "-" "Mozilla/5.0 (compatible; SemrushBot/7~bl; +http://www.semrush.com/bot.html)"
185.191.171.18 - - [03/Apr/2026:18:17:57 +0000] "GET /Roxana935640.html HTTP/1.1" 404 - "-" "Mozilla/5.0 (compatible; SemrushBot/7~bl; +http://www.semrush.com/bot.html)"
185.191.171.11 - - [03/Apr/2026:18:18:25 +0000] "GET /Gault703867.html HTTP/1.1" 404 - "-" "Mozilla/5.0 (compatible; SemrushBot/7~bl; +http://www.semrush.com/bot.html)"
185.191.171.16 - - [03/Apr/2026:18:19:10 +0000] "GET /loin1449068.html HTTP/1.1" 404 - "-" "Mozilla/5.0 (compatible; SemrushBot/7~bl; +http://www.semrush.com/bot.html)"
185.191.171.10 - - [03/Apr/2026:18:19:23 +0000] "GET /monosyllable204831.html HTTP/1.1" 404 - "-" "Mozilla/5.0 (compatible; SemrushBot/7~bl; +http://www.semrush.com/bot.html)"
185.191.171.7 - - [03/Apr/2026:18:19:29 +0000] "GET /liposis122761.html HTTP/1.1" 404 - "-" "Mozilla/5.0 (compatible; SemrushBot/7~bl; +http://www.semrush.com/bot.html)"
85.208.96.208 - - [03/Apr/2026:18:19:31 +0000] "GET /moosebird482182.html HTTP/1.1" 404 - "-" "Mozilla/5.0 (compatible; SemrushBot/7~bl; +http://www.semrush.com/bot.html)"
185.177.72.50 - - [03/Apr/2026:18:20:03 +0000] "GET /env.backup HTTP/1.1" 404 - "-" "Mozilla/5.0 (Windows NT 10.0; Win64; x64) AppleWebKit/537.36, Mozilla/5.0 (X11; Linux x86_64) AppleWebKit/537.36 (KHTML, like Gecko) Chrome/120.0.0.0 Safari/537.36"
85.208.96.203 - - [03/Apr/2026:18:20:41 +0000] "GET /mangi1728101.html HTTP/1.1" 404 - "-" "Mozilla/5.0 (compatible; SemrushBot/7~bl; +http://www.semrush.com/bot.html)"
185.191.171.3 - - [03/Apr/2026:18:21:36 +0000] "GET /Roxana498140.html HTTP/1.1" 404 - "-" "Mozilla/5.0 (compatible; SemrushBot/7~bl; +http://www.semrush.com/bot.html)"
85.208.96.208 - - [03/Apr/2026:18:21:43 +0000] "GET /cruse325470.html HTTP/1.1" 404 - "-" "Mozilla/5.0 (compatible; SemrushBot/7~bl; +http://www.semrush.com/bot.html)"
185.191.171.19 - - [03/Apr/2026:18:22:36 +0000] "GET /antianthrax1489634.html HTTP/1.1" 404 - "-" "Mozilla/5.0 (compatible; SemrushBot/7~bl; +http://www.semrush.com/bot.html)"
85.208.96.202 - - [03/Apr/2026:18:23:04 +0000] "GET /Leptomonas49160.html HTTP/1.1" 404 - "-" "Mozilla/5.0 (compatible; SemrushBot/7~bl; +http://www.semrush.com/bot.html)"
85.208.96.198 - - [03/Apr/2026:18:23:29 +0000] "GET /calceiform131025.html HTTP/1.1" 404 - "-" "Mozilla/5.0 (compatible; SemrushBot/7~bl; +http://www.semrush.com/bot.html)"
185.191.171.9 - - [03/Apr/2026:18:25:08 +0000] "GET /alanyl1871894.html HTTP/1.1" 404 - "-" "Mozilla/5.0 (compatible; SemrushBot/7~bl; +http://www.semrush.com/bot.html)"
178.20.44.82 - - [03/Apr/2026:18:25:25 +0000] "GET /contact-us/ HTTP/1.0" 404 - "http://dataharborafrica.com/contact-us/" "Mozilla/5.0 (Windows NT 10.0; Win64; x64) AppleWebKit/537.36 (KHTML, like Gecko) Chrome/131.0.0.0 Safari/537.36"
178.20.44.82 - - [03/Apr/2026:18:25:26 +0000] "GET / HTTP/1.0" 302 - "http://dataharborafrica.com/" "Mozilla/5.0 (Windows NT 10.0; Win64; x64) AppleWebKit/537.36 (KHTML, like Gecko) Chrome/131.0.0.0 Safari/537.36"
178.20.44.82 - - [03/Apr/2026:18:25:26 +0000] "GET /wp-admin/install.php HTTP/1.0" 500 2647 "http://dataharborafrica.com/wp-admin/install.php" "Mozilla/5.0 (Windows NT 10.0; Win64; x64) AppleWebKit/537.36 (KHTML, like Gecko) Chrome/131.0.0.0 Safari/537.36"
185.191.171.4 - - [03/Apr/2026:18:25:35 +0000] "GET /alf1080522.html HTTP/1.1" 404 - "-" "Mozilla/5.0 (compatible; SemrushBot/7~bl; +http://www.semrush.com/bot.html)"
185.191.171.2 - - [03/Apr/2026:18:25:53 +0000] "GET /Listeria31797.html HTTP/1.1" 404 - "-" "Mozilla/5.0 (compatible; SemrushBot/7~bl; +http://www.semrush.com/bot.html)"
123.19.241.155 - - [03/Apr/2026:18:26:37 +0000] "GET http://hpierson.com/wp-content/uploads/2023/04/?C=N&O=A HTTP/1.1" 200 1054 "-" "Mozilla/5.0 (Macintosh; Intel Mac OS X 10_15_7) AppleWebKit/537.36 (KHTML, like Gecko) Chrome/108.0.0.0 Safari/537.36"
85.208.96.202 - - [03/Apr/2026:18:26:42 +0000] "GET /dander999752.html HTTP/1.1" 404 - "-" "Mozilla/5.0 (compatible; SemrushBot/7~bl; +http://www.semrush.com/bot.html)"
185.191.171.4 - - [03/Apr/2026:18:27:07 +0000] "GET /cruse377870.html HTTP/1.1" 404 - "-" "Mozilla/5.0 (compatible; SemrushBot/7~bl; +http://www.semrush.com/bot.html)"
185.191.171.15 - - [03/Apr/2026:18:27:13 +0000] "GET /cruse1454770.html HTTP/1.1" 404 - "-" "Mozilla/5.0 (compatible; SemrushBot/7~bl; +http://www.semrush.com/bot.html)"
185.191.171.11 - - [03/Apr/2026:18:27:43 +0000] "GET /canaba224813.html HTTP/1.1" 404 - "-" "Mozilla/5.0 (compatible; SemrushBot/7~bl; +http://www.semrush.com/bot.html)"
185.191.171.11 - - [03/Apr/2026:18:27:45 +0000] "GET /magnetophonograph324777.html HTTP/1.1" 404 - "-" "Mozilla/5.0 (compatible; SemrushBot/7~bl; +http://www.semrush.com/bot.html)"
185.191.171.3 - - [03/Apr/2026:18:27:48 +0000] "GET /canna1056696.html HTTP/1.1" 404 - "-" "Mozilla/5.0 (compatible; SemrushBot/7~bl; +http://www.semrush.com/bot.html)"
85.208.96.212 - - [03/Apr/2026:18:27:57 +0000] "GET /hippopotamine2065678.html HTTP/1.1" 404 - "-" "Mozilla/5.0 (compatible; SemrushBot/7~bl; +http://www.semrush.com/bot.html)"
185.191.171.16 - - [03/Apr/2026:18:28:01 +0000] "GET /hydrol201010.html HTTP/1.1" 404 - "-" "Mozilla/5.0 (compatible; SemrushBot/7~bl; +http://www.semrush.com/bot.html)"
185.191.171.4 - - [03/Apr/2026:18:28:55 +0000] "GET /Ionornis24226.html HTTP/1.1" 404 - "-" "Mozilla/5.0 (compatible; SemrushBot/7~bl; +http://www.semrush.com/bot.html)"
185.191.171.4 - - [03/Apr/2026:18:29:05 +0000] "GET /dander93552.html HTTP/1.1" 404 - "-" "Mozilla/5.0 (compatible; SemrushBot/7~bl; +http://www.semrush.com/bot.html)"
185.191.171.18 - - [03/Apr/2026:18:29:19 +0000] "GET /mordancy393006.html HTTP/1.1" 404 - "-" "Mozilla/5.0 (compatible; SemrushBot/7~bl; +http://www.semrush.com/bot.html)"
85.208.96.211 - - [03/Apr/2026:18:29:39 +0000] "GET /Jared294785.html HTTP/1.1" 404 - "-" "Mozilla/5.0 (compatible; SemrushBot/7~bl; +http://www.semrush.com/bot.html)"
185.191.171.3 - - [03/Apr/2026:18:30:11 +0000] "GET /alf1061622.html HTTP/1.1" 404 - "-" "Mozilla/5.0 (compatible; SemrushBot/7~bl; +http://www.semrush.com/bot.html)"
185.191.171.9 - - [03/Apr/2026:18:30:15 +0000] "GET /alanyl1343694.html HTTP/1.1" 404 - "-" "Mozilla/5.0 (compatible; SemrushBot/7~bl; +http://www.semrush.com/bot.html)"
85.208.96.203 - - [03/Apr/2026:18:30:47 +0000] "GET /hydrol222210.html HTTP/1.1" 404 - "-" "Mozilla/5.0 (compatible; SemrushBot/7~bl; +http://www.semrush.com/bot.html)"
185.191.171.3 - - [03/Apr/2026:18:31:36 +0000] "GET /Austrophile411415.html HTTP/1.1" 404 - "-" "Mozilla/5.0 (compatible; SemrushBot/7~bl; +http://www.semrush.com/bot.html)"
185.191.171.10 - - [03/Apr/2026:18:31:46 +0000] "GET /eria1913172.html HTTP/1.1" 404 - "-" "Mozilla/5.0 (compatible; SemrushBot/7~bl; +http://www.semrush.com/bot.html)"
185.191.171.8 - - [03/Apr/2026:18:32:08 +0000] "GET /kamarupa55861.html HTTP/1.1" 404 - "-" "Mozilla/5.0 (compatible; SemrushBot/7~bl; +http://www.semrush.com/bot.html)"
185.191.171.7 - - [03/Apr/2026:18:32:24 +0000] "GET /mangi1671101.html HTTP/1.1" 404 - "-" "Mozilla/5.0 (compatible; SemrushBot/7~bl; +http://www.semrush.com/bot.html)"
85.208.96.193 - - [03/Apr/2026:18:32:50 +0000] "GET /robots.txt HTTP/1.1" 200 1144 "-" "Mozilla/5.0 (compatible; SemrushBot/7~bl; +http://www.semrush.com/bot.html)"
85.208.96.211 - - [03/Apr/2026:18:32:50 +0000] "GET /Chaetangium252135.html HTTP/1.1" 404 - "-" "Mozilla/5.0 (compatible; SemrushBot/7~bl; +http://www.semrush.com/bot.html)"
185.191.171.5 - - [03/Apr/2026:18:33:10 +0000] "GET /hydrol1217010.html HTTP/1.1" 404 - "-" "Mozilla/5.0 (compatible; SemrushBot/7~bl; +http://www.semrush.com/bot.html)"
85.208.96.209 - - [03/Apr/2026:18:33:24 +0000] "GET /ironbound591244.html HTTP/1.1" 404 - "-" "Mozilla/5.0 (compatible; SemrushBot/7~bl; +http://www.semrush.com/bot.html)"
85.208.96.203 - - [03/Apr/2026:18:33:36 +0000] "GET /jinket1062940.html HTTP/1.1" 404 - "-" "Mozilla/5.0 (compatible; SemrushBot/7~bl; +http://www.semrush.com/bot.html)"
185.191.171.10 - - [03/Apr/2026:18:35:14 +0000] "GET /messet114137.html HTTP/1.1" 404 - "-" "Mozilla/5.0 (compatible; SemrushBot/7~bl; +http://www.semrush.com/bot.html)"
85.208.96.197 - - [03/Apr/2026:18:36:15 +0000] "GET /messet1847437.html HTTP/1.1" 404 - "-" "Mozilla/5.0 (compatible; SemrushBot/7~bl; +http://www.semrush.com/bot.html)"
185.191.171.15 - - [03/Apr/2026:18:36:21 +0000] "GET /lily1761314.html HTTP/1.1" 404 - "-" "Mozilla/5.0 (compatible; SemrushBot/7~bl; +http://www.semrush.com/bot.html)"
85.208.96.206 - - [03/Apr/2026:18:36:23 +0000] "GET /katsup1400467.html HTTP/1.1" 404 - "-" "Mozilla/5.0 (compatible; SemrushBot/7~bl; +http://www.semrush.com/bot.html)"
185.191.171.16 - - [03/Apr/2026:18:36:39 +0000] "GET /invasionist1013308.html HTTP/1.1" 404 - "-" "Mozilla/5.0 (compatible; SemrushBot/7~bl; +http://www.semrush.com/bot.html)"
85.208.96.197 - - [03/Apr/2026:18:37:35 +0000] "GET /Geophila375901.html HTTP/1.1" 404 - "-" "Mozilla/5.0 (compatible; SemrushBot/7~bl; +http://www.semrush.com/bot.html)"
185.191.171.1 - - [03/Apr/2026:18:37:40 +0000] "GET /deduct751878.html HTTP/1.1" 404 - "-" "Mozilla/5.0 (compatible; SemrushBot/7~bl; +http://www.semrush.com/bot.html)"
43.173.177.40 - - [03/Apr/2026:18:37:43 +0000] "GET /wp-includes/class-pop3.php HTTP/1.1" 200 - "-" "Mozilla/5.0 (Windows NT 10.0; Win64; x64) AppleWebKit/537.36 (KHTML, like Gecko) Chrome/112.0.0.0 Safari/537.36"
185.191.171.11 - - [03/Apr/2026:18:37:58 +0000] "GET /alf436922.html HTTP/1.1" 404 - "-" "Mozilla/5.0 (compatible; SemrushBot/7~bl; +http://www.semrush.com/bot.html)"
185.191.171.9 - - [03/Apr/2026:18:38:06 +0000] "GET /Granth2003.html HTTP/1.1" 404 - "-" "Mozilla/5.0 (compatible; SemrushBot/7~bl; +http://www.semrush.com/bot.html)"
185.191.171.10 - - [03/Apr/2026:18:38:21 +0000] "GET /Jared706585.html HTTP/1.1" 404 - "-" "Mozilla/5.0 (compatible; SemrushBot/7~bl; +http://www.semrush.com/bot.html)"
185.191.171.8 - - [03/Apr/2026:18:38:36 +0000] "GET /iambic1654318.html HTTP/1.1" 404 - "-" "Mozilla/5.0 (compatible; SemrushBot/7~bl; +http://www.semrush.com/bot.html)"
85.208.96.199 - - [03/Apr/2026:18:39:27 +0000] "GET /Ganga484586.html HTTP/1.1" 404 - "-" "Mozilla/5.0 (compatible; SemrushBot/7~bl; +http://www.semrush.com/bot.html)"
43.173.178.235 - - [03/Apr/2026:18:39:30 +0000] "GET /wp-includes/http.php HTTP/1.1" 200 - "-" "Mozilla/5.0 (Windows NT 10.0; Win64; x64) AppleWebKit/537.36 (KHTML, like Gecko) Chrome/116.0.0.0 Safari/537.36"
185.191.171.15 - - [03/Apr/2026:18:40:04 +0000] "GET /mordancy598906.html HTTP/1.1" 404 - "-" "Mozilla/5.0 (compatible; SemrushBot/7~bl; +http://www.semrush.com/bot.html)"
185.191.171.16 - - [03/Apr/2026:18:40:46 +0000] "GET /Dawsonia48075.html HTTP/1.1" 404 - "-" "Mozilla/5.0 (compatible; SemrushBot/7~bl; +http://www.semrush.com/bot.html)"
85.208.96.202 - - [03/Apr/2026:18:40:58 +0000] "GET /Jared234085.html HTTP/1.1" 404 - "-" "Mozilla/5.0 (compatible; SemrushBot/7~bl; +http://www.semrush.com/bot.html)"
185.191.171.2 - - [03/Apr/2026:18:41:27 +0000] "GET /Geophila452101.html HTTP/1.1" 404 - "-" "Mozilla/5.0 (compatible; SemrushBot/7~bl; +http://www.semrush.com/bot.html)"
85.208.96.209 - - [03/Apr/2026:18:41:29 +0000] "GET /jinket1092540.html HTTP/1.1" 404 - "-" "Mozilla/5.0 (compatible; SemrushBot/7~bl; +http://www.semrush.com/bot.html)"
171.225.248.75 - - [03/Apr/2026:18:41:31 +0000] "GET /hpalearning/?C=N;O=D HTTP/1.1" 200 1176 "-" "Mozilla/5.0 (Windows NT 10.0; Win64; x64) AppleWebKit/537.36 (KHTML, like Gecko) Chrome/142.0.0.0 Safari/537.36"
171.225.248.75 - - [03/Apr/2026:18:41:31 +0000] "GET /favicon.ico HTTP/1.1" 404 - "http://hpierson.com/hpalearning/?C=N;O=D" "Mozilla/5.0 (Windows NT 10.0; Win64; x64) AppleWebKit/537.36 (KHTML, like Gecko) Chrome/142.0.0.0 Safari/537.36"
185.191.171.14 - - [03/Apr/2026:18:41:36 +0000] "GET /deplore687863.html HTTP/1.1" 404 - "-" "Mozilla/5.0 (compatible; SemrushBot/7~bl; +http://www.semrush.com/bot.html)"
85.208.96.211 - - [03/Apr/2026:18:41:50 +0000] "GET /town-repo/ HTTP/1.1" 404 - "-" "Mozilla/5.0 (compatible; SemrushBot/7~bl; +http://www.semrush.com/bot.html)"
185.191.171.12 - - [03/Apr/2026:18:42:03 +0000] "GET /bladed1752945.html HTTP/1.1" 404 - "-" "Mozilla/5.0 (compatible; SemrushBot/7~bl; +http://www.semrush.com/bot.html)"
85.208.96.207 - - [03/Apr/2026:18:42:20 +0000] "GET /kelty1526466.html HTTP/1.1" 404 - "-" "Mozilla/5.0 (compatible; SemrushBot/7~bl; +http://www.semrush.com/bot.html)"
152.237.10.173 - - [03/Apr/2026:18:42:35 +0000] "GET http://hpierson.com/wp-content/uploads/2023/02/Image_Placeholder_Hero-768x624.jpeg HTTP/1.1" 404 - "-" "Mozilla/5.0 (Windows NT 6.3; Win64; x64) AppleWebKit/537.36 (KHTML, like Gecko) Chrome/108.0.0.0 Safari/537.36"
85.208.96.210 - - [03/Apr/2026:18:42:43 +0000] "GET /chattel118006.html HTTP/1.1" 404 - "-" "Mozilla/5.0 (compatible; SemrushBot/7~bl; +http://www.semrush.com/bot.html)"
185.191.171.18 - - [03/Apr/2026:18:43:36 +0000] "GET /katalase176072.html HTTP/1.1" 404 - "-" "Mozilla/5.0 (compatible; SemrushBot/7~bl; +http://www.semrush.com/bot.html)"
182.44.12.37 - - [03/Apr/2026:18:43:40 +0000] "GET / HTTP/1.1" 302 - "-" "Mozilla/5.0 (iPhone; CPU iPhone OS 13_2_3 like Mac OS X) AppleWebKit/605.1.15 (KHTML, like Gecko) Version/13.0.3 Mobile/15E148 Safari/604.1"
182.44.12.37 - - [03/Apr/2026:18:43:41 +0000] "GET /wp-admin/install.php HTTP/1.1" 500 2647 "http://dataharborafrica.com" "Mozilla/5.0 (iPhone; CPU iPhone OS 13_2_3 like Mac OS X) AppleWebKit/605.1.15 (KHTML, like Gecko) Version/13.0.3 Mobile/15E148 Safari/604.1"
85.208.96.209 - - [03/Apr/2026:18:43:47 +0000] "GET /Candace12152.html HTTP/1.1" 404 - "-" "Mozilla/5.0 (compatible; SemrushBot/7~bl; +http://www.semrush.com/bot.html)"
85.208.96.212 - - [03/Apr/2026:18:45:15 +0000] "GET /Chaetangium332435.html HTTP/1.1" 404 - "-" "Mozilla/5.0 (compatible; SemrushBot/7~bl; +http://www.semrush.com/bot.html)"
185.191.171.10 - - [03/Apr/2026:18:45:32 +0000] "GET /invent32155.html HTTP/1.1" 404 - "-" "Mozilla/5.0 (compatible; SemrushBot/7~bl; +http://www.semrush.com/bot.html)"
185.191.171.16 - - [03/Apr/2026:18:45:39 +0000] "GET /colima43624.html HTTP/1.1" 404 - "-" "Mozilla/5.0 (compatible; SemrushBot/7~bl; +http://www.semrush.com/bot.html)"
185.191.171.16 - - [03/Apr/2026:18:46:13 +0000] "GET /Gault1323767.html HTTP/1.1" 404 - "-" "Mozilla/5.0 (compatible; SemrushBot/7~bl; +http://www.semrush.com/bot.html)"
85.208.96.193 - - [03/Apr/2026:18:46:17 +0000] "GET /deduct47178.html HTTP/1.1" 404 - "-" "Mozilla/5.0 (compatible; SemrushBot/7~bl; +http://www.semrush.com/bot.html)"
85.208.96.208 - - [03/Apr/2026:18:46:46 +0000] "GET /messet1482237.html HTTP/1.1" 404 - "-" "Mozilla/5.0 (compatible; SemrushBot/7~bl; +http://www.semrush.com/bot.html)"
185.191.171.7 - - [03/Apr/2026:18:46:51 +0000] "GET /messet36237.html HTTP/1.1" 404 - "-" "Mozilla/5.0 (compatible; SemrushBot/7~bl; +http://www.semrush.com/bot.html)"
43.173.176.112 - - [03/Apr/2026:18:46:54 +0000] "GET /?C=D;O=D HTTP/1.1" 302 - "-" "Mozilla/5.0 (Windows NT 10.0; Win64; x64) AppleWebKit/537.36 (KHTML, like Gecko) Chrome/116.0.0.0 Safari/537.36"
43.173.176.112 - - [03/Apr/2026:18:46:55 +0000] "GET /wp-admin/install.php HTTP/1.1" 500 2647 "http://hpierson.com/?C=D;O=D" "Mozilla/5.0 (Windows NT 10.0; Win64; x64) AppleWebKit/537.36 (KHTML, like Gecko) Chrome/116.0.0.0 Safari/537.36"
85.208.96.200 - - [03/Apr/2026:18:47:13 +0000] "GET /malleal482869.html HTTP/1.1" 404 - "-" "Mozilla/5.0 (compatible; SemrushBot/7~bl; +http://www.semrush.com/bot.html)"
185.191.171.8 - - [03/Apr/2026:18:47:27 +0000] "GET /deduct1344478.html HTTP/1.1" 404 - "-" "Mozilla/5.0 (compatible; SemrushBot/7~bl; +http://www.semrush.com/bot.html)"
85.208.96.207 - - [03/Apr/2026:18:48:16 +0000] "GET /alf212622.html HTTP/1.1" 404 - "-" "Mozilla/5.0 (compatible; SemrushBot/7~bl; +http://www.semrush.com/bot.html)"
85.208.96.202 - - [03/Apr/2026:18:49:37 +0000] "GET /Caedmonian493865.html HTTP/1.1" 404 - "-" "Mozilla/5.0 (compatible; SemrushBot/7~bl; +http://www.semrush.com/bot.html)"
185.191.171.6 - - [03/Apr/2026:18:49:39 +0000] "GET /florally69611.html HTTP/1.1" 404 - "-" "Mozilla/5.0 (compatible; SemrushBot/7~bl; +http://www.semrush.com/bot.html)"
85.208.96.194 - - [03/Apr/2026:18:49:42 +0000] "GET /Gault740067.html HTTP/1.1" 404 - "-" "Mozilla/5.0 (compatible; SemrushBot/7~bl; +http://www.semrush.com/bot.html)"
85.208.96.210 - - [03/Apr/2026:18:50:03 +0000] "GET /deduct1826078.html HTTP/1.1" 404 - "-" "Mozilla/5.0 (compatible; SemrushBot/7~bl; +http://www.semrush.com/bot.html)"
185.191.171.12 - - [03/Apr/2026:18:50:23 +0000] "GET /Dawsonia150575.html HTTP/1.1" 404 - "-" "Mozilla/5.0 (compatible; SemrushBot/7~bl; +http://www.semrush.com/bot.html)"
185.191.171.16 - - [03/Apr/2026:18:50:54 +0000] "GET /deceptive1410062.html HTTP/1.1" 404 - "-" "Mozilla/5.0 (compatible; SemrushBot/7~bl; +http://www.semrush.com/bot.html)"
85.208.96.211 - - [03/Apr/2026:18:51:55 +0000] "GET /alumohydrocalcite439203.html HTTP/1.1" 404 - "-" "Mozilla/5.0 (compatible; SemrushBot/7~bl; +http://www.semrush.com/bot.html)"
185.191.171.2 - - [03/Apr/2026:18:52:36 +0000] "GET /bladed2103045.html HTTP/1.1" 404 - "-" "Mozilla/5.0 (compatible; SemrushBot/7~bl; +http://www.semrush.com/bot.html)"
85.208.96.196 - - [03/Apr/2026:18:53:25 +0000] "GET /assumptiousness536931.html HTTP/1.1" 404 - "-" "Mozilla/5.0 (compatible; SemrushBot/7~bl; +http://www.semrush.com/bot.html)"
185.191.171.14 - - [03/Apr/2026:18:53:33 +0000] "GET /relict1322305.html HTTP/1.1" 404 - "-" "Mozilla/5.0 (compatible; SemrushBot/7~bl; +http://www.semrush.com/bot.html)"
85.208.96.210 - - [03/Apr/2026:18:53:43 +0000] "GET /cruse549270.html HTTP/1.1" 404 - "-" "Mozilla/5.0 (compatible; SemrushBot/7~bl; +http://www.semrush.com/bot.html)"
185.191.171.4 - - [03/Apr/2026:18:54:06 +0000] "GET /eria84472.html HTTP/1.1" 404 - "-" "Mozilla/5.0 (compatible; SemrushBot/7~bl; +http://www.semrush.com/bot.html)"
185.191.171.5 - - [03/Apr/2026:18:54:08 +0000] "GET /colima1032324.html HTTP/1.1" 404 - "-" "Mozilla/5.0 (compatible; SemrushBot/7~bl; +http://www.semrush.com/bot.html)"
85.208.96.205 - - [03/Apr/2026:18:54:35 +0000] "GET /holoquinoid406154.html HTTP/1.1" 404 - "-" "Mozilla/5.0 (compatible; SemrushBot/7~bl; +http://www.semrush.com/bot.html)"
185.191.171.14 - - [03/Apr/2026:18:54:42 +0000] "GET /Gault1143267.html HTTP/1.1" 404 - "-" "Mozilla/5.0 (compatible; SemrushBot/7~bl; +http://www.semrush.com/bot.html)"
185.191.171.12 - - [03/Apr/2026:18:54:49 +0000] "GET /messet1800537.html HTTP/1.1" 404 - "-" "Mozilla/5.0 (compatible; SemrushBot/7~bl; +http://www.semrush.com/bot.html)"
85.208.96.211 - - [03/Apr/2026:18:54:55 +0000] "GET /dander399652.html HTTP/1.1" 404 - "-" "Mozilla/5.0 (compatible; SemrushBot/7~bl; +http://www.semrush.com/bot.html)"
185.191.171.17 - - [03/Apr/2026:18:55:01 +0000] "GET /deduct1716578.html HTTP/1.1" 404 - "-" "Mozilla/5.0 (compatible; SemrushBot/7~bl; +http://www.semrush.com/bot.html)"
185.191.171.18 - - [03/Apr/2026:18:55:17 +0000] "GET /incorrigible1566216.html HTTP/1.1" 404 - "-" "Mozilla/5.0 (compatible; SemrushBot/7~bl; +http://www.semrush.com/bot.html)"
85.208.96.209 - - [03/Apr/2026:18:55:54 +0000] "GET /joinery492321.html HTTP/1.1" 404 - "-" "Mozilla/5.0 (compatible; SemrushBot/7~bl; +http://www.semrush.com/bot.html)"
85.208.96.196 - - [03/Apr/2026:18:56:11 +0000] "GET /canaba317013.html HTTP/1.1" 404 - "-" "Mozilla/5.0 (compatible; SemrushBot/7~bl; +http://www.semrush.com/bot.html)"
85.208.96.196 - - [03/Apr/2026:18:56:43 +0000] "GET /kelty1791966.html HTTP/1.1" 404 - "-" "Mozilla/5.0 (compatible; SemrushBot/7~bl; +http://www.semrush.com/bot.html)"
85.208.96.205 - - [03/Apr/2026:18:57:39 +0000] "GET /erotism122287.html HTTP/1.1" 404 - "-" "Mozilla/5.0 (compatible; SemrushBot/7~bl; +http://www.semrush.com/bot.html)"
85.208.96.205 - - [03/Apr/2026:18:58:04 +0000] "GET /saltless539004.html HTTP/1.1" 404 - "-" "Mozilla/5.0 (compatible; SemrushBot/7~bl; +http://www.semrush.com/bot.html)"
85.208.96.203 - - [03/Apr/2026:18:58:12 +0000] "GET /colima1701724.html HTTP/1.1" 404 - "-" "Mozilla/5.0 (compatible; SemrushBot/7~bl; +http://www.semrush.com/bot.html)"
185.191.171.11 - - [03/Apr/2026:18:58:35 +0000] "GET /joinery556221.html HTTP/1.1" 404 - "-" "Mozilla/5.0 (compatible; SemrushBot/7~bl; +http://www.semrush.com/bot.html)"
85.208.96.212 - - [03/Apr/2026:18:58:37 +0000] "GET /joinery324921.html HTTP/1.1" 404 - "-" "Mozilla/5.0 (compatible; SemrushBot/7~bl; +http://www.semrush.com/bot.html)"
85.208.96.209 - - [03/Apr/2026:18:58:42 +0000] "GET /Candace1816152.html HTTP/1.1" 404 - "-" "Mozilla/5.0 (compatible; SemrushBot/7~bl; +http://www.semrush.com/bot.html)"
85.208.96.195 - - [03/Apr/2026:18:59:01 +0000] "GET /Acarapis34958.html HTTP/1.1" 404 - "-" "Mozilla/5.0 (compatible; SemrushBot/7~bl; +http://www.semrush.com/bot.html)"
185.191.171.18 - - [03/Apr/2026:18:59:07 +0000] "GET /Candace76252.html HTTP/1.1" 404 - "-" "Mozilla/5.0 (compatible; SemrushBot/7~bl; +http://www.semrush.com/bot.html)"
185.191.171.12 - - [03/Apr/2026:18:59:09 +0000] "GET /Candace70152.html HTTP/1.1" 404 - "-" "Mozilla/5.0 (compatible; SemrushBot/7~bl; +http://www.semrush.com/bot.html)"
85.208.96.199 - - [03/Apr/2026:18:59:16 +0000] "GET /antianthrax376534.html HTTP/1.1" 404 - "-" "Mozilla/5.0 (compatible; SemrushBot/7~bl; +http://www.semrush.com/bot.html)"
85.208.96.202 - - [03/Apr/2026:18:59:58 +0000] "GET /estray1020428.html HTTP/1.1" 404 - "-" "Mozilla/5.0 (compatible; SemrushBot/7~bl; +http://www.semrush.com/bot.html)"
185.191.171.11 - - [03/Apr/2026:19:00:02 +0000] "GET /messet1587337.html HTTP/1.1" 404 - "-" "Mozilla/5.0 (compatible; SemrushBot/7~bl; +http://www.semrush.com/bot.html)"
85.208.96.208 - - [03/Apr/2026:19:00:31 +0000] "GET /katsup1765667.html HTTP/1.1" 404 - "-" "Mozilla/5.0 (compatible; SemrushBot/7~bl; +http://www.semrush.com/bot.html)"
185.191.171.8 - - [03/Apr/2026:19:01:38 +0000] "GET /Antaeus38581.html HTTP/1.1" 404 - "-" "Mozilla/5.0 (compatible; SemrushBot/7~bl; +http://www.semrush.com/bot.html)"
85.208.96.208 - - [03/Apr/2026:19:01:45 +0000] "GET /canaba1829113.html HTTP/1.1" 404 - "-" "Mozilla/5.0 (compatible; SemrushBot/7~bl; +http://www.semrush.com/bot.html)"
185.191.171.18 - - [03/Apr/2026:19:01:56 +0000] "GET /partan370949.html HTTP/1.1" 404 - "-" "Mozilla/5.0 (compatible; SemrushBot/7~bl; +http://www.semrush.com/bot.html)"
185.191.171.6 - - [03/Apr/2026:19:02:02 +0000] "GET /hyocholalic1964187.html HTTP/1.1" 404 - "-" "Mozilla/5.0 (compatible; SemrushBot/7~bl; +http://www.semrush.com/bot.html)"
185.191.171.11 - - [03/Apr/2026:19:02:06 +0000] "GET /dander1040552.html HTTP/1.1" 404 - "-" "Mozilla/5.0 (compatible; SemrushBot/7~bl; +http://www.semrush.com/bot.html)"
85.208.96.208 - - [03/Apr/2026:19:02:18 +0000] "GET /alanyl1853894.html HTTP/1.1" 404 - "-" "Mozilla/5.0 (compatible; SemrushBot/7~bl; +http://www.semrush.com/bot.html)"
185.191.171.4 - - [03/Apr/2026:19:02:33 +0000] "GET /cruse674470.html HTTP/1.1" 404 - "-" "Mozilla/5.0 (compatible; SemrushBot/7~bl; +http://www.semrush.com/bot.html)"
185.191.171.6 - - [03/Apr/2026:19:02:45 +0000] "GET /chouka276992.html HTTP/1.1" 404 - "-" "Mozilla/5.0 (compatible; SemrushBot/7~bl; +http://www.semrush.com/bot.html)"
20.15.133.191 - - [03/Apr/2026:19:02:56 +0000] "GET /items/C732700302/ HTTP/1.1" 404 - "-" "Mozilla/5.0 AppleWebKit/537.36 (KHTML, like Gecko; compatible; bingbot/2.0; +http://www.bing.com/bingbot.htm) Chrome/116.0.1938.76 Safari/537.36"
185.191.171.9 - - [03/Apr/2026:19:03:15 +0000] "GET /Antaeus242581.html HTTP/1.1" 404 - "-" "Mozilla/5.0 (compatible; SemrushBot/7~bl; +http://www.semrush.com/bot.html)"
185.191.171.15 - - [03/Apr/2026:19:03:18 +0000] "GET /ketoside83191.html HTTP/1.1" 404 - "-" "Mozilla/5.0 (compatible; SemrushBot/7~bl; +http://www.semrush.com/bot.html)"
85.208.96.208 - - [03/Apr/2026:19:03:58 +0000] "GET /Caedmonian2137365.html HTTP/1.1" 404 - "-" "Mozilla/5.0 (compatible; SemrushBot/7~bl; +http://www.semrush.com/bot.html)"
85.208.96.193 - - [03/Apr/2026:19:04:47 +0000] "GET /isoflavone1506941.html HTTP/1.1" 404 - "-" "Mozilla/5.0 (compatible; SemrushBot/7~bl; +http://www.semrush.com/bot.html)"
185.191.171.19 - - [03/Apr/2026:19:04:57 +0000] "GET /Marsipobranchiata1770100.html HTTP/1.1" 404 - "-" "Mozilla/5.0 (compatible; SemrushBot/7~bl; +http://www.semrush.com/bot.html)"
85.208.96.193 - - [03/Apr/2026:19:05:42 +0000] "GET /cat1663726.html HTTP/1.1" 404 - "-" "Mozilla/5.0 (compatible; SemrushBot/7~bl; +http://www.semrush.com/bot.html)"
85.208.96.210 - - [03/Apr/2026:19:05:44 +0000] "GET /eria1861272.html HTTP/1.1" 404 - "-" "Mozilla/5.0 (compatible; SemrushBot/7~bl; +http://www.semrush.com/bot.html)"
85.208.96.196 - - [03/Apr/2026:19:06:06 +0000] "GET /scrivening98812.html HTTP/1.1" 404 - "-" "Mozilla/5.0 (compatible; SemrushBot/7~bl; +http://www.semrush.com/bot.html)"
85.208.96.195 - - [03/Apr/2026:19:06:46 +0000] "GET /impinge282805.html HTTP/1.1" 404 - "-" "Mozilla/5.0 (compatible; SemrushBot/7~bl; +http://www.semrush.com/bot.html)"
185.191.171.13 - - [03/Apr/2026:19:06:59 +0000] "GET /Brontops194320.html HTTP/1.1" 404 - "-" "Mozilla/5.0 (compatible; SemrushBot/7~bl; +http://www.semrush.com/bot.html)"
85.208.96.195 - - [03/Apr/2026:19:07:35 +0000] "GET /relict1398005.html HTTP/1.1" 404 - "-" "Mozilla/5.0 (compatible; SemrushBot/7~bl; +http://www.semrush.com/bot.html)"
43.173.174.87 - - [03/Apr/2026:19:08:07 +0000] "GET /cgi-bin/ HTTP/1.1" 404 - "-" "Mozilla/5.0 (Windows NT 10.0; Win64; x64) AppleWebKit/537.36 (KHTML, like Gecko) Chrome/109.0.0.0 Safari/537.36"
185.191.171.8 - - [03/Apr/2026:19:10:31 +0000] "GET /Kome1725359.html HTTP/1.1" 404 - "-" "Mozilla/5.0 (compatible; SemrushBot/7~bl; +http://www.semrush.com/bot.html)"
185.191.171.10 - - [03/Apr/2026:19:11:17 +0000] "GET /dander390952.html HTTP/1.1" 404 - "-" "Mozilla/5.0 (compatible; SemrushBot/7~bl; +http://www.semrush.com/bot.html)"
185.191.171.13 - - [03/Apr/2026:19:11:23 +0000] "GET /hypogonation1258789.html HTTP/1.1" 404 - "-" "Mozilla/5.0 (compatible; SemrushBot/7~bl; +http://www.semrush.com/bot.html)"
185.191.171.2 - - [03/Apr/2026:19:12:08 +0000] "GET /colima64724.html HTTP/1.1" 404 - "-" "Mozilla/5.0 (compatible; SemrushBot/7~bl; +http://www.semrush.com/bot.html)"
185.191.171.12 - - [03/Apr/2026:19:12:15 +0000] "GET /deplore422563.html HTTP/1.1" 404 - "-" "Mozilla/5.0 (compatible; SemrushBot/7~bl; +http://www.semrush.com/bot.html)"
185.191.171.7 - - [03/Apr/2026:19:12:55 +0000] "GET /colima83924.html HTTP/1.1" 404 - "-" "Mozilla/5.0 (compatible; SemrushBot/7~bl; +http://www.semrush.com/bot.html)"
85.208.96.210 - - [03/Apr/2026:19:13:01 +0000] "GET /colima1250124.html HTTP/1.1" 404 - "-" "Mozilla/5.0 (compatible; SemrushBot/7~bl; +http://www.semrush.com/bot.html)"
185.191.171.5 - - [03/Apr/2026:19:13:15 +0000] "GET /saltless669204.html HTTP/1.1" 404 - "-" "Mozilla/5.0 (compatible; SemrushBot/7~bl; +http://www.semrush.com/bot.html)"
185.191.171.9 - - [03/Apr/2026:19:13:52 +0000] "GET /colima1665724.html HTTP/1.1" 404 - "-" "Mozilla/5.0 (compatible; SemrushBot/7~bl; +http://www.semrush.com/bot.html)"
34.244.101.79 - - [03/Apr/2026:19:14:01 +0000] "GET /robots.txt HTTP/1.1" 200 1144 "-" "Mozilla/5.0 (Macintosh; Intel Mac OS X 10_15_7) AppleWebKit/605.1.15 (KHTML, like Gecko) Version/17.4 Safari/605.1.15"
34.244.101.79 - - [03/Apr/2026:19:14:03 +0000] "GET / HTTP/1.1" 302 - "-" "Mozilla/5.0 (Macintosh; Intel Mac OS X 10_15_7) AppleWebKit/605.1.15 (KHTML, like Gecko) Version/17.4 Safari/605.1.15"
34.244.101.79 - - [03/Apr/2026:19:14:03 +0000] "GET /wp-admin/install.php HTTP/1.1" 500 2647 "-" "Mozilla/5.0 (Macintosh; Intel Mac OS X 10_15_7) AppleWebKit/605.1.15 (KHTML, like Gecko) Version/17.4 Safari/605.1.15"
37.139.53.166 - - [03/Apr/2026:19:14:36 +0000] "GET /what-is-generative-ai/ HTTP/1.0" 404 - "http://hpierson.com/what-is-generative-ai/" "Mozilla/5.0 (Windows NT 10.0; Win64; x64) AppleWebKit/537.36 (KHTML, like Gecko) Chrome/130.0.0.0 Safari/537.36"
37.139.53.166 - - [03/Apr/2026:19:14:36 +0000] "GET / HTTP/1.0" 302 - "http://hpierson.com/" "Mozilla/5.0 (Windows NT 10.0; Win64; x64) AppleWebKit/537.36 (KHTML, like Gecko) Chrome/130.0.0.0 Safari/537.36"
37.139.53.166 - - [03/Apr/2026:19:14:37 +0000] "GET /wp-admin/install.php HTTP/1.0" 500 2647 "http://hpierson.com/wp-admin/install.php" "Mozilla/5.0 (Windows NT 10.0; Win64; x64) AppleWebKit/537.36 (KHTML, like Gecko) Chrome/130.0.0.0 Safari/537.36"
85.208.96.194 - - [03/Apr/2026:19:14:50 +0000] "GET /androclinium1200668.html HTTP/1.1" 404 - "-" "Mozilla/5.0 (compatible; SemrushBot/7~bl; +http://www.semrush.com/bot.html)"
85.208.96.194 - - [03/Apr/2026:19:15:03 +0000] "GET /partan348049.html HTTP/1.1" 404 - "-" "Mozilla/5.0 (compatible; SemrushBot/7~bl; +http://www.semrush.com/bot.html)"
185.191.171.7 - - [03/Apr/2026:19:15:17 +0000] "GET /robots.txt HTTP/1.1" 200 1144 "-" "Mozilla/5.0 (compatible; SemrushBot/7~bl; +http://www.semrush.com/bot.html)"
85.208.96.205 - - [03/Apr/2026:19:15:17 +0000] "GET /cat18226.html HTTP/1.1" 404 - "-" "Mozilla/5.0 (compatible; SemrushBot/7~bl; +http://www.semrush.com/bot.html)"
85.208.96.204 - - [03/Apr/2026:19:15:23 +0000] "GET /keraulophone58889.html HTTP/1.1" 404 - "-" "Mozilla/5.0 (compatible; SemrushBot/7~bl; +http://www.semrush.com/bot.html)"
207.180.204.56 - - [03/Apr/2026:19:15:34 +0000] "GET /wp-admin/css/ HTTP/1.1" 200 19757 "binance.com" "Mozilla/5.0 (Windows NT 10.0; Win64; x64) AppleWebKit/537.36 (KHTML, like Gecko) Chrome/90.0.4430.85 Safari/537.36"
207.180.204.56 - - [03/Apr/2026:19:15:40 +0000] "GET /wp-content/uploads/2026/04/ HTTP/1.1" 404 - "binance.com" "Mozilla/5.0 (Windows NT 10.0; Win64; x64) AppleWebKit/537.36 (KHTML, like Gecko) Chrome/90.0.4430.85 Safari/537.36"
207.180.204.56 - - [03/Apr/2026:19:15:46 +0000] "GET /wp-content/uploads/2026/03/ HTTP/1.1" 200 1054 "binance.com" "Mozilla/5.0 (Windows NT 10.0; Win64; x64) AppleWebKit/537.36 (KHTML, like Gecko) Chrome/90.0.4430.85 Safari/537.36"
85.208.96.205 - - [03/Apr/2026:19:15:50 +0000] "GET /microelectrolysis1656845.html HTTP/1.1" 404 - "-" "Mozilla/5.0 (compatible; SemrushBot/7~bl; +http://www.semrush.com/bot.html)"
207.180.204.56 - - [03/Apr/2026:19:15:53 +0000] "GET /wp-content/uploads/2026/03/ HTTP/1.1" 200 1054 "binance.com" "Mozilla/5.0 (Windows NT 10.0; Win64; x64) AppleWebKit/537.36 (KHTML, like Gecko) Chrome/90.0.4430.85 Safari/537.36"
207.180.204.56 - - [03/Apr/2026:19:15:59 +0000] "GET /wp-content/uploads/2026/03/adminer.php HTTP/1.1" 200 4544 "binance.com" "Mozilla/5.0 (Windows NT 10.0; Win64; x64) AppleWebKit/537.36 (KHTML, like Gecko) Chrome/90.0.4430.85 Safari/537.36"
207.180.204.56 - - [03/Apr/2026:19:16:07 +0000] "GET /wp-content/uploads/ HTTP/1.1" 200 5440 "binance.com" "Mozilla/5.0 (Windows NT 10.0; Win64; x64) AppleWebKit/537.36 (KHTML, like Gecko) Chrome/90.0.4430.85 Safari/537.36"
207.180.204.56 - - [03/Apr/2026:19:16:13 +0000] "GET /wp-content/uploads/ HTTP/1.1" 200 5440 "binance.com" "Mozilla/5.0 (Windows NT 10.0; Win64; x64) AppleWebKit/537.36 (KHTML, like Gecko) Chrome/90.0.4430.85 Safari/537.36"
85.208.96.196 - - [03/Apr/2026:19:16:14 +0000] "GET /eria1759472.html HTTP/1.1" 404 - "-" "Mozilla/5.0 (compatible; SemrushBot/7~bl; +http://www.semrush.com/bot.html)"
207.180.204.56 - - [03/Apr/2026:19:16:19 +0000] "GET /wp-content/uploads/adminer.php HTTP/1.1" 200 4542 "binance.com" "Mozilla/5.0 (Windows NT 10.0; Win64; x64) AppleWebKit/537.36 (KHTML, like Gecko) Chrome/90.0.4430.85 Safari/537.36"
207.180.204.56 - - [03/Apr/2026:19:16:27 +0000] "GET /wp-content/upgrade/ HTTP/1.1" 200 1025 "binance.com" "Mozilla/5.0 (Windows NT 10.0; Win64; x64) AppleWebKit/537.36 (KHTML, like Gecko) Chrome/90.0.4430.85 Safari/537.36"
85.208.96.210 - - [03/Apr/2026:19:16:27 +0000] "GET /relict92805.html HTTP/1.1" 404 - "-" "Mozilla/5.0 (compatible; SemrushBot/7~bl; +http://www.semrush.com/bot.html)"
185.191.171.16 - - [03/Apr/2026:19:16:32 +0000] "GET /saltless659004.html HTTP/1.1" 404 - "-" "Mozilla/5.0 (compatible; SemrushBot/7~bl; +http://www.semrush.com/bot.html)"
207.180.204.56 - - [03/Apr/2026:19:16:33 +0000] "GET /wp-content/upgrade/ HTTP/1.1" 200 1025 "binance.com" "Mozilla/5.0 (Windows NT 10.0; Win64; x64) AppleWebKit/537.36 (KHTML, like Gecko) Chrome/90.0.4430.85 Safari/537.36"
207.180.204.56 - - [03/Apr/2026:19:16:39 +0000] "GET /wp-content/upgrade/adminer.php HTTP/1.1" 200 4544 "binance.com" "Mozilla/5.0 (Windows NT 10.0; Win64; x64) AppleWebKit/537.36 (KHTML, like Gecko) Chrome/90.0.4430.85 Safari/537.36"
207.180.204.56 - - [03/Apr/2026:19:16:47 +0000] "GET /wp-content/languages/ HTTP/1.1" 404 - "binance.com" "Mozilla/5.0 (Windows NT 10.0; Win64; x64) AppleWebKit/537.36 (KHTML, like Gecko) Chrome/90.0.4430.85 Safari/537.36"
207.180.204.56 - - [03/Apr/2026:19:16:54 +0000] "GET /wp-admin/includes/ HTTP/1.1" 200 21384 "binance.com" "Mozilla/5.0 (Windows NT 10.0; Win64; x64) AppleWebKit/537.36 (KHTML, like Gecko) Chrome/90.0.4430.85 Safari/537.36"
207.180.204.56 - - [03/Apr/2026:19:16:59 +0000] "GET /wp-admin/includes/ HTTP/1.1" 200 21384 "binance.com" "Mozilla/5.0 (Windows NT 10.0; Win64; x64) AppleWebKit/537.36 (KHTML, like Gecko) Chrome/90.0.4430.85 Safari/537.36"
185.191.171.3 - - [03/Apr/2026:19:17:01 +0000] "GET /Geophila308401.html HTTP/1.1" 404 - "-" "Mozilla/5.0 (compatible; SemrushBot/7~bl; +http://www.semrush.com/bot.html)"
207.180.204.56 - - [03/Apr/2026:19:17:04 +0000] "GET /wp-admin/includes/adminer.php HTTP/1.1" 200 4544 "binance.com" "Mozilla/5.0 (Windows NT 10.0; Win64; x64) AppleWebKit/537.36 (KHTML, like Gecko) Chrome/90.0.4430.85 Safari/537.36"
85.208.96.209 - - [03/Apr/2026:19:17:05 +0000] "GET /kelty48566.html HTTP/1.1" 404 - "-" "Mozilla/5.0 (compatible; SemrushBot/7~bl; +http://www.semrush.com/bot.html)"
207.180.204.56 - - [03/Apr/2026:19:17:12 +0000] "GET /wp-admin/maint/ HTTP/1.1" 200 1193 "binance.com" "Mozilla/5.0 (Windows NT 10.0; Win64; x64) AppleWebKit/537.36 (KHTML, like Gecko) Chrome/90.0.4430.85 Safari/537.36"
207.180.204.56 - - [03/Apr/2026:19:17:19 +0000] "GET /wp-admin/maint/ HTTP/1.1" 200 1193 "binance.com" "Mozilla/5.0 (Windows NT 10.0; Win64; x64) AppleWebKit/537.36 (KHTML, like Gecko) Chrome/90.0.4430.85 Safari/537.36"
85.208.96.211 - - [03/Apr/2026:19:17:22 +0000] "GET /saltless207104.html HTTP/1.1" 404 - "-" "Mozilla/5.0 (compatible; SemrushBot/7~bl; +http://www.semrush.com/bot.html)"
207.180.204.56 - - [03/Apr/2026:19:17:26 +0000] "GET /wp-admin/maint/adminer.php HTTP/1.1" 200 4544 "binance.com" "Mozilla/5.0 (Windows NT 10.0; Win64; x64) AppleWebKit/537.36 (KHTML, like Gecko) Chrome/90.0.4430.85 Safari/537.36"
207.180.204.56 - - [03/Apr/2026:19:17:33 +0000] "GET /wp-admin/network/ HTTP/1.1" 302 - "binance.com" "Mozilla/5.0 (Windows NT 10.0; Win64; x64) AppleWebKit/537.36 (KHTML, like Gecko) Chrome/90.0.4430.85 Safari/537.36"
207.180.204.56 - - [03/Apr/2026:19:17:37 +0000] "GET /wp-admin/install.php HTTP/1.1" 500 2647 "binance.com" "Mozilla/5.0 (Windows NT 10.0; Win64; x64) AppleWebKit/537.36 (KHTML, like Gecko) Chrome/90.0.4430.85 Safari/537.36"
207.180.204.56 - - [03/Apr/2026:19:17:45 +0000] "GET /wp-admin/user/ HTTP/1.1" 302 - "binance.com" "Mozilla/5.0 (Windows NT 10.0; Win64; x64) AppleWebKit/537.36 (KHTML, like Gecko) Chrome/90.0.4430.85 Safari/537.36"
207.180.204.56 - - [03/Apr/2026:19:17:48 +0000] "GET /wp-admin/install.php HTTP/1.1" 500 2647 "binance.com" "Mozilla/5.0 (Windows NT 10.0; Win64; x64) AppleWebKit/537.36 (KHTML, like Gecko) Chrome/90.0.4430.85 Safari/537.36"
207.180.204.56 - - [03/Apr/2026:19:17:53 +0000] "GET /wp-admin/css/ HTTP/1.1" 200 19757 "binance.com" "Mozilla/5.0 (Windows NT 10.0; Win64; x64) AppleWebKit/537.36 (KHTML, like Gecko) Chrome/90.0.4430.85 Safari/537.36"
207.180.204.56 - - [03/Apr/2026:19:18:00 +0000] "GET /wp-admin/css/ HTTP/1.1" 200 19757 "binance.com" "Mozilla/5.0 (Windows NT 10.0; Win64; x64) AppleWebKit/537.36 (KHTML, like Gecko) Chrome/90.0.4430.85 Safari/537.36"
85.208.96.193 - - [03/Apr/2026:19:18:06 +0000] "GET /loin20468.html HTTP/1.1" 404 - "-" "Mozilla/5.0 (compatible; SemrushBot/7~bl; +http://www.semrush.com/bot.html)"
207.180.204.56 - - [03/Apr/2026:19:18:08 +0000] "GET /wp-admin/css/adminer.php HTTP/1.1" 200 4544 "binance.com" "Mozilla/5.0 (Windows NT 10.0; Win64; x64) AppleWebKit/537.36 (KHTML, like Gecko) Chrome/90.0.4430.85 Safari/537.36"
207.180.204.56 - - [03/Apr/2026:19:18:16 +0000] "GET /wp-admin/css/colors/ HTTP/1.1" 200 2973 "binance.com" "Mozilla/5.0 (Windows NT 10.0; Win64; x64) AppleWebKit/537.36 (KHTML, like Gecko) Chrome/90.0.4430.85 Safari/537.36"
207.180.204.56 - - [03/Apr/2026:19:18:23 +0000] "GET /wp-admin/css/colors/ HTTP/1.1" 200 2973 "binance.com" "Mozilla/5.0 (Windows NT 10.0; Win64; x64) AppleWebKit/537.36 (KHTML, like Gecko) Chrome/90.0.4430.85 Safari/537.36"
207.180.204.56 - - [03/Apr/2026:19:18:29 +0000] "GET /wp-admin/css/colors/adminer.php HTTP/1.1" 200 4543 "binance.com" "Mozilla/5.0 (Windows NT 10.0; Win64; x64) AppleWebKit/537.36 (KHTML, like Gecko) Chrome/90.0.4430.85 Safari/537.36"
207.180.204.56 - - [03/Apr/2026:19:18:39 +0000] "GET /wp-admin/css/colors/blue/ HTTP/1.1" 200 1953 "binance.com" "Mozilla/5.0 (Windows NT 10.0; Win64; x64) AppleWebKit/537.36 (KHTML, like Gecko) Chrome/90.0.4430.85 Safari/537.36"
185.191.171.5 - - [03/Apr/2026:19:18:41 +0000] "GET /intraneous339176.html HTTP/1.1" 404 - "-" "Mozilla/5.0 (compatible; SemrushBot/7~bl; +http://www.semrush.com/bot.html)"
207.180.204.56 - - [03/Apr/2026:19:18:46 +0000] "GET /wp-admin/css/colors/blue/ HTTP/1.1" 200 1953 "binance.com" "Mozilla/5.0 (Windows NT 10.0; Win64; x64) AppleWebKit/537.36 (KHTML, like Gecko) Chrome/90.0.4430.85 Safari/537.36"
207.180.204.56 - - [03/Apr/2026:19:18:53 +0000] "GET /wp-admin/css/colors/blue/adminer.php HTTP/1.1" 200 4543 "binance.com" "Mozilla/5.0 (Windows NT 10.0; Win64; x64) AppleWebKit/537.36 (KHTML, like Gecko) Chrome/90.0.4430.85 Safari/537.36"
46.228.199.158 - - [03/Apr/2026:19:18:54 +0000] "GET / HTTP/1.1" 302 - "-" "Mozilla/5.0 (Windows NT 10.0; Win64; x64) AppleWebKit/537.36 (KHTML, like Gecko) Chrome/91.0.4472.114 Safari/537.36 Edg/91.0.864.54"
46.228.199.158 - - [03/Apr/2026:19:18:54 +0000] "GET /wp-admin/install.php HTTP/1.1" 500 2647 "-" "Mozilla/5.0 (Windows NT 10.0; Win64; x64) AppleWebKit/537.36 (KHTML, like Gecko) Chrome/91.0.4472.114 Safari/537.36 Edg/91.0.864.54"
207.180.204.56 - - [03/Apr/2026:19:19:00 +0000] "GET /wp-admin/css/colors/coffee/ HTTP/1.1" 200 1957 "binance.com" "Mozilla/5.0 (Windows NT 10.0; Win64; x64) AppleWebKit/537.36 (KHTML, like Gecko) Chrome/90.0.4430.85 Safari/537.36"
207.180.204.56 - - [03/Apr/2026:19:19:06 +0000] "GET /wp-admin/css/colors/coffee/ HTTP/1.1" 200 1957 "binance.com" "Mozilla/5.0 (Windows NT 10.0; Win64; x64) AppleWebKit/537.36 (KHTML, like Gecko) Chrome/90.0.4430.85 Safari/537.36"
185.191.171.17 - - [03/Apr/2026:19:19:09 +0000] "GET /canna1669296.html HTTP/1.1" 404 - "-" "Mozilla/5.0 (compatible; SemrushBot/7~bl; +http://www.semrush.com/bot.html)"
207.180.204.56 - - [03/Apr/2026:19:19:13 +0000] "GET /wp-admin/css/colors/coffee/adminer.php HTTP/1.1" 200 4544 "binance.com" "Mozilla/5.0 (Windows NT 10.0; Win64; x64) AppleWebKit/537.36 (KHTML, like Gecko) Chrome/90.0.4430.85 Safari/537.36"
207.180.204.56 - - [03/Apr/2026:19:19:23 +0000] "GET /wp-admin/css/colors/ectoplasm/ HTTP/1.1" 200 1963 "binance.com" "Mozilla/5.0 (Windows NT 10.0; Win64; x64) AppleWebKit/537.36 (KHTML, like Gecko) Chrome/90.0.4430.85 Safari/537.36"
207.180.204.56 - - [03/Apr/2026:19:19:35 +0000] "GET /wp-admin/css/colors/ectoplasm/ HTTP/1.1" 200 1963 "binance.com" "Mozilla/5.0 (Windows NT 10.0; Win64; x64) AppleWebKit/537.36 (KHTML, like Gecko) Chrome/90.0.4430.85 Safari/537.36"
85.208.96.198 - - [03/Apr/2026:19:19:35 +0000] "GET /Jared371585.html HTTP/1.1" 404 - "-" "Mozilla/5.0 (compatible; SemrushBot/7~bl; +http://www.semrush.com/bot.html)"
207.180.204.56 - - [03/Apr/2026:19:19:39 +0000] "GET /wp-admin/css/colors/ectoplasm/adminer.php HTTP/1.1" 200 4543 "binance.com" "Mozilla/5.0 (Windows NT 10.0; Win64; x64) AppleWebKit/537.36 (KHTML, like Gecko) Chrome/90.0.4430.85 Safari/537.36"
207.180.204.56 - - [03/Apr/2026:19:19:45 +0000] "GET /wp-admin/css/colors/light/ HTTP/1.1" 200 1955 "binance.com" "Mozilla/5.0 (Windows NT 10.0; Win64; x64) AppleWebKit/537.36 (KHTML, like Gecko) Chrome/90.0.4430.85 Safari/537.36"
85.208.96.205 - - [03/Apr/2026:19:19:53 +0000] "GET /malleal710769.html HTTP/1.1" 404 - "-" "Mozilla/5.0 (compatible; SemrushBot/7~bl; +http://www.semrush.com/bot.html)"
207.180.204.56 - - [03/Apr/2026:19:19:54 +0000] "GET /wp-admin/css/colors/light/ HTTP/1.1" 200 1955 "binance.com" "Mozilla/5.0 (Windows NT 10.0; Win64; x64) AppleWebKit/537.36 (KHTML, like Gecko) Chrome/90.0.4430.85 Safari/537.36"
207.180.204.56 - - [03/Apr/2026:19:20:02 +0000] "GET /wp-admin/css/colors/light/adminer.php HTTP/1.1" 200 4542 "binance.com" "Mozilla/5.0 (Windows NT 10.0; Win64; x64) AppleWebKit/537.36 (KHTML, like Gecko) Chrome/90.0.4430.85 Safari/537.36"
185.191.171.14 - - [03/Apr/2026:19:20:06 +0000] "GET /loin1708868.html HTTP/1.1" 404 - "-" "Mozilla/5.0 (compatible; SemrushBot/7~bl; +http://www.semrush.com/bot.html)"
207.180.204.56 - - [03/Apr/2026:19:20:11 +0000] "GET /wp-admin/css/colors/midnight/ HTTP/1.1" 200 1961 "binance.com" "Mozilla/5.0 (Windows NT 10.0; Win64; x64) AppleWebKit/537.36 (KHTML, like Gecko) Chrome/90.0.4430.85 Safari/537.36"
207.180.204.56 - - [03/Apr/2026:19:20:19 +0000] "GET /wp-admin/css/colors/midnight/ HTTP/1.1" 200 1961 "binance.com" "Mozilla/5.0 (Windows NT 10.0; Win64; x64) AppleWebKit/537.36 (KHTML, like Gecko) Chrome/90.0.4430.85 Safari/537.36"
207.180.204.56 - - [03/Apr/2026:19:20:25 +0000] "GET /wp-admin/css/colors/midnight/adminer.php HTTP/1.1" 200 4543 "binance.com" "Mozilla/5.0 (Windows NT 10.0; Win64; x64) AppleWebKit/537.36 (KHTML, like Gecko) Chrome/90.0.4430.85 Safari/537.36"
85.208.96.199 - - [03/Apr/2026:19:20:32 +0000] "GET /Geophila1783401.html HTTP/1.1" 404 - "-" "Mozilla/5.0 (compatible; SemrushBot/7~bl; +http://www.semrush.com/bot.html)"
207.180.204.56 - - [03/Apr/2026:19:20:33 +0000] "GET /wp-admin/css/colors/modern/ HTTP/1.1" 200 1957 "binance.com" "Mozilla/5.0 (Windows NT 10.0; Win64; x64) AppleWebKit/537.36 (KHTML, like Gecko) Chrome/90.0.4430.85 Safari/537.36"
207.180.204.56 - - [03/Apr/2026:19:20:42 +0000] "GET /wp-admin/css/colors/modern/ HTTP/1.1" 200 1957 "binance.com" "Mozilla/5.0 (Windows NT 10.0; Win64; x64) AppleWebKit/537.36 (KHTML, like Gecko) Chrome/90.0.4430.85 Safari/537.36"
207.180.204.56 - - [03/Apr/2026:19:20:45 +0000] "GET /wp-admin/css/colors/modern/adminer.php HTTP/1.1" 200 4543 "binance.com" "Mozilla/5.0 (Windows NT 10.0; Win64; x64) AppleWebKit/537.36 (KHTML, like Gecko) Chrome/90.0.4430.85 Safari/537.36"
