207.180.204.56 - - [03/Apr/2026:19:20:48 +0000] "GET /wp-admin/css/colors/ocean/ HTTP/1.1" 200 1955 "binance.com" "Mozilla/5.0 (Windows NT 10.0; Win64; x64) AppleWebKit/537.36 (KHTML, like Gecko) Chrome/90.0.4430.85 Safari/537.36"
185.191.171.6 - - [03/Apr/2026:19:20:49 +0000] "GET /leucemia1492488.html HTTP/1.1" 404 - "-" "Mozilla/5.0 (compatible; SemrushBot/7~bl; +http://www.semrush.com/bot.html)"
37.139.53.5 - - [03/Apr/2026:19:20:52 +0000] "GET /what-is-generative-ai/ HTTP/1.0" 404 - "http://hpierson.com/what-is-generative-ai/" "Mozilla/5.0 (Windows NT 10.0; Win64; x64) AppleWebKit/537.36 (KHTML, like Gecko) Chrome/129.0.0.0 Safari/537.36"
37.139.53.5 - - [03/Apr/2026:19:20:52 +0000] "GET / HTTP/1.0" 302 - "http://hpierson.com/" "Mozilla/5.0 (Windows NT 10.0; Win64; x64) AppleWebKit/537.36 (KHTML, like Gecko) Chrome/129.0.0.0 Safari/537.36"
37.139.53.5 - - [03/Apr/2026:19:20:53 +0000] "GET /wp-admin/install.php HTTP/1.0" 500 2647 "http://hpierson.com/wp-admin/install.php" "Mozilla/5.0 (Windows NT 10.0; Win64; x64) AppleWebKit/537.36 (KHTML, like Gecko) Chrome/129.0.0.0 Safari/537.36"
207.180.204.56 - - [03/Apr/2026:19:20:55 +0000] "GET /wp-admin/css/colors/ocean/ HTTP/1.1" 200 1955 "binance.com" "Mozilla/5.0 (Windows NT 10.0; Win64; x64) AppleWebKit/537.36 (KHTML, like Gecko) Chrome/90.0.4430.85 Safari/537.36"
35.153.86.200 - - [03/Apr/2026:19:20:56 +0000] "GET /wp-includes/css/dist/format-library/ HTTP/1.1" 200 1793 "-" "Mozilla/5.0 AppleWebKit/537.36 (KHTML, like Gecko; compatible; Amazonbot/0.1; +https://developer.amazon.com/support/amazonbot) Chrome/119.0.6045.214 Safari/537.36"
52.45.92.83 - - [03/Apr/2026:19:20:59 +0000] "GET /wp-includes/js/codemirror/adminer.php HTTP/1.1" 200 4543 "-" "Mozilla/5.0 AppleWebKit/537.36 (KHTML, like Gecko; compatible; Amazonbot/0.1; +https://developer.amazon.com/support/amazonbot) Chrome/119.0.6045.214 Safari/537.36"
207.180.204.56 - - [03/Apr/2026:19:21:00 +0000] "GET /wp-admin/css/colors/ocean/adminer.php HTTP/1.1" 200 4544 "binance.com" "Mozilla/5.0 (Windows NT 10.0; Win64; x64) AppleWebKit/537.36 (KHTML, like Gecko) Chrome/90.0.4430.85 Safari/537.36"
34.236.185.101 - - [03/Apr/2026:19:21:03 +0000] "GET /sat/chai/wp-admin/adminer.php HTTP/1.1" 200 4544 "-" "Mozilla/5.0 AppleWebKit/537.36 (KHTML, like Gecko; compatible; Amazonbot/0.1; +https://developer.amazon.com/support/amazonbot) Chrome/119.0.6045.214 Safari/537.36"
185.191.171.15 - - [03/Apr/2026:19:21:07 +0000] "GET /gobble1511350.html HTTP/1.1" 404 - "-" "Mozilla/5.0 (compatible; SemrushBot/7~bl; +http://www.semrush.com/bot.html)"
207.180.204.56 - - [03/Apr/2026:19:21:07 +0000] "GET /wp-admin/css/colors/sunrise/%20 HTTP/1.1" 404 - "binance.com" "Mozilla/5.0 (Windows NT 10.0; Win64; x64) AppleWebKit/537.36 (KHTML, like Gecko) Chrome/90.0.4430.85 Safari/537.36"
18.209.201.119 - - [03/Apr/2026:19:21:07 +0000] "GET /wp-includes/css/dist/edit-site/ HTTP/1.1" 200 2507 "-" "Mozilla/5.0 AppleWebKit/537.36 (KHTML, like Gecko; compatible; Amazonbot/0.1; +https://developer.amazon.com/support/amazonbot) Chrome/119.0.6045.214 Safari/537.36"
100.29.164.178 - - [03/Apr/2026:19:21:12 +0000] "GET /wp-includes/js/dist/pwnkit HTTP/1.1" 200 11256 "-" "Mozilla/5.0 AppleWebKit/537.36 (KHTML, like Gecko; compatible; Amazonbot/0.1; +https://developer.amazon.com/support/amazonbot) Chrome/119.0.6045.214 Safari/537.36"
54.235.191.179 - - [03/Apr/2026:19:21:15 +0000] "GET /wp-includes/SimplePie/Decode/HTML/ HTTP/1.1" 200 1073 "-" "Mozilla/5.0 AppleWebKit/537.36 (KHTML, like Gecko; compatible; Amazonbot/0.1; +https://developer.amazon.com/support/amazonbot) Chrome/119.0.6045.214 Safari/537.36"
3.217.171.106 - - [03/Apr/2026:19:21:20 +0000] "GET /wp-includes/js/plupload/?C=M;O%3DA HTTP/1.1" 200 2666 "-" "Mozilla/5.0 AppleWebKit/537.36 (KHTML, like Gecko; compatible; Amazonbot/0.1; +https://developer.amazon.com/support/amazonbot) Chrome/119.0.6045.214 Safari/537.36"
18.205.91.101 - - [03/Apr/2026:19:21:23 +0000] "GET /wp-admin/js/widgets/pwnkit HTTP/1.1" 200 11256 "-" "Mozilla/5.0 AppleWebKit/537.36 (KHTML, like Gecko; compatible; Amazonbot/0.1; +https://developer.amazon.com/support/amazonbot) Chrome/119.0.6045.214 Safari/537.36"
23.21.250.48 - - [03/Apr/2026:19:21:28 +0000] "GET /wp-includes/js/codemirror/?C=S;O%3DA HTTP/1.1" 200 2493 "-" "Mozilla/5.0 AppleWebKit/537.36 (KHTML, like Gecko; compatible; Amazonbot/0.1; +https://developer.amazon.com/support/amazonbot) Chrome/119.0.6045.214 Safari/537.36"
85.208.96.195 - - [03/Apr/2026:19:21:30 +0000] "GET /iambic1803518.html HTTP/1.1" 404 - "-" "Mozilla/5.0 (compatible; SemrushBot/7~bl; +http://www.semrush.com/bot.html)"
100.28.57.133 - - [03/Apr/2026:19:21:31 +0000] "GET /wp-includes/js/?C=D;O%3DD HTTP/1.1" 200 21658 "-" "Mozilla/5.0 AppleWebKit/537.36 (KHTML, like Gecko; compatible; Amazonbot/0.1; +https://developer.amazon.com/support/amazonbot) Chrome/119.0.6045.214 Safari/537.36"
34.234.200.207 - - [03/Apr/2026:19:21:35 +0000] "GET /wp-includes/js/tinymce/utils/ HTTP/1.1" 200 1781 "-" "Mozilla/5.0 AppleWebKit/537.36 (KHTML, like Gecko; compatible; Amazonbot/0.1; +https://developer.amazon.com/support/amazonbot) Chrome/119.0.6045.214 Safari/537.36"
52.4.238.8 - - [03/Apr/2026:19:21:40 +0000] "GET /wp-includes/js/dist/?C=M;O%3DA HTTP/1.1" 200 24677 "-" "Mozilla/5.0 AppleWebKit/537.36 (KHTML, like Gecko; compatible; Amazonbot/0.1; +https://developer.amazon.com/support/amazonbot) Chrome/119.0.6045.214 Safari/537.36"
52.204.89.12 - - [03/Apr/2026:19:21:44 +0000] "GET /wp-includes/interactivity-api/?C=S;O%3DA HTTP/1.1" 200 1307 "-" "Mozilla/5.0 AppleWebKit/537.36 (KHTML, like Gecko; compatible; Amazonbot/0.1; +https://developer.amazon.com/support/amazonbot) Chrome/119.0.6045.214 Safari/537.36"
54.90.8.255 - - [03/Apr/2026:19:21:47 +0000] "GET /wp-includes/js/mediaelement/?C=N;O%3DD HTTP/1.1" 200 4665 "-" "Mozilla/5.0 AppleWebKit/537.36 (KHTML, like Gecko; compatible; Amazonbot/0.1; +https://developer.amazon.com/support/amazonbot) Chrome/119.0.6045.214 Safari/537.36"
3.93.253.174 - - [03/Apr/2026:19:21:52 +0000] "GET /wp-admin/js/?C=N;O%3DA HTTP/1.1" 200 19071 "-" "Mozilla/5.0 AppleWebKit/537.36 (KHTML, like Gecko; compatible; Amazonbot/0.1; +https://developer.amazon.com/support/amazonbot) Chrome/119.0.6045.214 Safari/537.36"
207.180.204.56 - - [03/Apr/2026:19:21:52 +0000] "GET /wp-admin/images/ HTTP/1.1" 200 15480 "binance.com" "Mozilla/5.0 (Windows NT 10.0; Win64; x64) AppleWebKit/537.36 (KHTML, like Gecko) Chrome/90.0.4430.85 Safari/537.36"
23.21.225.190 - - [03/Apr/2026:19:21:56 +0000] "GET /wp-includes/js/imgareaselect/?C=M;O%3DA HTTP/1.1" 200 1993 "-" "Mozilla/5.0 AppleWebKit/537.36 (KHTML, like Gecko; compatible; Amazonbot/0.1; +https://developer.amazon.com/support/amazonbot) Chrome/119.0.6045.214 Safari/537.36"
207.180.204.56 - - [03/Apr/2026:19:21:57 +0000] "GET /wp-admin/images/ HTTP/1.1" 200 15480 "binance.com" "Mozilla/5.0 (Windows NT 10.0; Win64; x64) AppleWebKit/537.36 (KHTML, like Gecko) Chrome/90.0.4430.85 Safari/537.36"
100.29.128.75 - - [03/Apr/2026:19:22:00 +0000] "GET /sat/restore/?C=N;O%3DA HTTP/1.1" 200 1004 "-" "Mozilla/5.0 AppleWebKit/537.36 (KHTML, like Gecko; compatible; Amazonbot/0.1; +https://developer.amazon.com/support/amazonbot) Chrome/119.0.6045.214 Safari/537.36"
207.180.204.56 - - [03/Apr/2026:19:22:04 +0000] "GET /wp-admin/images/adminer.php HTTP/1.1" 200 4544 "binance.com" "Mozilla/5.0 (Windows NT 10.0; Win64; x64) AppleWebKit/537.36 (KHTML, like Gecko) Chrome/90.0.4430.85 Safari/537.36"
207.180.204.56 - - [03/Apr/2026:19:22:13 +0000] "GET /wp-admin/js/ HTTP/1.1" 200 19071 "binance.com" "Mozilla/5.0 (Windows NT 10.0; Win64; x64) AppleWebKit/537.36 (KHTML, like Gecko) Chrome/90.0.4430.85 Safari/537.36"
207.180.204.56 - - [03/Apr/2026:19:22:19 +0000] "GET /wp-admin/js/ HTTP/1.1" 200 19071 "binance.com" "Mozilla/5.0 (Windows NT 10.0; Win64; x64) AppleWebKit/537.36 (KHTML, like Gecko) Chrome/90.0.4430.85 Safari/537.36"
207.180.204.56 - - [03/Apr/2026:19:22:26 +0000] "GET /wp-admin/js/adminer.php HTTP/1.1" 200 4543 "binance.com" "Mozilla/5.0 (Windows NT 10.0; Win64; x64) AppleWebKit/537.36 (KHTML, like Gecko) Chrome/90.0.4430.85 Safari/537.36"
207.180.204.56 - - [03/Apr/2026:19:22:34 +0000] "GET /wp-admin/js/widgets/ HTTP/1.1" 200 3701 "binance.com" "Mozilla/5.0 (Windows NT 10.0; Win64; x64) AppleWebKit/537.36 (KHTML, like Gecko) Chrome/90.0.4430.85 Safari/537.36"
207.180.204.56 - - [03/Apr/2026:19:22:41 +0000] "GET /wp-admin/js/widgets/ HTTP/1.1" 200 3701 "binance.com" "Mozilla/5.0 (Windows NT 10.0; Win64; x64) AppleWebKit/537.36 (KHTML, like Gecko) Chrome/90.0.4430.85 Safari/537.36"
207.180.204.56 - - [03/Apr/2026:19:22:46 +0000] "GET /wp-admin/js/widgets/adminer.php HTTP/1.1" 200 4544 "binance.com" "Mozilla/5.0 (Windows NT 10.0; Win64; x64) AppleWebKit/537.36 (KHTML, like Gecko) Chrome/90.0.4430.85 Safari/537.36"
207.180.204.56 - - [03/Apr/2026:19:22:55 +0000] "GET /wp-includes/ HTTP/1.1" 200 53557 "binance.com" "Mozilla/5.0 (Windows NT 10.0; Win64; x64) AppleWebKit/537.36 (KHTML, like Gecko) Chrome/90.0.4430.85 Safari/537.36"
207.180.204.56 - - [03/Apr/2026:19:23:01 +0000] "GET /wp-includes/ HTTP/1.1" 200 53557 "binance.com" "Mozilla/5.0 (Windows NT 10.0; Win64; x64) AppleWebKit/537.36 (KHTML, like Gecko) Chrome/90.0.4430.85 Safari/537.36"
207.180.204.56 - - [03/Apr/2026:19:23:37 +0000] "GET /wp-includes/abilities-api.php HTTP/1.1" 200 - "binance.com" "Mozilla/5.0 (Windows NT 10.0; Win64; x64) AppleWebKit/537.36 (KHTML, like Gecko) Chrome/90.0.4430.85 Safari/537.36"
207.180.204.56 - - [03/Apr/2026:19:23:43 +0000] "GET /wp-includes/abilities.php HTTP/1.1" 200 - "binance.com" "Mozilla/5.0 (Windows NT 10.0; Win64; x64) AppleWebKit/537.36 (KHTML, like Gecko) Chrome/90.0.4430.85 Safari/537.36"
207.180.204.56 - - [03/Apr/2026:19:23:50 +0000] "GET /wp-includes/adminer.php HTTP/1.1" 200 4544 "binance.com" "Mozilla/5.0 (Windows NT 10.0; Win64; x64) AppleWebKit/537.36 (KHTML, like Gecko) Chrome/90.0.4430.85 Safari/537.36"
207.180.204.56 - - [03/Apr/2026:19:23:58 +0000] "GET /wp-includes/block-bindings.php HTTP/1.1" 200 - "binance.com" "Mozilla/5.0 (Windows NT 10.0; Win64; x64) AppleWebKit/537.36 (KHTML, like Gecko) Chrome/90.0.4430.85 Safari/537.36"
85.208.96.212 - - [03/Apr/2026:19:23:59 +0000] "GET /Listeria578697.html HTTP/1.1" 404 - "-" "Mozilla/5.0 (compatible; SemrushBot/7~bl; +http://www.semrush.com/bot.html)"
207.180.204.56 - - [03/Apr/2026:19:24:11 +0000] "GET /wp-includes/block-editor.php HTTP/1.1" 200 - "binance.com" "Mozilla/5.0 (Windows NT 10.0; Win64; x64) AppleWebKit/537.36 (KHTML, like Gecko) Chrome/90.0.4430.85 Safari/537.36"
207.180.204.56 - - [03/Apr/2026:19:24:14 +0000] "GET /wp-includes/block-template-utils.php HTTP/1.1" 200 - "binance.com" "Mozilla/5.0 (Windows NT 10.0; Win64; x64) AppleWebKit/537.36 (KHTML, like Gecko) Chrome/90.0.4430.85 Safari/537.36"
207.180.204.56 - - [03/Apr/2026:19:24:15 +0000] "GET /wp-includes/block-template.php HTTP/1.1" 200 - "binance.com" "Mozilla/5.0 (Windows NT 10.0; Win64; x64) AppleWebKit/537.36 (KHTML, like Gecko) Chrome/90.0.4430.85 Safari/537.36"
44.208.161.236 - - [03/Apr/2026:19:24:15 +0000] "GET / HTTP/1.1" 302 - "-" "axios/1.13.5"
44.208.161.236 - - [03/Apr/2026:19:24:16 +0000] "GET /wp-admin/install.php HTTP/1.1" 500 521 "-" "axios/1.13.5"
85.208.96.212 - - [03/Apr/2026:19:24:16 +0000] "GET /paraenesis1015364.html HTTP/1.1" 404 - "-" "Mozilla/5.0 (compatible; SemrushBot/7~bl; +http://www.semrush.com/bot.html)"
207.180.204.56 - - [03/Apr/2026:19:24:18 +0000] "GET /wp-includes/class-avif-info.php HTTP/1.1" 200 - "binance.com" "Mozilla/5.0 (Windows NT 10.0; Win64; x64) AppleWebKit/537.36 (KHTML, like Gecko) Chrome/90.0.4430.85 Safari/537.36"
207.180.204.56 - - [03/Apr/2026:19:24:25 +0000] "GET /wp-includes/class-wp-block-bindings-registry.php HTTP/1.1" 200 - "binance.com" "Mozilla/5.0 (Windows NT 10.0; Win64; x64) AppleWebKit/537.36 (KHTML, like Gecko) Chrome/90.0.4430.85 Safari/537.36"
207.180.204.56 - - [03/Apr/2026:19:24:31 +0000] "GET /wp-includes/class-wp-block-bindings-source.php HTTP/1.1" 200 - "binance.com" "Mozilla/5.0 (Windows NT 10.0; Win64; x64) AppleWebKit/537.36 (KHTML, like Gecko) Chrome/90.0.4430.85 Safari/537.36"
207.180.204.56 - - [03/Apr/2026:19:24:39 +0000] "GET /wp-includes/class-wp-block-editor-context.php HTTP/1.1" 200 - "binance.com" "Mozilla/5.0 (Windows NT 10.0; Win64; x64) AppleWebKit/537.36 (KHTML, like Gecko) Chrome/90.0.4430.85 Safari/537.36"
207.180.204.56 - - [03/Apr/2026:19:24:45 +0000] "GET /wp-includes/class-wp-block-metadata-registry.php HTTP/1.1" 200 - "binance.com" "Mozilla/5.0 (Windows NT 10.0; Win64; x64) AppleWebKit/537.36 (KHTML, like Gecko) Chrome/90.0.4430.85 Safari/537.36"
207.180.204.56 - - [03/Apr/2026:19:24:53 +0000] "GET /wp-includes/class-wp-block-parser-block.php HTTP/1.1" 200 - "binance.com" "Mozilla/5.0 (Windows NT 10.0; Win64; x64) AppleWebKit/537.36 (KHTML, like Gecko) Chrome/90.0.4430.85 Safari/537.36"
52.167.144.222 - - [03/Apr/2026:19:24:57 +0000] "GET /shop/order/make_estimate HTTP/1.1" 404 - "-" "Mozilla/5.0 AppleWebKit/537.36 (KHTML, like Gecko; compatible; bingbot/2.0; +http://www.bing.com/bingbot.htm) Chrome/116.0.1938.76 Safari/537.36"
207.180.204.56 - - [03/Apr/2026:19:25:00 +0000] "GET /wp-includes/class-wp-block-parser-frame.php HTTP/1.1" 200 - "binance.com" "Mozilla/5.0 (Windows NT 10.0; Win64; x64) AppleWebKit/537.36 (KHTML, like Gecko) Chrome/90.0.4430.85 Safari/537.36"
207.180.204.56 - - [03/Apr/2026:19:25:06 +0000] "GET /wp-includes/class-wp-block-processor.php HTTP/1.1" 200 - "binance.com" "Mozilla/5.0 (Windows NT 10.0; Win64; x64) AppleWebKit/537.36 (KHTML, like Gecko) Chrome/90.0.4430.85 Safari/537.36"
85.208.96.212 - - [03/Apr/2026:19:25:08 +0000] "GET /narratable864166.html HTTP/1.1" 404 - "-" "Mozilla/5.0 (compatible; SemrushBot/7~bl; +http://www.semrush.com/bot.html)"
207.180.204.56 - - [03/Apr/2026:19:25:12 +0000] "GET /wp-includes/class-wp-block-template.php HTTP/1.1" 200 - "binance.com" "Mozilla/5.0 (Windows NT 10.0; Win64; x64) AppleWebKit/537.36 (KHTML, like Gecko) Chrome/90.0.4430.85 Safari/537.36"
85.208.96.207 - - [03/Apr/2026:19:25:15 +0000] "GET /Ganga796186.html HTTP/1.1" 404 - "-" "Mozilla/5.0 (compatible; SemrushBot/7~bl; +http://www.semrush.com/bot.html)"
207.180.204.56 - - [03/Apr/2026:19:25:18 +0000] "GET /wp-includes/class-wp-block-templates-registry.php HTTP/1.1" 200 - "binance.com" "Mozilla/5.0 (Windows NT 10.0; Win64; x64) AppleWebKit/537.36 (KHTML, like Gecko) Chrome/90.0.4430.85 Safari/537.36"
207.180.204.56 - - [03/Apr/2026:19:25:25 +0000] "GET /wp-includes/class-wp-classic-to-block-menu-converter.php HTTP/1.1" 200 - "binance.com" "Mozilla/5.0 (Windows NT 10.0; Win64; x64) AppleWebKit/537.36 (KHTML, like Gecko) Chrome/90.0.4430.85 Safari/537.36"
207.180.204.56 - - [03/Apr/2026:19:25:31 +0000] "GET /wp-includes/class-wp-dependencies.php HTTP/1.1" 200 - "binance.com" "Mozilla/5.0 (Windows NT 10.0; Win64; x64) AppleWebKit/537.36 (KHTML, like Gecko) Chrome/90.0.4430.85 Safari/537.36"
207.180.204.56 - - [03/Apr/2026:19:25:38 +0000] "GET /wp-includes/class-wp-duotone.php HTTP/1.1" 200 - "binance.com" "Mozilla/5.0 (Windows NT 10.0; Win64; x64) AppleWebKit/537.36 (KHTML, like Gecko) Chrome/90.0.4430.85 Safari/537.36"
85.208.96.198 - - [03/Apr/2026:19:25:42 +0000] "GET /Ganga764586.html HTTP/1.1" 404 - "-" "Mozilla/5.0 (compatible; SemrushBot/7~bl; +http://www.semrush.com/bot.html)"
207.180.204.56 - - [03/Apr/2026:19:25:45 +0000] "GET /wp-includes/class-wp-exception.php HTTP/1.1" 200 - "binance.com" "Mozilla/5.0 (Windows NT 10.0; Win64; x64) AppleWebKit/537.36 (KHTML, like Gecko) Chrome/90.0.4430.85 Safari/537.36"
207.180.204.56 - - [03/Apr/2026:19:25:51 +0000] "GET /wp-includes/class-wp-http.php HTTP/1.1" 200 2 "binance.com" "Mozilla/5.0 (Windows NT 10.0; Win64; x64) AppleWebKit/537.36 (KHTML, like Gecko) Chrome/90.0.4430.85 Safari/537.36"
207.180.204.56 - - [03/Apr/2026:19:25:57 +0000] "GET /wp-includes/class-wp-navigation-fallback.php HTTP/1.1" 200 - "binance.com" "Mozilla/5.0 (Windows NT 10.0; Win64; x64) AppleWebKit/537.36 (KHTML, like Gecko) Chrome/90.0.4430.85 Safari/537.36"
207.180.204.56 - - [03/Apr/2026:19:26:03 +0000] "GET /wp-includes/class-wp-phpmailer.php HTTP/1.1" 500 - "binance.com" "Mozilla/5.0 (Windows NT 10.0; Win64; x64) AppleWebKit/537.36 (KHTML, like Gecko) Chrome/90.0.4430.85 Safari/537.36"
185.191.171.2 - - [03/Apr/2026:19:26:06 +0000] "GET /mesotympanic571146.html HTTP/1.1" 404 - "-" "Mozilla/5.0 (compatible; SemrushBot/7~bl; +http://www.semrush.com/bot.html)"
207.180.204.56 - - [03/Apr/2026:19:26:09 +0000] "GET /wp-includes/class-wp-plugin-dependencies.php HTTP/1.1" 200 - "binance.com" "Mozilla/5.0 (Windows NT 10.0; Win64; x64) AppleWebKit/537.36 (KHTML, like Gecko) Chrome/90.0.4430.85 Safari/537.36"
207.180.204.56 - - [03/Apr/2026:19:26:15 +0000] "GET /wp-includes/class-wp-script-modules.php HTTP/1.1" 200 - "binance.com" "Mozilla/5.0 (Windows NT 10.0; Win64; x64) AppleWebKit/537.36 (KHTML, like Gecko) Chrome/90.0.4430.85 Safari/537.36"
207.180.204.56 - - [03/Apr/2026:19:26:21 +0000] "GET /wp-includes/class-wp-scripts.php HTTP/1.1" 500 - "binance.com" "Mozilla/5.0 (Windows NT 10.0; Win64; x64) AppleWebKit/537.36 (KHTML, like Gecko) Chrome/90.0.4430.85 Safari/537.36"
207.180.204.56 - - [03/Apr/2026:19:26:27 +0000] "GET /wp-includes/class-wp-speculation-rules.php HTTP/1.1" 200 - "binance.com" "Mozilla/5.0 (Windows NT 10.0; Win64; x64) AppleWebKit/537.36 (KHTML, like Gecko) Chrome/90.0.4430.85 Safari/537.36"
207.180.204.56 - - [03/Apr/2026:19:26:35 +0000] "GET /wp-includes/class-wp-styles.php HTTP/1.1" 500 - "binance.com" "Mozilla/5.0 (Windows NT 10.0; Win64; x64) AppleWebKit/537.36 (KHTML, like Gecko) Chrome/90.0.4430.85 Safari/537.36"
207.180.204.56 - - [03/Apr/2026:19:26:41 +0000] "GET /wp-includes/class-wp-textdomain-registry.php HTTP/1.1" 200 - "binance.com" "Mozilla/5.0 (Windows NT 10.0; Win64; x64) AppleWebKit/537.36 (KHTML, like Gecko) Chrome/90.0.4430.85 Safari/537.36"
207.180.204.56 - - [03/Apr/2026:19:26:47 +0000] "GET /wp-includes/class-wp-theme-json-data.php HTTP/1.1" 200 - "binance.com" "Mozilla/5.0 (Windows NT 10.0; Win64; x64) AppleWebKit/537.36 (KHTML, like Gecko) Chrome/90.0.4430.85 Safari/537.36"
207.180.204.56 - - [03/Apr/2026:19:26:53 +0000] "GET /wp-includes/class-wp-theme-json-resolver.php HTTP/1.1" 200 - "binance.com" "Mozilla/5.0 (Windows NT 10.0; Win64; x64) AppleWebKit/537.36 (KHTML, like Gecko) Chrome/90.0.4430.85 Safari/537.36"
207.180.204.56 - - [03/Apr/2026:19:26:59 +0000] "GET /wp-includes/class-wp-theme-json-schema.php HTTP/1.1" 200 - "binance.com" "Mozilla/5.0 (Windows NT 10.0; Win64; x64) AppleWebKit/537.36 (KHTML, like Gecko) Chrome/90.0.4430.85 Safari/537.36"
207.180.204.56 - - [03/Apr/2026:19:27:05 +0000] "GET /wp-includes/class-wp-theme-json.php HTTP/1.1" 200 - "binance.com" "Mozilla/5.0 (Windows NT 10.0; Win64; x64) AppleWebKit/537.36 (KHTML, like Gecko) Chrome/90.0.4430.85 Safari/537.36"
207.180.204.56 - - [03/Apr/2026:19:27:11 +0000] "GET /wp-includes/class-wp-token-map.php HTTP/1.1" 200 - "binance.com" "Mozilla/5.0 (Windows NT 10.0; Win64; x64) AppleWebKit/537.36 (KHTML, like Gecko) Chrome/90.0.4430.85 Safari/537.36"
207.180.204.56 - - [03/Apr/2026:19:27:18 +0000] "GET /wp-includes/class-wp-url-pattern-prefixer.php HTTP/1.1" 200 - "binance.com" "Mozilla/5.0 (Windows NT 10.0; Win64; x64) AppleWebKit/537.36 (KHTML, like Gecko) Chrome/90.0.4430.85 Safari/537.36"
207.180.204.56 - - [03/Apr/2026:19:27:24 +0000] "GET /wp-includes/class-wpdb.php HTTP/1.1" 200 - "binance.com" "Mozilla/5.0 (Windows NT 10.0; Win64; x64) AppleWebKit/537.36 (KHTML, like Gecko) Chrome/90.0.4430.85 Safari/537.36"
207.180.204.56 - - [03/Apr/2026:19:27:30 +0000] "GET /wp-includes/compat-utf8.php HTTP/1.1" 200 - "binance.com" "Mozilla/5.0 (Windows NT 10.0; Win64; x64) AppleWebKit/537.36 (KHTML, like Gecko) Chrome/90.0.4430.85 Safari/537.36"
207.180.204.56 - - [03/Apr/2026:19:27:36 +0000] "GET /wp-includes/fonts.php HTTP/1.1" 200 - "binance.com" "Mozilla/5.0 (Windows NT 10.0; Win64; x64) AppleWebKit/537.36 (KHTML, like Gecko) Chrome/90.0.4430.85 Safari/537.36"
207.180.204.56 - - [03/Apr/2026:19:27:43 +0000] "GET /wp-includes/global-styles-and-settings.php HTTP/1.1" 200 - "binance.com" "Mozilla/5.0 (Windows NT 10.0; Win64; x64) AppleWebKit/537.36 (KHTML, like Gecko) Chrome/90.0.4430.85 Safari/537.36"
207.180.204.56 - - [03/Apr/2026:19:27:49 +0000] "GET /wp-includes/https-detection.php HTTP/1.1" 200 - "binance.com" "Mozilla/5.0 (Windows NT 10.0; Win64; x64) AppleWebKit/537.36 (KHTML, like Gecko) Chrome/90.0.4430.85 Safari/537.36"
85.208.96.207 - - [03/Apr/2026:19:27:53 +0000] "GET /cruse432270.html HTTP/1.1" 404 - "-" "Mozilla/5.0 (compatible; SemrushBot/7~bl; +http://www.semrush.com/bot.html)"
207.180.204.56 - - [03/Apr/2026:19:27:57 +0000] "GET /wp-includes/https-migration.php HTTP/1.1" 200 - "binance.com" "Mozilla/5.0 (Windows NT 10.0; Win64; x64) AppleWebKit/537.36 (KHTML, like Gecko) Chrome/90.0.4430.85 Safari/537.36"
207.180.204.56 - - [03/Apr/2026:19:28:04 +0000] "GET /wp-includes/robots-template.php HTTP/1.1" 200 - "binance.com" "Mozilla/5.0 (Windows NT 10.0; Win64; x64) AppleWebKit/537.36 (KHTML, like Gecko) Chrome/90.0.4430.85 Safari/537.36"
207.180.204.56 - - [03/Apr/2026:19:28:11 +0000] "GET /wp-includes/script-modules.php HTTP/1.1" 200 - "binance.com" "Mozilla/5.0 (Windows NT 10.0; Win64; x64) AppleWebKit/537.36 (KHTML, like Gecko) Chrome/90.0.4430.85 Safari/537.36"
185.191.171.1 - - [03/Apr/2026:19:28:17 +0000] "GET /paraenesis721164.html HTTP/1.1" 404 - "-" "Mozilla/5.0 (compatible; SemrushBot/7~bl; +http://www.semrush.com/bot.html)"
207.180.204.56 - - [03/Apr/2026:19:28:18 +0000] "GET /wp-includes/speculative-loading.php HTTP/1.1" 200 - "binance.com" "Mozilla/5.0 (Windows NT 10.0; Win64; x64) AppleWebKit/537.36 (KHTML, like Gecko) Chrome/90.0.4430.85 Safari/537.36"
207.180.204.56 - - [03/Apr/2026:19:28:25 +0000] "GET /wp-includes/style-engine.php HTTP/1.1" 200 - "binance.com" "Mozilla/5.0 (Windows NT 10.0; Win64; x64) AppleWebKit/537.36 (KHTML, like Gecko) Chrome/90.0.4430.85 Safari/537.36"
185.191.171.3 - - [03/Apr/2026:19:28:32 +0000] "GET /chouka598992.html HTTP/1.1" 404 - "-" "Mozilla/5.0 (compatible; SemrushBot/7~bl; +http://www.semrush.com/bot.html)"
207.180.204.56 - - [03/Apr/2026:19:28:32 +0000] "GET /wp-includes/template-canvas.php HTTP/1.1" 500 - "binance.com" "Mozilla/5.0 (Windows NT 10.0; Win64; x64) AppleWebKit/537.36 (KHTML, like Gecko) Chrome/90.0.4430.85 Safari/537.36"
85.208.96.200 - - [03/Apr/2026:19:28:37 +0000] "GET /Chaetangium264635.html HTTP/1.1" 404 - "-" "Mozilla/5.0 (compatible; SemrushBot/7~bl; +http://www.semrush.com/bot.html)"
207.180.204.56 - - [03/Apr/2026:19:28:39 +0000] "GET /wp-includes/theme-previews.php HTTP/1.1" 200 - "binance.com" "Mozilla/5.0 (Windows NT 10.0; Win64; x64) AppleWebKit/537.36 (KHTML, like Gecko) Chrome/90.0.4430.85 Safari/537.36"
207.180.204.56 - - [03/Apr/2026:19:28:46 +0000] "GET /wp-includes/theme-templates.php HTTP/1.1" 200 - "binance.com" "Mozilla/5.0 (Windows NT 10.0; Win64; x64) AppleWebKit/537.36 (KHTML, like Gecko) Chrome/90.0.4430.85 Safari/537.36"
207.180.204.56 - - [03/Apr/2026:19:28:52 +0000] "GET /wp-includes/utf8.php HTTP/1.1" 500 - "binance.com" "Mozilla/5.0 (Windows NT 10.0; Win64; x64) AppleWebKit/537.36 (KHTML, like Gecko) Chrome/90.0.4430.85 Safari/537.36"
207.180.204.56 - - [03/Apr/2026:19:28:58 +0000] "GET /wp-includes/ID3/ HTTP/1.1" 200 4430 "binance.com" "Mozilla/5.0 (Windows NT 10.0; Win64; x64) AppleWebKit/537.36 (KHTML, like Gecko) Chrome/90.0.4430.85 Safari/537.36"
207.180.204.56 - - [03/Apr/2026:19:29:04 +0000] "GET /wp-includes/ID3/ HTTP/1.1" 200 4430 "binance.com" "Mozilla/5.0 (Windows NT 10.0; Win64; x64) AppleWebKit/537.36 (KHTML, like Gecko) Chrome/90.0.4430.85 Safari/537.36"
207.180.204.56 - - [03/Apr/2026:19:29:12 +0000] "GET /wp-includes/ID3/adminer.php HTTP/1.1" 200 4544 "binance.com" "Mozilla/5.0 (Windows NT 10.0; Win64; x64) AppleWebKit/537.36 (KHTML, like Gecko) Chrome/90.0.4430.85 Safari/537.36"
207.180.204.56 - - [03/Apr/2026:19:29:19 +0000] "GET /wp-includes/IXR/ HTTP/1.1" 200 2926 "binance.com" "Mozilla/5.0 (Windows NT 10.0; Win64; x64) AppleWebKit/537.36 (KHTML, like Gecko) Chrome/90.0.4430.85 Safari/537.36"
185.191.171.9 - - [03/Apr/2026:19:29:20 +0000] "GET /antilactase1568227.html HTTP/1.1" 404 - "-" "Mozilla/5.0 (compatible; SemrushBot/7~bl; +http://www.semrush.com/bot.html)"
207.180.204.56 - - [03/Apr/2026:19:29:28 +0000] "GET /wp-includes/IXR/ HTTP/1.1" 200 2926 "binance.com" "Mozilla/5.0 (Windows NT 10.0; Win64; x64) AppleWebKit/537.36 (KHTML, like Gecko) Chrome/90.0.4430.85 Safari/537.36"
185.191.171.8 - - [03/Apr/2026:19:29:28 +0000] "GET /injudiciously1902675.html HTTP/1.1" 404 - "-" "Mozilla/5.0 (compatible; SemrushBot/7~bl; +http://www.semrush.com/bot.html)"
207.180.204.56 - - [03/Apr/2026:19:29:39 +0000] "GET /wp-includes/IXR/adminer.php HTTP/1.1" 200 4544 "binance.com" "Mozilla/5.0 (Windows NT 10.0; Win64; x64) AppleWebKit/537.36 (KHTML, like Gecko) Chrome/90.0.4430.85 Safari/537.36"
207.180.204.56 - - [03/Apr/2026:19:29:43 +0000] "GET /wp-includes/PHPMailer/ HTTP/1.1" 200 2300 "binance.com" "Mozilla/5.0 (Windows NT 10.0; Win64; x64) AppleWebKit/537.36 (KHTML, like Gecko) Chrome/90.0.4430.85 Safari/537.36"
207.180.204.56 - - [03/Apr/2026:19:29:52 +0000] "GET /wp-includes/PHPMailer/ HTTP/1.1" 200 2300 "binance.com" "Mozilla/5.0 (Windows NT 10.0; Win64; x64) AppleWebKit/537.36 (KHTML, like Gecko) Chrome/90.0.4430.85 Safari/537.36"
207.180.204.56 - - [03/Apr/2026:19:30:01 +0000] "GET /wp-includes/PHPMailer/DSNConfigurator.php HTTP/1.1" 200 - "binance.com" "Mozilla/5.0 (Windows NT 10.0; Win64; x64) AppleWebKit/537.36 (KHTML, like Gecko) Chrome/90.0.4430.85 Safari/537.36"
207.180.204.56 - - [03/Apr/2026:19:30:07 +0000] "GET /wp-includes/PHPMailer/OAuth.php HTTP/1.1" 500 - "binance.com" "Mozilla/5.0 (Windows NT 10.0; Win64; x64) AppleWebKit/537.36 (KHTML, like Gecko) Chrome/90.0.4430.85 Safari/537.36"
207.180.204.56 - - [03/Apr/2026:19:30:14 +0000] "GET /wp-includes/PHPMailer/OAuthTokenProvider.php HTTP/1.1" 200 - "binance.com" "Mozilla/5.0 (Windows NT 10.0; Win64; x64) AppleWebKit/537.36 (KHTML, like Gecko) Chrome/90.0.4430.85 Safari/537.36"
207.180.204.56 - - [03/Apr/2026:19:30:21 +0000] "GET /wp-includes/PHPMailer/POP3.php HTTP/1.1" 200 - "binance.com" "Mozilla/5.0 (Windows NT 10.0; Win64; x64) AppleWebKit/537.36 (KHTML, like Gecko) Chrome/90.0.4430.85 Safari/537.36"
85.208.96.205 - - [03/Apr/2026:19:30:23 +0000] "GET /cruse666470.html HTTP/1.1" 404 - "-" "Mozilla/5.0 (compatible; SemrushBot/7~bl; +http://www.semrush.com/bot.html)"
185.191.171.19 - - [03/Apr/2026:19:30:24 +0000] "GET /lily1770814.html HTTP/1.1" 404 - "-" "Mozilla/5.0 (compatible; SemrushBot/7~bl; +http://www.semrush.com/bot.html)"
207.180.204.56 - - [03/Apr/2026:19:30:28 +0000] "GET /wp-includes/PHPMailer/adminer.php HTTP/1.1" 200 4544 "binance.com" "Mozilla/5.0 (Windows NT 10.0; Win64; x64) AppleWebKit/537.36 (KHTML, like Gecko) Chrome/90.0.4430.85 Safari/537.36"
85.208.96.210 - - [03/Apr/2026:19:30:29 +0000] "GET /joinery733821.html HTTP/1.1" 404 - "-" "Mozilla/5.0 (compatible; SemrushBot/7~bl; +http://www.semrush.com/bot.html)"
207.180.204.56 - - [03/Apr/2026:19:30:36 +0000] "GET /wp-includes/Text/ HTTP/1.1" 200 1552 "binance.com" "Mozilla/5.0 (Windows NT 10.0; Win64; x64) AppleWebKit/537.36 (KHTML, like Gecko) Chrome/90.0.4430.85 Safari/537.36"
207.180.204.56 - - [03/Apr/2026:19:30:44 +0000] "GET /wp-includes/Text/ HTTP/1.1" 200 1552 "binance.com" "Mozilla/5.0 (Windows NT 10.0; Win64; x64) AppleWebKit/537.36 (KHTML, like Gecko) Chrome/90.0.4430.85 Safari/537.36"
207.180.204.56 - - [03/Apr/2026:19:30:51 +0000] "GET /wp-includes/Text/adminer.php HTTP/1.1" 200 4543 "binance.com" "Mozilla/5.0 (Windows NT 10.0; Win64; x64) AppleWebKit/537.36 (KHTML, like Gecko) Chrome/90.0.4430.85 Safari/537.36"
207.180.204.56 - - [03/Apr/2026:19:31:00 +0000] "GET /wp-includes/Text/Diff/ HTTP/1.1" 200 1569 "binance.com" "Mozilla/5.0 (Windows NT 10.0; Win64; x64) AppleWebKit/537.36 (KHTML, like Gecko) Chrome/90.0.4430.85 Safari/537.36"
207.180.204.56 - - [03/Apr/2026:19:31:06 +0000] "GET /wp-includes/Text/Diff/ HTTP/1.1" 200 1569 "binance.com" "Mozilla/5.0 (Windows NT 10.0; Win64; x64) AppleWebKit/537.36 (KHTML, like Gecko) Chrome/90.0.4430.85 Safari/537.36"
207.180.204.56 - - [03/Apr/2026:19:31:14 +0000] "GET /wp-includes/Text/Diff/adminer.php HTTP/1.1" 200 4543 "binance.com" "Mozilla/5.0 (Windows NT 10.0; Win64; x64) AppleWebKit/537.36 (KHTML, like Gecko) Chrome/90.0.4430.85 Safari/537.36"
85.208.96.204 - - [03/Apr/2026:19:31:22 +0000] "GET /areotectonics1177099.html HTTP/1.1" 404 - "-" "Mozilla/5.0 (compatible; SemrushBot/7~bl; +http://www.semrush.com/bot.html)"
207.180.204.56 - - [03/Apr/2026:19:31:23 +0000] "GET /wp-includes/Text/Diff/Engine/ HTTP/1.1" 200 1766 "binance.com" "Mozilla/5.0 (Windows NT 10.0; Win64; x64) AppleWebKit/537.36 (KHTML, like Gecko) Chrome/90.0.4430.85 Safari/537.36"
207.180.204.56 - - [03/Apr/2026:19:31:29 +0000] "GET /wp-includes/Text/Diff/Engine/ HTTP/1.1" 200 1766 "binance.com" "Mozilla/5.0 (Windows NT 10.0; Win64; x64) AppleWebKit/537.36 (KHTML, like Gecko) Chrome/90.0.4430.85 Safari/537.36"
85.208.96.211 - - [03/Apr/2026:19:31:30 +0000] "GET /impinge909605.html HTTP/1.1" 404 - "-" "Mozilla/5.0 (compatible; SemrushBot/7~bl; +http://www.semrush.com/bot.html)"
207.180.204.56 - - [03/Apr/2026:19:31:37 +0000] "GET /wp-includes/Text/Diff/Engine/adminer.php HTTP/1.1" 200 4540 "binance.com" "Mozilla/5.0 (Windows NT 10.0; Win64; x64) AppleWebKit/537.36 (KHTML, like Gecko) Chrome/90.0.4430.85 Safari/537.36"
207.180.204.56 - - [03/Apr/2026:19:31:44 +0000] "GET /wp-includes/Text/Diff/Renderer/ HTTP/1.1" 200 1238 "binance.com" "Mozilla/5.0 (Windows NT 10.0; Win64; x64) AppleWebKit/537.36 (KHTML, like Gecko) Chrome/90.0.4430.85 Safari/537.36"
207.180.204.56 - - [03/Apr/2026:19:31:50 +0000] "GET /wp-includes/Text/Diff/Renderer/ HTTP/1.1" 200 1238 "binance.com" "Mozilla/5.0 (Windows NT 10.0; Win64; x64) AppleWebKit/537.36 (KHTML, like Gecko) Chrome/90.0.4430.85 Safari/537.36"
85.208.96.205 - - [03/Apr/2026:19:31:57 +0000] "GET /iambic1809018.html HTTP/1.1" 404 - "-" "Mozilla/5.0 (compatible; SemrushBot/7~bl; +http://www.semrush.com/bot.html)"
207.180.204.56 - - [03/Apr/2026:19:31:57 +0000] "GET /wp-includes/Text/Diff/Renderer/adminer.php HTTP/1.1" 200 4544 "binance.com" "Mozilla/5.0 (Windows NT 10.0; Win64; x64) AppleWebKit/537.36 (KHTML, like Gecko) Chrome/90.0.4430.85 Safari/537.36"
207.180.204.56 - - [03/Apr/2026:19:32:04 +0000] "GET /wp-includes/blocks/ HTTP/1.1" 200 2 "binance.com" "Mozilla/5.0 (Windows NT 10.0; Win64; x64) AppleWebKit/537.36 (KHTML, like Gecko) Chrome/90.0.4430.85 Safari/537.36"
207.180.204.56 - - [03/Apr/2026:19:32:10 +0000] "GET /wp-includes/pomo/ HTTP/1.1" 200 2094 "binance.com" "Mozilla/5.0 (Windows NT 10.0; Win64; x64) AppleWebKit/537.36 (KHTML, like Gecko) Chrome/90.0.4430.85 Safari/537.36"
207.180.204.56 - - [03/Apr/2026:19:32:16 +0000] "GET /wp-includes/pomo/ HTTP/1.1" 200 2094 "binance.com" "Mozilla/5.0 (Windows NT 10.0; Win64; x64) AppleWebKit/537.36 (KHTML, like Gecko) Chrome/90.0.4430.85 Safari/537.36"
207.180.204.56 - - [03/Apr/2026:19:32:23 +0000] "GET /wp-includes/pomo/adminer.php HTTP/1.1" 200 4544 "binance.com" "Mozilla/5.0 (Windows NT 10.0; Win64; x64) AppleWebKit/537.36 (KHTML, like Gecko) Chrome/90.0.4430.85 Safari/537.36"
207.180.204.56 - - [03/Apr/2026:19:32:30 +0000] "GET /wp-includes/sitemaps/ HTTP/1.1" 200 2401 "binance.com" "Mozilla/5.0 (Windows NT 10.0; Win64; x64) AppleWebKit/537.36 (KHTML, like Gecko) Chrome/90.0.4430.85 Safari/537.36"
207.180.204.56 - - [03/Apr/2026:19:32:37 +0000] "GET /wp-includes/sitemaps/ HTTP/1.1" 200 2401 "binance.com" "Mozilla/5.0 (Windows NT 10.0; Win64; x64) AppleWebKit/537.36 (KHTML, like Gecko) Chrome/90.0.4430.85 Safari/537.36"
207.180.204.56 - - [03/Apr/2026:19:32:44 +0000] "GET /wp-includes/sitemaps/adminer.php HTTP/1.1" 200 4544 "binance.com" "Mozilla/5.0 (Windows NT 10.0; Win64; x64) AppleWebKit/537.36 (KHTML, like Gecko) Chrome/90.0.4430.85 Safari/537.36"
207.180.204.56 - - [03/Apr/2026:19:32:54 +0000] "GET /wp-includes/sitemaps/providers/ HTTP/1.1" 200 1658 "binance.com" "Mozilla/5.0 (Windows NT 10.0; Win64; x64) AppleWebKit/537.36 (KHTML, like Gecko) Chrome/90.0.4430.85 Safari/537.36"
102.204.148.70 - - [03/Apr/2026:19:32:59 +0000] "GET http://hpierson.com/wp-content/uploads/wpcf7-submissions/242618/ HTTP/1.1" 200 1292 "-" "Mozilla/5.0 (Macintosh; Intel Mac OS X 10_12_0) AppleWebKit/537.36 (KHTML, like Gecko) Chrome/68.0.3409.631 Safari/537.36"
207.180.204.56 - - [03/Apr/2026:19:33:01 +0000] "GET /wp-includes/sitemaps/providers/ HTTP/1.1" 200 1658 "binance.com" "Mozilla/5.0 (Windows NT 10.0; Win64; x64) AppleWebKit/537.36 (KHTML, like Gecko) Chrome/90.0.4430.85 Safari/537.36"
207.180.204.56 - - [03/Apr/2026:19:33:09 +0000] "GET /wp-includes/sitemaps/providers/adminer.php HTTP/1.1" 200 4543 "binance.com" "Mozilla/5.0 (Windows NT 10.0; Win64; x64) AppleWebKit/537.36 (KHTML, like Gecko) Chrome/90.0.4430.85 Safari/537.36"
207.180.204.56 - - [03/Apr/2026:19:33:17 +0000] "GET /wp-includes/widgets/ HTTP/1.1" 200 5009 "binance.com" "Mozilla/5.0 (Windows NT 10.0; Win64; x64) AppleWebKit/537.36 (KHTML, like Gecko) Chrome/90.0.4430.85 Safari/537.36"
207.180.204.56 - - [03/Apr/2026:19:33:25 +0000] "GET /wp-includes/widgets/ HTTP/1.1" 200 5009 "binance.com" "Mozilla/5.0 (Windows NT 10.0; Win64; x64) AppleWebKit/537.36 (KHTML, like Gecko) Chrome/90.0.4430.85 Safari/537.36"
85.208.96.210 - - [03/Apr/2026:19:33:30 +0000] "GET /dander143852.html HTTP/1.1" 404 - "-" "Mozilla/5.0 (compatible; SemrushBot/7~bl; +http://www.semrush.com/bot.html)"
207.180.204.56 - - [03/Apr/2026:19:33:33 +0000] "GET /wp-includes/widgets/adminer.php HTTP/1.1" 200 4544 "binance.com" "Mozilla/5.0 (Windows NT 10.0; Win64; x64) AppleWebKit/537.36 (KHTML, like Gecko) Chrome/90.0.4430.85 Safari/537.36"
207.180.204.56 - - [03/Apr/2026:19:33:41 +0000] "GET /wp-includes/widgets/class-wp-widget-block.php HTTP/1.1" 500 - "binance.com" "Mozilla/5.0 (Windows NT 10.0; Win64; x64) AppleWebKit/537.36 (KHTML, like Gecko) Chrome/90.0.4430.85 Safari/537.36"
207.180.204.56 - - [03/Apr/2026:19:33:47 +0000] "GET /wp-includes/css/ HTTP/1.1" 200 9123 "binance.com" "Mozilla/5.0 (Windows NT 10.0; Win64; x64) AppleWebKit/537.36 (KHTML, like Gecko) Chrome/90.0.4430.85 Safari/537.36"
207.180.204.56 - - [03/Apr/2026:19:33:53 +0000] "GET /wp-includes/css/ HTTP/1.1" 200 9123 "binance.com" "Mozilla/5.0 (Windows NT 10.0; Win64; x64) AppleWebKit/537.36 (KHTML, like Gecko) Chrome/90.0.4430.85 Safari/537.36"
185.191.171.12 - - [03/Apr/2026:19:33:55 +0000] "GET /interlobate343532.html HTTP/1.1" 404 - "-" "Mozilla/5.0 (compatible; SemrushBot/7~bl; +http://www.semrush.com/bot.html)"
207.180.204.56 - - [03/Apr/2026:19:34:00 +0000] "GET /wp-includes/css/adminer.php HTTP/1.1" 200 4543 "binance.com" "Mozilla/5.0 (Windows NT 10.0; Win64; x64) AppleWebKit/537.36 (KHTML, like Gecko) Chrome/90.0.4430.85 Safari/537.36"
207.180.204.56 - - [03/Apr/2026:19:34:07 +0000] "GET /wp-includes/css/dist/ HTTP/1.1" 200 4453 "binance.com" "Mozilla/5.0 (Windows NT 10.0; Win64; x64) AppleWebKit/537.36 (KHTML, like Gecko) Chrome/90.0.4430.85 Safari/537.36"
207.180.204.56 - - [03/Apr/2026:19:34:14 +0000] "GET /wp-includes/css/dist/ HTTP/1.1" 200 4453 "binance.com" "Mozilla/5.0 (Windows NT 10.0; Win64; x64) AppleWebKit/537.36 (KHTML, like Gecko) Chrome/90.0.4430.85 Safari/537.36"
207.180.204.56 - - [03/Apr/2026:19:34:20 +0000] "GET /wp-includes/css/dist/adminer.php HTTP/1.1" 200 4544 "binance.com" "Mozilla/5.0 (Windows NT 10.0; Win64; x64) AppleWebKit/537.36 (KHTML, like Gecko) Chrome/90.0.4430.85 Safari/537.36"
185.191.171.14 - - [03/Apr/2026:19:34:21 +0000] "GET /Baxterian741790.html HTTP/1.1" 404 - "-" "Mozilla/5.0 (compatible; SemrushBot/7~bl; +http://www.semrush.com/bot.html)"
207.180.204.56 - - [03/Apr/2026:19:34:28 +0000] "GET /wp-includes/fonts/ HTTP/1.1" 200 2910 "binance.com" "Mozilla/5.0 (Windows NT 10.0; Win64; x64) AppleWebKit/537.36 (KHTML, like Gecko) Chrome/90.0.4430.85 Safari/537.36"
185.191.171.18 - - [03/Apr/2026:19:34:29 +0000] "GET /melting309148.html HTTP/1.1" 404 - "-" "Mozilla/5.0 (compatible; SemrushBot/7~bl; +http://www.semrush.com/bot.html)"
207.180.204.56 - - [03/Apr/2026:19:34:34 +0000] "GET /wp-includes/fonts/ HTTP/1.1" 200 2910 "binance.com" "Mozilla/5.0 (Windows NT 10.0; Win64; x64) AppleWebKit/537.36 (KHTML, like Gecko) Chrome/90.0.4430.85 Safari/537.36"
207.180.204.56 - - [03/Apr/2026:19:34:41 +0000] "GET /wp-includes/fonts/adminer.php HTTP/1.1" 200 4543 "binance.com" "Mozilla/5.0 (Windows NT 10.0; Win64; x64) AppleWebKit/537.36 (KHTML, like Gecko) Chrome/90.0.4430.85 Safari/537.36"
207.180.204.56 - - [03/Apr/2026:19:34:49 +0000] "GET /wp-includes/fonts/class-wp-font-collection.php HTTP/1.1" 200 - "binance.com" "Mozilla/5.0 (Windows NT 10.0; Win64; x64) AppleWebKit/537.36 (KHTML, like Gecko) Chrome/90.0.4430.85 Safari/537.36"
207.180.204.56 - - [03/Apr/2026:19:34:55 +0000] "GET /wp-includes/fonts/class-wp-font-face-resolver.php HTTP/1.1" 200 - "binance.com" "Mozilla/5.0 (Windows NT 10.0; Win64; x64) AppleWebKit/537.36 (KHTML, like Gecko) Chrome/90.0.4430.85 Safari/537.36"
207.180.204.56 - - [03/Apr/2026:19:35:01 +0000] "GET /wp-includes/fonts/class-wp-font-face.php HTTP/1.1" 200 - "binance.com" "Mozilla/5.0 (Windows NT 10.0; Win64; x64) AppleWebKit/537.36 (KHTML, like Gecko) Chrome/90.0.4430.85 Safari/537.36"
207.180.204.56 - - [03/Apr/2026:19:35:08 +0000] "GET /wp-includes/fonts/class-wp-font-library.php HTTP/1.1" 200 - "binance.com" "Mozilla/5.0 (Windows NT 10.0; Win64; x64) AppleWebKit/537.36 (KHTML, like Gecko) Chrome/90.0.4430.85 Safari/537.36"
207.180.204.56 - - [03/Apr/2026:19:35:14 +0000] "GET /wp-includes/fonts/class-wp-font-utils.php HTTP/1.1" 200 - "binance.com" "Mozilla/5.0 (Windows NT 10.0; Win64; x64) AppleWebKit/537.36 (KHTML, like Gecko) Chrome/90.0.4430.85 Safari/537.36"
207.180.204.56 - - [03/Apr/2026:19:35:20 +0000] "GET /wp-includes/images/ HTTP/1.1" 200 6328 "binance.com" "Mozilla/5.0 (Windows NT 10.0; Win64; x64) AppleWebKit/537.36 (KHTML, like Gecko) Chrome/90.0.4430.85 Safari/537.36"
207.180.204.56 - - [03/Apr/2026:19:35:27 +0000] "GET /wp-includes/images/ HTTP/1.1" 200 6328 "binance.com" "Mozilla/5.0 (Windows NT 10.0; Win64; x64) AppleWebKit/537.36 (KHTML, like Gecko) Chrome/90.0.4430.85 Safari/537.36"
185.191.171.14 - - [03/Apr/2026:19:35:30 +0000] "GET /discommendable14733.html HTTP/1.1" 404 - "-" "Mozilla/5.0 (compatible; SemrushBot/7~bl; +http://www.semrush.com/bot.html)"
207.180.204.56 - - [03/Apr/2026:19:35:34 +0000] "GET /wp-includes/images/adminer.php HTTP/1.1" 200 4544 "binance.com" "Mozilla/5.0 (Windows NT 10.0; Win64; x64) AppleWebKit/537.36 (KHTML, like Gecko) Chrome/90.0.4430.85 Safari/537.36"
207.180.204.56 - - [03/Apr/2026:19:35:41 +0000] "GET /wp-includes/images/crystal/ HTTP/1.1" 200 2838 "binance.com" "Mozilla/5.0 (Windows NT 10.0; Win64; x64) AppleWebKit/537.36 (KHTML, like Gecko) Chrome/90.0.4430.85 Safari/537.36"
207.180.204.56 - - [03/Apr/2026:19:35:48 +0000] "GET /wp-includes/images/crystal/ HTTP/1.1" 200 2838 "binance.com" "Mozilla/5.0 (Windows NT 10.0; Win64; x64) AppleWebKit/537.36 (KHTML, like Gecko) Chrome/90.0.4430.85 Safari/537.36"
20.9.50.25 - - [03/Apr/2026:19:35:50 +0000] "GET //wp-content/plugins/fix/up.php HTTP/1.1" 404 - "-" "Mozilla/5.0 (Windows NT 10.0; Win64; x64) AppleWebKit/537.36 (KHTML, like Gecko) Chrome/85.0.4183.102 Safari/537.36"
207.180.204.56 - - [03/Apr/2026:19:35:54 +0000] "GET /wp-includes/images/crystal/adminer.php HTTP/1.1" 200 4543 "binance.com" "Mozilla/5.0 (Windows NT 10.0; Win64; x64) AppleWebKit/537.36 (KHTML, like Gecko) Chrome/90.0.4430.85 Safari/537.36"
207.180.204.56 - - [03/Apr/2026:19:36:01 +0000] "GET /wp-includes/images/media/ HTTP/1.1" 200 4265 "binance.com" "Mozilla/5.0 (Windows NT 10.0; Win64; x64) AppleWebKit/537.36 (KHTML, like Gecko) Chrome/90.0.4430.85 Safari/537.36"
207.180.204.56 - - [03/Apr/2026:19:36:07 +0000] "GET /wp-includes/images/media/ HTTP/1.1" 200 4265 "binance.com" "Mozilla/5.0 (Windows NT 10.0; Win64; x64) AppleWebKit/537.36 (KHTML, like Gecko) Chrome/90.0.4430.85 Safari/537.36"
207.180.204.56 - - [03/Apr/2026:19:36:13 +0000] "GET /wp-includes/images/media/adminer.php HTTP/1.1" 200 4543 "binance.com" "Mozilla/5.0 (Windows NT 10.0; Win64; x64) AppleWebKit/537.36 (KHTML, like Gecko) Chrome/90.0.4430.85 Safari/537.36"
185.191.171.12 - - [03/Apr/2026:19:36:14 +0000] "GET /robots.txt HTTP/1.1" 200 1144 "-" "Mozilla/5.0 (compatible; SemrushBot/7~bl; +http://www.semrush.com/bot.html)"
185.191.171.14 - - [03/Apr/2026:19:36:15 +0000] "GET /actual1566223.html HTTP/1.1" 404 - "-" "Mozilla/5.0 (compatible; SemrushBot/7~bl; +http://www.semrush.com/bot.html)"
207.180.204.56 - - [03/Apr/2026:19:36:20 +0000] "GET /wp-includes/images/smilies/ HTTP/1.1" 200 5785 "binance.com" "Mozilla/5.0 (Windows NT 10.0; Win64; x64) AppleWebKit/537.36 (KHTML, like Gecko) Chrome/90.0.4430.85 Safari/537.36"
207.180.204.56 - - [03/Apr/2026:19:36:27 +0000] "GET /wp-includes/images/smilies/ HTTP/1.1" 200 5785 "binance.com" "Mozilla/5.0 (Windows NT 10.0; Win64; x64) AppleWebKit/537.36 (KHTML, like Gecko) Chrome/90.0.4430.85 Safari/537.36"
207.180.204.56 - - [03/Apr/2026:19:36:34 +0000] "GET /wp-includes/images/smilies/adminer.php HTTP/1.1" 200 4544 "binance.com" "Mozilla/5.0 (Windows NT 10.0; Win64; x64) AppleWebKit/537.36 (KHTML, like Gecko) Chrome/90.0.4430.85 Safari/537.36"
185.191.171.18 - - [03/Apr/2026:19:36:52 +0000] "GET /Antaeus787281.html HTTP/1.1" 404 - "-" "Mozilla/5.0 (compatible; SemrushBot/7~bl; +http://www.semrush.com/bot.html)"
185.191.171.4 - - [03/Apr/2026:19:36:53 +0000] "GET /ikey1457522.html HTTP/1.1" 404 - "-" "Mozilla/5.0 (compatible; SemrushBot/7~bl; +http://www.semrush.com/bot.html)"
85.208.96.203 - - [03/Apr/2026:19:37:11 +0000] "GET /Baxterian627490.html HTTP/1.1" 404 - "-" "Mozilla/5.0 (compatible; SemrushBot/7~bl; +http://www.semrush.com/bot.html)"
185.191.171.2 - - [03/Apr/2026:19:37:13 +0000] "GET /bedote98697.html HTTP/1.1" 404 - "-" "Mozilla/5.0 (compatible; SemrushBot/7~bl; +http://www.semrush.com/bot.html)"
101.33.80.42 - - [03/Apr/2026:19:38:03 +0000] "GET / HTTP/1.1" 302 - "-" "Mozilla/5.0 (iPhone; CPU iPhone OS 13_2_3 like Mac OS X) AppleWebKit/605.1.15 (KHTML, like Gecko) Version/13.0.3 Mobile/15E148 Safari/604.1"
101.33.80.42 - - [03/Apr/2026:19:38:04 +0000] "GET /wp-admin/install.php HTTP/1.1" 500 2647 "http://www.dataharborafrica.com" "Mozilla/5.0 (iPhone; CPU iPhone OS 13_2_3 like Mac OS X) AppleWebKit/605.1.15 (KHTML, like Gecko) Version/13.0.3 Mobile/15E148 Safari/604.1"
85.208.96.210 - - [03/Apr/2026:19:38:34 +0000] "GET /chouka440792.html HTTP/1.1" 404 - "-" "Mozilla/5.0 (compatible; SemrushBot/7~bl; +http://www.semrush.com/bot.html)"
185.191.171.17 - - [03/Apr/2026:19:39:46 +0000] "GET /hydrol507210.html HTTP/1.1" 404 - "-" "Mozilla/5.0 (compatible; SemrushBot/7~bl; +http://www.semrush.com/bot.html)"
85.208.96.203 - - [03/Apr/2026:19:40:18 +0000] "GET /gaudless60380.html HTTP/1.1" 404 - "-" "Mozilla/5.0 (compatible; SemrushBot/7~bl; +http://www.semrush.com/bot.html)"
185.191.171.16 - - [03/Apr/2026:19:40:20 +0000] "GET /canna1735696.html HTTP/1.1" 404 - "-" "Mozilla/5.0 (compatible; SemrushBot/7~bl; +http://www.semrush.com/bot.html)"
85.208.96.199 - - [03/Apr/2026:19:40:44 +0000] "GET /Alternaria1826158.html HTTP/1.1" 404 - "-" "Mozilla/5.0 (compatible; SemrushBot/7~bl; +http://www.semrush.com/bot.html)"
185.191.171.7 - - [03/Apr/2026:19:41:15 +0000] "GET /plerosis1780293.html HTTP/1.1" 404 - "-" "Mozilla/5.0 (compatible; SemrushBot/7~bl; +http://www.semrush.com/bot.html)"
85.208.96.203 - - [03/Apr/2026:19:41:26 +0000] "GET /relict1614505.html HTTP/1.1" 404 - "-" "Mozilla/5.0 (compatible; SemrushBot/7~bl; +http://www.semrush.com/bot.html)"
20.9.50.25 - - [03/Apr/2026:19:41:51 +0000] "GET //wp-content/plugins/fix/up.php HTTP/1.1" 404 - "-" "Mozilla/5.0 (Windows NT 10.0; Win64; x64) AppleWebKit/537.36 (KHTML, like Gecko) Chrome/85.0.4183.102 Safari/537.36"
185.191.171.12 - - [03/Apr/2026:19:42:37 +0000] "GET /commerge66893.html HTTP/1.1" 404 - "-" "Mozilla/5.0 (compatible; SemrushBot/7~bl; +http://www.semrush.com/bot.html)"
40.77.167.24 - - [03/Apr/2026:19:42:41 +0000] "GET /shop/storeSearch/KeepCriteria?transition=top HTTP/1.1" 404 - "-" "Mozilla/5.0 AppleWebKit/537.36 (KHTML, like Gecko; compatible; bingbot/2.0; +http://www.bing.com/bingbot.htm) Chrome/116.0.1938.76 Safari/537.36"
185.191.171.1 - - [03/Apr/2026:19:42:45 +0000] "GET /dander640852.html HTTP/1.1" 404 - "-" "Mozilla/5.0 (compatible; SemrushBot/7~bl; +http://www.semrush.com/bot.html)"
43.173.178.188 - - [03/Apr/2026:19:42:53 +0000] "GET /resources/ HTTP/1.1" 200 1388 "-" "Mozilla/5.0 (Windows NT 10.0; Win64; x64) AppleWebKit/537.36 (KHTML, like Gecko) Chrome/103.0.0.0 Safari/537.36"
13.57.178.27 - - [03/Apr/2026:19:43:04 +0000] "GET / HTTP/1.1" 302 - "-" "Mozilla/5.0 (X11; Linux x86_64) AppleWebKit/537.36 (KHTML, like Gecko) Chrome/137.0.0.0 Safari/537.36"
13.57.178.27 - - [03/Apr/2026:19:43:04 +0000] "GET /wp-admin/install.php HTTP/1.1" 500 2647 "-" "Mozilla/5.0 (X11; Linux x86_64) AppleWebKit/537.36 (KHTML, like Gecko) Chrome/137.0.0.0 Safari/537.36"
89.44.87.7 - - [03/Apr/2026:19:43:26 +0000] "HEAD / HTTP/1.1" 302 - "-" "Mozilla/5.0 (Windows NT 10.0; Win64; x64) AppleWebKit/537.36 (KHTML, like Gecko) Chrome/122.0.0.0 Safari/537.36"
89.44.87.7 - - [03/Apr/2026:19:43:26 +0000] "HEAD /wp-admin/install.php HTTP/1.1" 500 - "-" "Mozilla/5.0 (Windows NT 10.0; Win64; x64) AppleWebKit/537.36 (KHTML, like Gecko) Chrome/122.0.0.0 Safari/537.36"
185.191.171.13 - - [03/Apr/2026:19:44:22 +0000] "GET /deplore612763.html HTTP/1.1" 404 - "-" "Mozilla/5.0 (compatible; SemrushBot/7~bl; +http://www.semrush.com/bot.html)"
185.191.171.9 - - [03/Apr/2026:19:44:39 +0000] "GET /malleal439469.html HTTP/1.1" 404 - "-" "Mozilla/5.0 (compatible; SemrushBot/7~bl; +http://www.semrush.com/bot.html)"
85.208.96.211 - - [03/Apr/2026:19:44:45 +0000] "GET /estray615028.html HTTP/1.1" 404 - "-" "Mozilla/5.0 (compatible; SemrushBot/7~bl; +http://www.semrush.com/bot.html)"
185.191.171.4 - - [03/Apr/2026:19:45:40 +0000] "GET /alf413922.html HTTP/1.1" 404 - "-" "Mozilla/5.0 (compatible; SemrushBot/7~bl; +http://www.semrush.com/bot.html)"
85.208.96.209 - - [03/Apr/2026:19:45:49 +0000] "GET /Candace1744052.html HTTP/1.1" 404 - "-" "Mozilla/5.0 (compatible; SemrushBot/7~bl; +http://www.semrush.com/bot.html)"
185.191.171.14 - - [03/Apr/2026:19:45:51 +0000] "GET /Geophila508301.html HTTP/1.1" 404 - "-" "Mozilla/5.0 (compatible; SemrushBot/7~bl; +http://www.semrush.com/bot.html)"
85.208.96.210 - - [03/Apr/2026:19:46:29 +0000] "GET /loin41268.html HTTP/1.1" 404 - "-" "Mozilla/5.0 (compatible; SemrushBot/7~bl; +http://www.semrush.com/bot.html)"
66.249.66.12 - - [03/Apr/2026:19:46:30 +0000] "GET /wp-content/uploads/2023/09/ HTTP/1.1" 200 1054 "-" "Mozilla/5.0 (Linux; Android 6.0.1; Nexus 5X Build/MMB29P) AppleWebKit/537.36 (KHTML, like Gecko) Chrome/146.0.7680.177 Mobile Safari/537.36 (compatible; Googlebot/2.1; +http://www.google.com/bot.html)"
43.174.152.33 - - [03/Apr/2026:19:46:32 +0000] "GET /thelearnzone/?C=M;O=A HTTP/1.1" 200 1178 "-" "Mozilla/5.0 (Windows NT 10.0; Win64; x64) AppleWebKit/537.36 (KHTML, like Gecko) Chrome/142.0.0.0 Safari/537.36"
43.174.152.33 - - [03/Apr/2026:19:46:33 +0000] "GET /favicon.ico HTTP/1.1" 404 - "http://hpierson.com/thelearnzone/?C=M;O=A" "Mozilla/5.0 (Windows NT 10.0; Win64; x64) AppleWebKit/537.36 (KHTML, like Gecko) Chrome/142.0.0.0 Safari/537.36"
185.191.171.15 - - [03/Apr/2026:19:46:35 +0000] "GET /hydrol1548210.html HTTP/1.1" 404 - "-" "Mozilla/5.0 (compatible; SemrushBot/7~bl; +http://www.semrush.com/bot.html)"
185.191.171.9 - - [03/Apr/2026:19:46:38 +0000] "GET /Kome469459.html HTTP/1.1" 404 - "-" "Mozilla/5.0 (compatible; SemrushBot/7~bl; +http://www.semrush.com/bot.html)"
85.208.96.203 - - [03/Apr/2026:19:46:44 +0000] "GET /plerosis684493.html HTTP/1.1" 404 - "-" "Mozilla/5.0 (compatible; SemrushBot/7~bl; +http://www.semrush.com/bot.html)"
43.172.197.72 - - [03/Apr/2026:19:46:51 +0000] "GET /pts/cgi-bin/ HTTP/1.1" 200 1004 "-" "Mozilla/5.0 (Windows NT 10.0; Win64; x64) AppleWebKit/537.36 (KHTML, like Gecko) Chrome/133.0.0.0 Safari/537.36"
152.228.220.143 - - [03/Apr/2026:19:47:32 +0000] "GET /clients/sample-clientele/feed/ HTTP/1.1" 404 - "-" "Mozilla/5.0 (X11; Linux i686) AppleWebKit/537.36 (KHTML, like Gecko) Chrome/30.0.1599.66 Safari/537.36"
185.191.171.13 - - [03/Apr/2026:19:48:22 +0000] "GET /ikey1705722.html HTTP/1.1" 404 - "-" "Mozilla/5.0 (compatible; SemrushBot/7~bl; +http://www.semrush.com/bot.html)"
43.172.194.246 - - [03/Apr/2026:19:48:53 +0000] "GET /wp-includes/load.php HTTP/1.1" 200 - "-" "Mozilla/5.0 (Windows NT 10.0; Win64; x64) AppleWebKit/537.36 (KHTML, like Gecko) Chrome/110.0.0.0 Safari/537.36"
185.191.171.19 - - [03/Apr/2026:19:49:02 +0000] "GET /antianthrax786534.html HTTP/1.1" 404 - "-" "Mozilla/5.0 (compatible; SemrushBot/7~bl; +http://www.semrush.com/bot.html)"
185.191.171.2 - - [03/Apr/2026:19:49:41 +0000] "GET /eria1767972.html HTTP/1.1" 404 - "-" "Mozilla/5.0 (compatible; SemrushBot/7~bl; +http://www.semrush.com/bot.html)"
85.208.96.195 - - [03/Apr/2026:19:50:00 +0000] "GET /ikey156722.html HTTP/1.1" 404 - "-" "Mozilla/5.0 (compatible; SemrushBot/7~bl; +http://www.semrush.com/bot.html)"
185.191.171.1 - - [03/Apr/2026:19:50:51 +0000] "GET /Kome621259.html HTTP/1.1" 404 - "-" "Mozilla/5.0 (compatible; SemrushBot/7~bl; +http://www.semrush.com/bot.html)"
185.191.171.16 - - [03/Apr/2026:19:50:58 +0000] "GET /lily1332014.html HTTP/1.1" 404 - "-" "Mozilla/5.0 (compatible; SemrushBot/7~bl; +http://www.semrush.com/bot.html)"
185.191.171.6 - - [03/Apr/2026:19:51:04 +0000] "GET /Gault552067.html HTTP/1.1" 404 - "-" "Mozilla/5.0 (compatible; SemrushBot/7~bl; +http://www.semrush.com/bot.html)"
